000
CXUS51 KCLE 021729
CLMCAK
CLIMATE REPORT
NATIONAL WEATHER SERVICE CLEVELAND, OH
1229 PM EST TUE JAN 02 2024
...................................
...THE AKRON CANTON OH CLIMATE SUMMARY FOR THE MONTH OF DECEMBER 2023...
CLIMATE NORMAL PERIOD 1991 TO 2020
CLIMATE RECORD PERIOD 1887 TO 2024
WEATHER OBSERVED NORMAL DEPART LAST YEAR`S
VALUE DATE(S) VALUE FROM VALUE
NORMAL
..............................................................
TEMPERATURE (F)
RECORD
HIGH 76 12/03/1982
LOW -16 12/22/1989
HIGHEST 60 12/25
LOWEST 20 12/20
AVG. MAXIMUM 44.9 39.9 5.0 40.4
AVG. MINIMUM 33.4 26.1 7.3 27.3
MEAN 39.2 33.0 6.2 33.8
DAYS MAX >= 90 0 0.0 0.0 0
DAYS MAX <= 32 1 9.4 -8.4 7
DAYS MIN <= 32 14 24.1 -10.1 20
DAYS MIN <= 0 0 0.3 -0.3 2
PRECIPITATION (INCHES)
RECORD
MAXIMUM 6.72 1990
MINIMUM 0.31 1955
TOTALS 2.59 2.89 -0.30 1.89
DAYS >= .01 16 16.0 0.0 16
DAYS >= .10 6 7.2 -1.2 6
DAYS >= .50 2 1.7 0.3 0
DAYS >= 1.00 0 0.3 -0.3 0
GREATEST
24 HR. TOTAL 0.69 12/26 TO 12/27 0.94
SNOWFALL (INCHES)
RECORDS
TOTAL 29.4 1974
TOTALS 2.3 8.9 -6.6 5.4
SINCE 7/1 2.9 12.5 -9.6 8.2
DAYS >= 1.0 1 3.2 -2.2 2
GREATEST
24 HR TOTAL 1.3 12/18 TO 12/18
DEGREE DAYS
HEATING TOTAL 795 992 -197 957
SINCE 7/1 1955 2124 -169 1969
COOLING TOTAL 0 0 0 0
SINCE 1/1 592 869 -277 1081
..............................................................
WIND (MPH)
AVERAGE WIND SPEED 8.5
HIGHEST WIND SPEED/DIRECTION 29/250 DATE 12/03
HIGHEST GUST SPEED/DIRECTION 43/270 DATE 12/03
SKY COVER
AVERAGE SKY COVER 0.79
AVERAGE RH (PERCENT) 77
WEATHER CONDITIONS. NUMBER OF DAYS WITH
THUNDERSTORM 0 MIXED PRECIP 0
HEAVY RAIN 2 RAIN 3
LIGHT RAIN 18 FREEZING RAIN 0
LT FREEZING RAIN 0 HAIL 0
HEAVY SNOW 1 SNOW 1
LIGHT SNOW 8 SLEET 0
FOG 19 FOG W/VIS <= 1/4 MILE 8
HAZE 0
- INDICATES NEGATIVE NUMBERS.
R INDICATES RECORD WAS SET OR TIED.
MM INDICATES DATA IS MISSING.
T INDICATES TRACE AMOUNT.
$$