000
CXUS51 KCAR 010600
CF6CAR
PRELIMINARY LOCAL CLIMATOLOGICAL DATA (WS FORM: F-6)
STATION: CARIBOU ME
MONTH: OCTOBER
YEAR: 2021
LATITUDE: 46 52 N
LONGITUDE: 68 1 W
TEMPERATURE IN F: :PCPN: SNOW: WIND :SUNSHINE: SKY :PK WND
================================================================================
1 2 3 4 5 6A 6B 7 8 9 10 11 12 13 14 15 16 17 18
12Z AVG MX 2MIN
DY MAX MIN AVG DEP HDD CDD WTR SNW DPTH SPD SPD DIR MIN PSBL S-S WX SPD DR
================================================================================
1 50 44 47 -3 18 0 0.02 0.0 0 5.1 12 330 M M 10 1 15 340
2 56 43 50 0 15 0 T 0.0 0 3.4 9 340 M M 9 14 340
3 54 39 47 -3 18 0 0.00 0.0 0 3.8 8 10 M M 8 1 11 320
4 62 34 48 -1 17 0 0.00 0.0 0 3.4 12 10 M M 0 1 14 330
5 68 33 51 2 14 0 0.00 0.0 0 0.5 8 360 M M 0 9 360
6 70 35 53 5 12 0 0.00 0.0 0 3.1 12 330 M M 0 1 17 310
7 72 41 57 9 8 0 0.00 0.0 0 3.9 13 250 M M 0 17 240
8 61 41 51 3 14 0 0.00 0.0 0 4.6 13 60 M M 1 17 20
9 59 34 47 0 18 0 0.00 0.0 0 3.8 10 160 M M 0 14 180
10 57 37 47 0 18 0 0.00 0.0 0 3.2 12 180 M M 2 12 14 180
11 69 46 58 12 7 0 T 0.0 0 1.0 7 230 M M 4 1 8 260
12 73 45 59 13 6 0 0.00 0.0 0 0.9 6 260 M M 4 12 7 300
13 77 52 65 19 0 0 0.02 0.0 0 2.0 8 360 M M 3 12 11 190
14 67 52 60 15 5 0 0.00 0.0 0 6.3 15 10 M M 8 18 10
15 64 52 58 13 7 0 T 0.0 0 4.8 10 160 M M 9 1 14 170
16 62 55 59 15 6 0 0.35 0.0 0 10.9 22 170 M M 10 1 30 160
17 62 47 55 11 10 0 1.30 0.0 0 5.4 21 170 M M 10 1 29 160
18 52 41 47 3 18 0 0.01 0.0 0 5.7 13 300 M M 9 18 310
19 50 41 46 3 19 0 0.04 0.0 0 6.6 15 250 M M 9 21 280
20 53 44 49 6 16 0 T 0.0 0 4.4 12 300 M M 10 16 330
21 58 46 52 9 13 0 0.06 0.0 0 4.7 12 160 M M 9 1 15 160
22 62 47 55 13 10 0 0.06 0.0 0 7.2 16 160 M M 9 1 22 150
23 49 38 44 2 21 0 0.00 0.0 0 5.3 12 330 M M 10 15 330
24 48 35 42 0 23 0 0.00 0.0 0 7.7 21 310 M M 4 28 310
25 48 32 40 -1 25 0 0.00 0.0 0 2.6 8 240 M M 4 11 240
26 59 39 49 8 16 0 0.00 0.0 0 5.7 14 70 M M 4 17 60
27 47 37 42 2 23 0 0.00 0.0 0 10.8 17 40 M M 7 26 30
28 53 37 45 5 20 0 0.00 0.0 0 9.2 16 10 M M 5 20 10
29 56 32 44 4 21 0 0.00 0.0 0 5.8 12 60 M M 0 14 20
30 47 28 38 -1 27 0 0.02 0.0 0 2.6 7 30 M M 6 1 10 90
31 58 42 50 11 15 0 0.60 0.0 0 10.0 21 130 M M 10 1 29 150
================================================================================
SM 1823 1269 460 0 2.48 0.0 154.4 M 174
================================================================================
AV 58.8 40.9 5.0 FASTST M M 6 MAX(MPH)
MISC ----> 22 170 30 160
================================================================================
NOTES:
# LAST OF SEVERAL OCCURRENCES
COLUMN 17 PEAK WIND IN M.P.H.
PRELIMINARY LOCAL CLIMATOLOGICAL DATA (WS FORM: F-6) , PAGE 2
STATION: CARIBOU ME
MONTH: OCTOBER
YEAR: 2021
LATITUDE: 46 52 N
LONGITUDE: 68 1 W
[TEMPERATURE DATA] [PRECIPITATION DATA] SYMBOLS USED IN COLUMN 16
AVERAGE MONTHLY: 49.9 TOTAL FOR MONTH: 2.48 1 = FOG OR MIST
DPTR FM NORMAL: 5.4 DPTR FM NORMAL: -1.51 2 = FOG REDUCING VISIBILITY
HIGHEST: 77 ON 13 GRTST 24HR 1.61 ON 16-17 TO 1/4 MILE OR LESS
LOWEST: 28 ON 30 3 = THUNDER
SNOW, ICE PELLETS, HAIL 4 = ICE PELLETS
TOTAL MONTH: 0.0 INCH 5 = HAIL
GRTST 24HR 0.0 6 = FREEZING RAIN OR DRIZZLE
GRTST DEPTH: 0 7 = DUSTSTORM OR SANDSTORM:
VSBY 1/2 MILE OR LESS
8 = SMOKE OR HAZE
[NO. OF DAYS WITH] [WEATHER - DAYS WITH] 9 = BLOWING SNOW
X = TORNADO
MAX 32 OR BELOW: 0 0.01 INCH OR MORE: 10
MAX 90 OR ABOVE: 0 0.10 INCH OR MORE: 3
MIN 32 OR BELOW: 3 0.50 INCH OR MORE: 2
MIN 0 OR BELOW: 0 1.00 INCH OR MORE: 1
[HDD (BASE 65) ]
TOTAL THIS MO. 460 CLEAR (SCALE 0-3) 9
DPTR FM NORMAL -174 PTCLDY (SCALE 4-7) 10
TOTAL FM JUL 1 760 CLOUDY (SCALE 8-10) 12
DPTR FM NORMAL -256
[CDD (BASE 65) ]
TOTAL THIS MO. 0
DPTR FM NORMAL 0 [PRESSURE DATA]
TOTAL FM JAN 1 351 HIGHEST SLP 30.44 ON 9
DPTR FM NORMAL 127 LOWEST SLP 29.44 ON 31
[REMARKS]
#FINAL-10-21#