000
CXUS51 KCAR 010700
CF6CAR
PRELIMINARY LOCAL CLIMATOLOGICAL DATA (WS FORM: F-6)
STATION: CARIBOU ME
MONTH: JULY
YEAR: 2023
LATITUDE: 46 52 N
LONGITUDE: 68 1 W
TEMPERATURE IN F: :PCPN: SNOW: WIND :SUNSHINE: SKY :PK WND
================================================================================
1 2 3 4 5 6A 6B 7 8 9 10 11 12 13 14 15 16 17 18
12Z AVG MX 2MIN
DY MAX MIN AVG DEP HDD CDD WTR SNW DPTH SPD SPD DIR MIN PSBL S-S WX SPD DR
================================================================================
1 81 65 73 8 0 8 0.00 0.0 0 9.4 18 170 M M 4 26 170
2 74 64 69 3 0 4 0.01 0.0 0 8.7 16 190 M M 8 1 26 190
3 79 62 71 5 0 6 0.00 0.0 0 3.2 12 170 M M 7 1 18 160
4 86 64 75 9 0 10 0.02 0.0 0 3.2 10 130 M M 4 3 15 140
5 87 61 74 8 0 9 T 0.0 0 2.7 12 330 M M 1 13 16 330
6 91 64 78 12 0 13 0.00 0.0 0 3.0 13 170 M M 2 12 17 140
7 90 68 79 13 0 14 0.61 0.0 0 3.3 25 240 M M 3 13 36 250
8 86 68 77 11 0 12 0.06 0.0 0 3.4 15 180 M M 4 1 24 180
9 82 67 75 9 0 10 0.00 0.0 0 6.0 13 150 M M 4 16 150
10 79 67 73 6 0 8 T 0.0 0 5.9 15 150 M M 5 22 120
11 74 62 68 1 0 3 0.46 0.0 0 7.3 14 160 M M 8 1 21 170
12 82 59 71 4 0 6 0.01 0.0 0 3.9 13 190 M M 2 123 20 180
13 82 58 70 3 0 5 0.01 0.0 0 4.6 10 140 M M 5 123 17 170
14 81 67 74 7 0 9 0.46 0.0 0 7.1 14 160 M M 6 13 19 160
15 78 67 73 6 0 8 0.03 0.0 0 7.4 14 150 M M 7 1 22 160
16 74 69 72 5 0 7 0.19 0.0 0 10.1 23 160 M M 10 1 35 170
17 85 69 77 10 0 12 0.42 0.0 0 7.1 14 220 M M 6 1 24 230
18 82 65 74 7 0 9 0.34 0.0 0 5.8 17 160 M M 5 123 24 160
19 81 63 72 5 0 7 1.16 0.0 0 5.2 14 250 M M 5 13 20 250
20 78 57 68 1 0 3 0.00 0.0 0 1.8 8 340 M M 1 14 340
21 80 58 69 2 0 4 T 0.0 0 5.4 15 150 M M 4 3 20 160
22 81 64 73 6 0 8 0.33 0.0 0 5.0 14 160 M M 6 1 21 170
23 78 60 69 2 0 4 0.00 0.0 0 3.2 8 200 M M 7 12 12 170
24 85 60 73 6 0 8 0.00 0.0 0 4.8 12 250 M M 1 17 220
25 82 64 73 6 0 8 0.00 0.0 0 4.5 14 220 M M 2 22 250
26 81 61 71 4 0 6 0.00 0.0 0 5.7 15 240 M M 2 21 240
27 81 62 72 5 0 7 0.02 0.0 0 6.1 20 230 M M 5 31 210
28 85 58 72 5 0 7 0.28 0.0 0 5.7 17 320 M M 4 138 28 320
29 72 56 64 -3 1 0 0.00 0.0 0 5.9 14 310 M M 2 20 320
30 74 55 65 -2 0 0 0.00 0.0 0 7.3 16 340 M M 3 25 340
31 68 50 59 -8 6 0 0.08 0.0 0 3.3 9 360 M M 5 1 14 330
================================================================================
SM 2499 1934 7 215 4.49 0.0 166.0 M 138
================================================================================
AV 80.6 62.4 5.4 FASTST M M 4 MAX(MPH)
MISC ----> 25 240 36 250
================================================================================
NOTES:
# LAST OF SEVERAL OCCURRENCES
COLUMN 17 PEAK WIND IN M.P.H.
PRELIMINARY LOCAL CLIMATOLOGICAL DATA (WS FORM: F-6) , PAGE 2
STATION: CARIBOU ME
MONTH: JULY
YEAR: 2023
LATITUDE: 46 52 N
LONGITUDE: 68 1 W
[TEMPERATURE DATA] [PRECIPITATION DATA] SYMBOLS USED IN COLUMN 16
AVERAGE MONTHLY: 71.5 TOTAL FOR MONTH: 4.49 1 = FOG OR MIST
DPTR FM NORMAL: 4.8 DPTR FM NORMAL: 0.26 2 = FOG REDUCING VISIBILITY
HIGHEST: 91 ON 6 GRTST 24HR 1.50 ON 18-19 TO 1/4 MILE OR LESS
LOWEST: 50 ON 31 3 = THUNDER
SNOW, ICE PELLETS, HAIL 4 = ICE PELLETS
TOTAL MONTH: 0.0 INCH 5 = HAIL
GRTST 24HR 0.0 6 = FREEZING RAIN OR DRIZZLE
GRTST DEPTH: 0 7 = DUSTSTORM OR SANDSTORM:
VSBY 1/2 MILE OR LESS
8 = SMOKE OR HAZE
[NO. OF DAYS WITH] [WEATHER - DAYS WITH] 9 = BLOWING SNOW
X = TORNADO
MAX 32 OR BELOW: 0 0.01 INCH OR MORE: 17
MAX 90 OR ABOVE: 2 0.10 INCH OR MORE: 9
MIN 32 OR BELOW: 0 0.50 INCH OR MORE: 2
MIN 0 OR BELOW: 0 1.00 INCH OR MORE: 1
[HDD (BASE 65) ]
TOTAL THIS MO. 7 CLEAR (SCALE 0-3) 9
DPTR FM NORMAL -35 PTCLDY (SCALE 4-7) 21
TOTAL FM JUL 1 7 CLOUDY (SCALE 8-10) 1
DPTR FM NORMAL -32
[CDD (BASE 65) ]
TOTAL THIS MO. 215
DPTR FM NORMAL 120 [PRESSURE DATA]
TOTAL FM JAN 1 281 HIGHEST SLP 30.10 ON 1
DPTR FM NORMAL 142 LOWEST SLP 29.70 ON 22
[REMARKS]
#FINAL-07-23#