000
CXUS53 KARX 011232
CF6CCY
PRELIMINARY LOCAL CLIMATOLOGICAL DATA (WS FORM: F-6)
STATION: CHARLES_CITY IA
MONTH: SEPTEMBER
YEAR: 2023
LATITUDE: 43 4 N
LONGITUDE: 92 37 W
TEMPERATURE IN F: :PCPN: SNOW: WIND :SUNSHINE: SKY :PK WND
================================================================================
1 2 3 4 5 6A 6B 7 8 9 10 11 12 13 14 15 16 17 18
12Z AVG MX 2MIN
DY MAX MIN AVG DEP HDD CDD WTR SNW DPTH SPD SPD DIR MIN PSBL S-S WX SPD DR
================================================================================
1 84 54 69 2 0 4 0.00 0.0 0 10.1 17 180 M M 0 23 170
2 95 57 76 9 0 11 0.00 0.0 0 10.4 20 210 M M 1 30 200
3 95 61 78 11 0 13 0.00 0.0 0 9.5 16 200 M M 0 23 200
4 95 64 80 14 0 15 0.00 0.0 0 11.0 18 220 M M 0 28 180
5 90 72 81 15 0 16 0.00 0.0 0 11.3 17 190 M M 3 25 210
6 70 61 66 0 0 1 0.00 0.0 0 12.2 17 320 M M 10 1 27 310
7 68 50 59 -7 6 0 0.00 0.0 0 7.2 10 360 M M 6 16 330
8 77 46 62 -3 3 0 0.00 0.0 0 3.1 8 120 M M 2 13 99
9 82 50 66 1 0 1 0.00 0.0 0 4.7 10 230 M M 3 16 170
10 70 55 63 -1 2 0 0.03 0.0 0 5.5 9 340 M M 7 12 13 360
11 73 50 62 -2 3 0 0.00 0.0 0 7.3 15 50 M M 3 20 360
12 73 46 60 -4 5 0 0.00 0.0 0 6.1 16 290 M M 3 22 290
13 70 39 55 -8 10 0 0.00 0.0 0 5.8 10 130 M M 2 1 13 50
14 81 48 65 2 0 0 0.00 0.0 0 7.3 14 210 M M 4 20 170
15 70 55 63 1 2 0 0.04 0.0 0 5.3 10 280 M M 5 12 16 220
16 75 52 64 2 1 0 0.00 0.0 0 4.6 17 300 M M 7 12 16 310
17 73 46 60 -2 5 0 0.00 0.0 0 5.5 9 360 M M 0 1 14 0
18 79 45 62 1 3 0 0.00 0.0 0 7.1 13 130 M M 1 22 170
19 81 59 70 9 0 5 0.00 0.0 0 8.9 15 140 M M 1 21 130
20 79 54 67 7 0 2 0.02 0.0 0 7.1 13 130 M M 5 18 130
21 81 52 67 7 0 2 0.00 0.0 0 6.6 15 100 M M 5 12 22 110
22 72 59 66 7 0 1 1.64 0.0 0 9.4 15 120 M M 9 1 20 130
23 77 64 71 12 0 6 0.30 0.0 0 9.1 16 130 M M 9 1 23 130
24 81 59 70 12 0 5 0.19 0.0 0 8.9 15 130 M M 5 21 130
25 73 55 64 6 1 0 0.00 0.0 0 5.3 14 290 M M 5 18 280
26 72 57 65 7 0 0 0.13 0.0 0 5.3 10 70 M M 9 12 M M
27 72 59 66 9 0 1 0.00 0.0 0 7.0 12 70 M M 7 1 16 60
28 73 61 67 10 0 2 0.00 0.0 0 9.9 14 140 M M 6 1 21 140
29 86 59 73 17 0 8 0.00 0.0 0 12.4 17 160 M M 1 24 140
30 91 68 80 24 0 15 0.00 0.0 0 9.4 15 190 M M 1 23 170
================================================================================
SM 2358 1657 41 108 2.35 0.0 233.3 M 120
================================================================================
AV 78.6 55.2 7.8 FASTST M M 4 MAX(MPH)
MISC ----> 20 210 30 200
================================================================================
NOTES:
# LAST OF SEVERAL OCCURRENCES
COLUMN 17 PEAK WIND IN M.P.H.
PRELIMINARY LOCAL CLIMATOLOGICAL DATA (WS FORM: F-6) , PAGE 2
STATION: CHARLES_CITY IA
MONTH: SEPTEMBER
YEAR: 2023
LATITUDE: 43 4 N
LONGITUDE: 92 37 W
[TEMPERATURE DATA] [PRECIPITATION DATA] SYMBOLS USED IN COLUMN 16
AVERAGE MONTHLY: 66.9 TOTAL FOR MONTH: 2.35 1 = FOG OR MIST
DPTR FM NORMAL: 5.0 DPTR FM NORMAL: -0.86 2 = FOG REDUCING VISIBILITY
HIGHEST: 95 ON 4, 3 GRTST 24HR 1.64 ON 22-22 TO 1/4 MILE OR LESS
LOWEST: 39 ON 13 3 = THUNDER
SNOW, ICE PELLETS, HAIL 4 = ICE PELLETS
TOTAL MONTH: 0.0 INCH 5 = HAIL
GRTST 24HR 0.0 6 = FREEZING RAIN OR DRIZZLE
GRTST DEPTH: 0 7 = DUSTSTORM OR SANDSTORM:
VSBY 1/2 MILE OR LESS
8 = SMOKE OR HAZE
[NO. OF DAYS WITH] [WEATHER - DAYS WITH] 9 = BLOWING SNOW
X = TORNADO
MAX 32 OR BELOW: 0 0.01 INCH OR MORE: 7
MAX 90 OR ABOVE: 5 0.10 INCH OR MORE: 4
MIN 32 OR BELOW: 0 0.50 INCH OR MORE: 1
MIN 0 OR BELOW: 0 1.00 INCH OR MORE: 1
[HDD (BASE 65) ]
TOTAL THIS MO. 41 CLEAR (SCALE 0-3) 15
DPTR FM NORMAL -112 PTCLDY (SCALE 4-7) 11
TOTAL FM JUL 1 59 CLOUDY (SCALE 8-10) 4
DPTR FM NORMAL -124
[CDD (BASE 65) ]
TOTAL THIS MO. 108
DPTR FM NORMAL 46 [PRESSURE DATA]
TOTAL FM JAN 1 750 HIGHEST SLP M ON M
DPTR FM NORMAL 90 LOWEST SLP M ON M
[REMARKS]
#FINAL-09-23#