000
CXAK56 PAFC 011434
CF6CDB
PRELIMINARY LOCAL CLIMATOLOGICAL DATA (WS FORM: F-6)
STATION: COLD BAY
MONTH: AUGUST
YEAR: 2021
LATITUDE: 55 13 N
LONGITUDE: 162 44 W
TEMPERATURE IN F: :PCPN: SNOW: WIND :SUNSHINE: SKY :PK WND
================================================================================
1 2 3 4 5 6A 6B 7 8 9 10 11 12 13 14 15 16 17 18
12Z AVG MX 2MIN
DY MAX MIN AVG DEP HDD CDD WTR SNW DPTH SPD SPD DIR MIN PSBL S-S WX SPD DR
================================================================================
1 61 53 57 4 8 0 0.39 M M 18.5 31 150 M M 10 1 37 140
2 62 54 58 5 7 0 0.19 M M 28.4 32 130 M M 10 8 46 120
3 58 54 56 3 9 0 0.00 M M 32.5 39 120 M M 9 18 50 120
4 57 45 51 -2 14 0 0.00 M M 14.4 26 280 M M 9 1 30 270
5 61 42 52 -1 13 0 0.00 M M 7.8 14 320 M M 3 1 17 320
6 59 38 49 -4 16 0 0.24 M M 13.8 30 120 M M 4 1 37 120
7 60 50 55 2 10 0 0.05 M M 19.0 33 120 M M 9 1 43 120
8 57 48 53 0 12 0 0.03 M M 16.4 36 250 M M 9 1 44 250
9 54 47 51 -2 14 0 0.69 M M 16.1 28 290 M M 10 1 33 250
10 58 48 53 0 12 0 T M M 10.0 23 250 M M 8 28 260
11 56 48 52 -1 13 0 0.15 M M 12.5 24 270 M M 9 1 27 270
12 56 46 51 -2 14 0 0.01 M M 13.9 25 290 M M 9 1 29 310
13 59 46 53 0 12 0 0.03 M M 6.8 14 270 M M 7 1 17 280
14 58 39 49 -4 16 0 0.00 M M 8.1 16 290 M M 6 1 20 300
15 60 41 51 -2 14 0 0.00 M M 9.2 21 140 M M 3 1 30 150
16 62 51 57 4 8 0 0.41 M M 21.9 39 140 M M 9 1 48 130
17 63 53 58 5 7 0 0.03 M M 9.0 21 360 M M 10 1 27 10
18 57 46 52 -1 13 0 0.00 M M 6.6 15 350 M M 9 8 19 340
19 58 49 54 1 11 0 0.00 M M 5.8 16 280 M M 10 19 280
20 57 50 54 1 11 0 0.05 M M 15.0 31 150 M M 9 18 39 150
21 61 53 57 4 8 0 0.92 M M 16.6 30 160 M M 10 1 36 160
22 58 50 54 1 11 0 0.06 M M 17.9 30 260 M M 10 1 35 260
23 58 50 54 2 11 0 0.01 M M 15.0 25 260 M M 8 1 31 250
24 58 49 54 2 11 0 0.06 M M 13.3 24 290 M M 10 1 29 290
25 57 46 52 0 13 0 0.00 M M 3.0 12 320 M M 10 13 320
26 59 46 53 1 12 0 0.00 M M 6.7 17 320 M M 10 12 20 340
27 57 45 51 -1 14 0 0.07 M M 11.7 20 290 M M 10 1 25 290
28 56 41 49 -3 16 0 T M M 7.0 21 270 M M 9 1 24 280
29 59 50 55 3 10 0 T M M 8.6 18 150 M M 10 23 160
30 57 51 54 2 11 0 0.28 M M 20.4 29 150 M M 10 1 37 140
31 59 53 56 4 9 0 0.05 M M 13.4 24 160 M M 8 1 30 150
================================================================================
SM 1812 1482 360 0 3.72 M 419.3 M 267
================================================================================
AV 58.5 47.8 13.5 FASTST M M 9 MAX(MPH)
MISC ----> 39 120 50 120
================================================================================
NOTES:
# LAST OF SEVERAL OCCURRENCES
COLUMN 17 PEAK WIND IN M.P.H.
PRELIMINARY LOCAL CLIMATOLOGICAL DATA (WS FORM: F-6) , PAGE 2
STATION: COLD BAY
MONTH: AUGUST
YEAR: 2021
LATITUDE: 55 13 N
LONGITUDE: 162 44 W
[TEMPERATURE DATA] [PRECIPITATION DATA] SYMBOLS USED IN COLUMN 16
AVERAGE MONTHLY: 53.1 TOTAL FOR MONTH: 3.72 1 = FOG OR MIST
DPTR FM NORMAL: 0.5 DPTR FM NORMAL: 0.01 2 = FOG REDUCING VISIBILITY
HIGHEST: 63 ON 17 GRTST 24HR 1.49 ON 31- 1 TO 1/4 MILE OR LESS
LOWEST: 38 ON 6 3 = THUNDER
SNOW, ICE PELLETS, HAIL 4 = ICE PELLETS
TOTAL MONTH: M 5 = HAIL
GRTST 24HR M ON M 6 = FREEZING RAIN OR DRIZZLE
GRTST DEPTH: M ON M 7 = DUSTSTORM OR SANDSTORM:
VSBY 1/2 MILE OR LESS
8 = SMOKE OR HAZE
[NO. OF DAYS WITH] [WEATHER - DAYS WITH] 9 = BLOWING SNOW
X = TORNADO
MAX 32 OR BELOW: 0 0.01 INCH OR MORE: 19
MAX 90 OR ABOVE: 0 0.10 INCH OR MORE: 8
MIN 32 OR BELOW: 0 0.50 INCH OR MORE: 2
MIN 0 OR BELOW: 0 1.00 INCH OR MORE: 0
[HDD (BASE 65) ]
TOTAL THIS MO. 360 CLEAR (SCALE 0-3) 1
DPTR FM NORMAL -23 PTCLDY (SCALE 4-7) 4
TOTAL FM JUL 1 757 CLOUDY (SCALE 8-10) 26
DPTR FM NORMAL -41
[CDD (BASE 65) ]
TOTAL THIS MO. 0
DPTR FM NORMAL 0 [PRESSURE DATA]
TOTAL FM JAN 1 0 HIGHEST SLP 30.36 ON 20
DPTR FM NORMAL 0 LOWEST SLP 29.32 ON 9
[REMARKS]
#FINAL-08-21#