000
CXUS55 KCYS 041526
CF6CDR
PRELIMINARY LOCAL CLIMATOLOGICAL DATA (WS FORM: F-6)
STATION: CHADRON NEBRASKA AIRPORT
MONTH: JULY
YEAR: 2023
LATITUDE: 42 50 N
LONGITUDE: 103 6 W
TEMPERATURE IN F: :PCPN: SNOW: WIND :SUNSHINE: SKY :PK WND
================================================================================
1 2 3 4 5 6A 6B 7 8 9 10 11 12 13 14 15 16 17 18
12Z AVG MX 2MIN
DY MAX MIN AVG DEP HDD CDD WTR SNW DPTH SPD SPD DIR MIN PSBL S-S WX SPD DR
================================================================================
1 82 53 68 -4 0 3 0.00 M M 3.9 9 260 M M 0 11 130
2 88 57 73 0 0 8 T M M 4.6 12 280 M M 1 38 16 250
3 91 57 74 1 0 9 0.08 M M 7.0 43 290 M M 1 138 60 280
4 70 56 63 -10 2 0 0.03 M M 9.1 29 10 M M 8 1 40 20
5 64 50 57 -17 8 0 0.10 M M 4.6 10 160 M M 9 1 14 80
6 72 48 60 -14 5 0 0.40 M M 7.8 26 330 M M 7 13 37 310
7 78 53 66 -8 0 1 0.01 M M 6.0 15 360 M M 2 13 20 300
8 73 54 64 -10 1 0 T M M 4.6 14 150 M M 5 3 17 130
9 85 48 67 -8 0 2 0.00 M M 3.3 9 190 M M 0 14 180
10 92 58 75 0 0 10 0.00 M M 3.7 15 50 M M 0 18 50
11 86 64 75 0 0 10 0.00 M M 5.6 22 30 M M 1 31 30
12 89 57 73 -2 0 8 0.00 M M 5.9 25 60 M M 2 34 60
13 89 57 73 -2 0 8 0.18 M M 4.8 24 190 M M 2 3 35 190
14 83 60 72 -4 0 7 0.05 M M 6.0 23 30 M M 4 13 29 50
15 86 54 70 -6 0 5 0.00 M M 5.9 15 290 M M 0 18 20 300
16 89 57 73 -3 0 8 0.01 M M 6.0 20 210 M M 1 138 28 210
17 87 56 72 -4 0 7 0.09 M M 7.8 29 80 M M 2 138 37 80
18 95 66 81 5 0 16 T M M 6.4 24 10 M M 2 138 34 360
19 87 60 74 -2 0 9 0.00 M M 6.2 16 40 M M 1 1 23 20
20 67 55 61 -15 4 0 0.08 M M 3.2 16 260 M M 4 13 21 260
21 88 51 70 -6 0 5 0.00 M M 4.3 18 40 M M 1 3 23 40
22 93 52 73 -3 0 8 0.00 M M 4.5 20 170 M M 0 28 180
23 101 57 79 3 0 14 0.10 M M 6.2 31 350 M M 0 38 47 10
24 97 60 79 3 0 14 0.01 M M 6.3 31 300 M M 1 3 43 310
25 100 62 81 5 0 16 0.01 M M 8.6 26 270 M M 0 37 300
26 102 59 81 5 0 16 0.00 M M 8.9 33 260 M M 0 45 260
27 101 60 81 5 0 16 0.03 M M 6.4 22 50 M M 1 3 30 300
28 92 58 75 -1 0 10 0.01 M M 6.7 22 280 M M 1 3 27 280
29 93 61 77 1 0 12 0.00 M M 9.3 24 40 M M 1 34 50
30 100 67 84 8 0 19 0.58 M M 12.4 33 30 M M 1 13 48 30
31 90 64 77 1 0 12 0.06 M M 8.1 23 140 M M 1 13 36 300
================================================================================
SM 2710 1771 20 253 1.83 M 194.1 M 59
================================================================================
AV 87.4 57.1 6.3 FASTST M M 2 MAX(MPH)
MISC ----> 43 290 60 280
================================================================================
NOTES:
# LAST OF SEVERAL OCCURRENCES
COLUMN 17 PEAK WIND IN M.P.H.
PRELIMINARY LOCAL CLIMATOLOGICAL DATA (WS FORM: F-6) , PAGE 2
STATION: CHADRON NEBRASKA AIRPORT
MONTH: JULY
YEAR: 2023
LATITUDE: 42 50 N
LONGITUDE: 103 6 W
[TEMPERATURE DATA] [PRECIPITATION DATA] SYMBOLS USED IN COLUMN 16
AVERAGE MONTHLY: 72.3 TOTAL FOR MONTH: 1.83 1 = FOG OR MIST
DPTR FM NORMAL: -3.0 DPTR FM NORMAL: -0.16 2 = FOG REDUCING VISIBILITY
HIGHEST: 102 ON 26 GRTST 24HR 0.58 ON 30-30 TO 1/4 MILE OR LESS
LOWEST: 48 ON 9, 6 3 = THUNDER
SNOW, ICE PELLETS, HAIL 4 = ICE PELLETS
TOTAL MONTH: M 5 = HAIL
GRTST 24HR M ON M 6 = FREEZING RAIN OR DRIZZLE
GRTST DEPTH: M ON M 7 = DUSTSTORM OR SANDSTORM:
VSBY 1/2 MILE OR LESS
8 = SMOKE OR HAZE
[NO. OF DAYS WITH] [WEATHER - DAYS WITH] 9 = BLOWING SNOW
X = TORNADO
MAX 32 OR BELOW: 0 0.01 INCH OR MORE: 17
MAX 90 OR ABOVE: 13 0.10 INCH OR MORE: 5
MIN 32 OR BELOW: 0 0.50 INCH OR MORE: 1
MIN 0 OR BELOW: 0 1.00 INCH OR MORE: 0
[HDD (BASE 65) ]
TOTAL THIS MO. 20 CLEAR (SCALE 0-3) 25
DPTR FM NORMAL 16 PTCLDY (SCALE 4-7) 5
TOTAL FM JUL 1 20 CLOUDY (SCALE 8-10) 1
DPTR FM NORMAL 20
[CDD (BASE 65) ]
TOTAL THIS MO. 253
DPTR FM NORMAL -69 [PRESSURE DATA]
TOTAL FM JAN 1 391 HIGHEST SLP 30.30 ON 20
DPTR FM NORMAL -78 LOWEST SLP 29.74 ON 17
[REMARKS]
#FINAL-07-23#
JULY 5... RECORD LOW MAXIMUM TEMPERATURE TIED: 64F (PREVIOUS IN 1921)
JULY 6... RECORD LOW TEMPERATURE TIED: 48F (PREVIOUS IN 1945)