000
CXUS56 KEKA 011330
CF6CEC
PRELIMINARY LOCAL CLIMATOLOGICAL DATA (WS FORM: F-6)
STATION: CRESCENT CITY CA
MONTH: DECEMBER
YEAR: 2022
LATITUDE: 41 46 N
LONGITUDE: 124 14 W
TEMPERATURE IN F: :PCPN: SNOW: WIND :SUNSHINE: SKY :PK WND
================================================================================
1 2 3 4 5 6A 6B 7 8 9 10 11 12 13 14 15 16 17 18
12Z AVG MX 2MIN
DY MAX MIN AVG DEP HDD CDD WTR SNW DPTH SPD SPD DIR MIN PSBL S-S WX SPD DR
================================================================================
1 47 34 41 -8 24 0 0.11 M M 6.4 18 290 M M 5 18 25 270
2 49 35 42 -7 23 0 T M M 14.4 24 150 M M 4 33 150
3 55 44 50 1 15 0 0.51 M M 14.1 29 150 M M 5 18 48 170
4 49 45 47 -2 18 0 0.56 M M 10.2 23 150 M M 9 1 34 170
5 50 39 45 -4 20 0 0.07 M M 6.1 20 160 M M 5 1 28 150
6 50 36 43 -6 22 0 0.00 M M 4.9 9 330 M M 0 1 14 70
7 50 33 42 -7 23 0 T M M 9.8 20 150 M M 5 28 150
8 51 43 47 -1 18 0 0.50 M M 14.4 28 160 M M 9 18 40 150
9 49 42 46 -2 19 0 0.77 M M 24.6 41 150 M M 9 1 59 150
10 50 40 45 -3 20 0 1.12 M M 15.6 45 150 M M 10 18 63 160
11 48 35 42 -6 23 0 0.18 M M 5.4 13 340 M M 5 18 19 340
12 48 31 40 -8 25 0 0.00 M M 6.3 17 340 M M 1 18 25 340
13 48 32 40 -8 25 0 0.00 M M 5.3 9 70 M M 0 18 13 70
14 47 33 40 -8 25 0 0.00 M M 5.7 9 70 M M 0 18 14 70
15 51 35 43 -5 22 0 0.00 M M 5.9 10 350 M M 0 18 15 90
16 51 33 42 -6 23 0 0.00 M M 4.7 9 200 M M 0 18 12 190
17 49 32 41 -7 24 0 0.00 M M 4.8 9 340 M M 0 18 13 330
18 46 30 38 -10 27 0 0.00 M M 4.2 8 90 M M 0 11 70
19 51 30 41 -7 24 0 0.00 M M 5.7 12 160 M M 1 17 140
20 51 43 47 -1 18 0 0.13 M M 8.9 18 180 M M 10 18 24 160
21 53 42 48 0 17 0 0.06 M M 2.1 7 90 M M 9 12 9 90
22 54 45 50 2 15 0 0.49 M M 8.0 20 160 M M 8 18 27 160
23 53 50 52 4 13 0 0.45 M M 11.5 20 170 M M 10 1 27 150
24 59 48 54 6 11 0 1.05 M M 10.3 24 140 M M 10 18 33 150
25 57 49 53 5 12 0 0.08 M M 9.8 21 140 M M 9 128 30 140
26 61 53 57 9 8 0 2.25 M M 21.4 37 170 M M 10 18 56 160
27 55 46 51 3 14 0 0.22 M M 13.5 44 180 M M 10 18 57 190
28 52 44 48 0 17 0 0.06 M M 7.8 21 170 M M 6 18 30 180
29 53 46 50 2 15 0 0.62 M M 19.6 30 160 M M 10 18 42 150
30 54 50 52 4 13 0 1.21 M M 10.0 23 170 M M 10 12 35 160
31 51 44 48 0 17 0 0.01 M M 9.1 20 330 M M 5 18 33 340
================================================================================
SM 1592 1242 590 0 10.45 M 300.5 M 175
================================================================================
AV 51.4 40.1 9.7 FASTST M M 6 MAX(MPH)
MISC ----> 45 150 63 160
================================================================================
NOTES:
# LAST OF SEVERAL OCCURRENCES
COLUMN 17 PEAK WIND IN M.P.H.
PRELIMINARY LOCAL CLIMATOLOGICAL DATA (WS FORM: F-6) , PAGE 2
STATION: CRESCENT CITY CA
MONTH: DECEMBER
YEAR: 2022
LATITUDE: 41 46 N
LONGITUDE: 124 14 W
[TEMPERATURE DATA] [PRECIPITATION DATA] SYMBOLS USED IN COLUMN 16
AVERAGE MONTHLY: 45.7 TOTAL FOR MONTH: 10.45 1 = FOG OR MIST
DPTR FM NORMAL: -2.6 DPTR FM NORMAL: -0.69 2 = FOG REDUCING VISIBILITY
HIGHEST: 61 ON 26 GRTST 24HR 2.26 ON 26-27 TO 1/4 MILE OR LESS
LOWEST: 30 ON 19,18 3 = THUNDER
SNOW, ICE PELLETS, HAIL 4 = ICE PELLETS
TOTAL MONTH: M 5 = HAIL
GRTST 24HR M ON M 6 = FREEZING RAIN OR DRIZZLE
GRTST DEPTH: M ON M 7 = DUSTSTORM OR SANDSTORM:
VSBY 1/2 MILE OR LESS
8 = SMOKE OR HAZE
[NO. OF DAYS WITH] [WEATHER - DAYS WITH] 9 = BLOWING SNOW
X = TORNADO
MAX 32 OR BELOW: 0 0.01 INCH OR MORE: 20
MAX 90 OR ABOVE: 0 0.10 INCH OR MORE: 15
MIN 32 OR BELOW: 5 0.50 INCH OR MORE: 9
MIN 0 OR BELOW: 0 1.00 INCH OR MORE: 4
[HDD (BASE 65) ]
TOTAL THIS MO. 590 CLEAR (SCALE 0-3) 9
DPTR FM NORMAL 72 PTCLDY (SCALE 4-7) 8
TOTAL FM JUL 1 1912 CLOUDY (SCALE 8-10) 14
DPTR FM NORMAL -14
[CDD (BASE 65) ]
TOTAL THIS MO. 0
DPTR FM NORMAL 0 [PRESSURE DATA]
TOTAL FM JAN 1 0 HIGHEST SLP 30.36 ON 24
DPTR FM NORMAL -3 LOWEST SLP 29.41 ON 26
[REMARKS]
#FINAL-12-22#