000
CXUS56 KEKA 020042
CF6CEC
PRELIMINARY LOCAL CLIMATOLOGICAL DATA (WS FORM: F-6)
STATION: CRESCENT CITY CA
MONTH: APRIL
YEAR: 2020
LATITUDE: 41 46 N
LONGITUDE: 124 14 W
TEMPERATURE IN F: :PCPN: SNOW: WIND :SUNSHINE: SKY :PK WND
================================================================================
1 2 3 4 5 6A 6B 7 8 9 10 11 12 13 14 15 16 17 18
12Z AVG MX 2MIN
DY MAX MIN AVG DEP HDD CDD WTR SNW DPTH SPD SPD DIR MIN PSBL S-S WX SPD DR
================================================================================
1 52 36 44 -5 21 0 0.00 0.0 0 7.6 16 320 M M 2 20 320
2 53 34 44 -5 21 0 0.00 0.0 0 10.2 22 320 M M 0 28 330
3 52 35 44 -5 21 0 0.00 0.0 0 5.1 10 330 M M 3 15 280
4 55 43 49 0 16 0 0.70 0.0 0 13.9 32 190 M M 10 1 40 180
5 54 44 49 0 16 0 0.87 0.0 0 9.2 26 190 M M 9 1 33 190
6 56 43 50 1 15 0 0.00 0.0 0 7.4 18 320 M M 4 1 24 350
7 57 41 49 0 16 0 0.00 0.0 0 6.6 20 160 M M 3 1 28 230
8 60 45 53 4 12 0 0.00 0.0 0 7.9 23 330 M M 2 18 30 330
9 57 43 50 1 15 0 0.00 0.0 0 8.1 22 180 M M 7 2 26 180
10 57 46 52 3 13 0 0.00 0.0 0 7.0 18 340 M M 6 1 25 330
11 56 43 50 1 15 0 0.00 0.0 0 11.0 24 330 M M 6 18 36 340
12 57 39 48 -1 17 0 0.00 0.0 0 8.1 22 340 M M 3 1 32 350
13 59 43 51 2 14 0 0.00 0.0 0 10.8 23 340 M M 0 1 31 340
14 59 41 50 1 15 0 0.00 0.0 0 11.1 22 350 M M 0 1 34 350
15 56 48 52 3 13 0 0.00 0.0 0 14.8 25 330 M M 1 37 340
16 63 46 55 6 10 0 0.00 0.0 0 6.6 16 180 M M 4 12 20 170
17 54 45 50 1 15 0 0.00 0.0 0 7.8 14 180 M M 10 12 16 190
18 57 49 53 4 12 0 0.03 0.0 0 5.3 14 180 M M 10 1 19 180
19 56 46 51 2 14 0 0.00 0.0 0 5.5 13 320 M M 6 1 17 320
20 56 46 51 1 14 0 0.00 0.0 0 5.0 10 300 M M 9 1 13 290
21 58 46 52 2 13 0 0.00 0.0 0 4.6 12 320 M M 5 1 15 310
22 55 45 50 0 15 0 0.49 0.0 0 10.3 18 160 M M 9 1 26 180
23 58 48 53 3 12 0 0.00 0.0 0 4.9 12 320 M M 9 12 15 320
24 59 50 55 5 10 0 T 0.0 0 3.9 9 310 M M 9 12 12 310
25 60 50 55 5 10 0 0.00 0.0 0 5.0 13 320 M M 9 12 15 320
26 57 50 54 4 11 0 T 0.0 0 4.3 9 190 M M 7 12 14 250
27 61 51 56 6 9 0 0.04 0.0 0 6.4 15 160 M M 10 1 19 160
28 58 50 54 4 11 0 0.00 0.0 0 4.8 12 340 M M 9 28 14 340
29 60 51 56 6 9 0 0.13 0.0 0 6.9 14 190 M M 10 1 16 180
30 58 45 52 2 13 0 0.00 0.0 0 7.5 15 320 M M 2 1 18 310
================================================================================
SM 1710 1342 418 0 2.26 0.0 227.6 M 174
================================================================================
AV 57.0 44.7 7.6 FASTST M M 6 MAX(MPH)
MISC ----> # 32 190 # 40 180
================================================================================
NOTES:
# LAST OF SEVERAL OCCURRENCES
COLUMN 17 PEAK WIND IN M.P.H.
PRELIMINARY LOCAL CLIMATOLOGICAL DATA (WS FORM: F-6) , PAGE 2
STATION: CRESCENT CITY CA
MONTH: APRIL
YEAR: 2020
LATITUDE: 41 46 N
LONGITUDE: 124 14 W
[TEMPERATURE DATA] [PRECIPITATION DATA] SYMBOLS USED IN COLUMN 16
AVERAGE MONTHLY: 50.9 TOTAL FOR MONTH: 2.26 1 = FOG OR MIST
DPTR FM NORMAL: 1.6 DPTR FM NORMAL: -2.94 2 = FOG REDUCING VISIBILITY
HIGHEST: 63 ON 16 GRTST 24HR 1.13 ON 4- 5 TO 1/4 MILE OR LESS
LOWEST: 34 ON 2 3 = THUNDER
SNOW, ICE PELLETS, HAIL 4 = ICE PELLETS
TOTAL MONTH: 0.0 INCH 5 = HAIL
GRTST 24HR 0.0 6 = FREEZING RAIN OR DRIZZLE
GRTST DEPTH: 0 7 = DUSTSTORM OR SANDSTORM:
VSBY 1/2 MILE OR LESS
8 = SMOKE OR HAZE
[NO. OF DAYS WITH] [WEATHER - DAYS WITH] 9 = BLOWING SNOW
X = TORNADO
MAX 32 OR BELOW: 0 0.01 INCH OR MORE: 6
MAX 90 OR ABOVE: 0 0.10 INCH OR MORE: 4
MIN 32 OR BELOW: 0 0.50 INCH OR MORE: 2
MIN 0 OR BELOW: 0 1.00 INCH OR MORE: 0
[HDD (BASE 65) ]
TOTAL THIS MO. 418 CLEAR (SCALE 0-3) 10
DPTR FM NORMAL -53 PTCLDY (SCALE 4-7) 8
TOTAL FM JUL 1 3935 CLOUDY (SCALE 8-10) 12
DPTR FM NORMAL -222
[CDD (BASE 65) ]
TOTAL THIS MO. 0
DPTR FM NORMAL 0 [PRESSURE DATA]
TOTAL FM JAN 1 0 HIGHEST SLP 30.39 ON 23
DPTR FM NORMAL 0 LOWEST SLP 29.48 ON 5
[REMARKS]
#FINAL-04-20#