000
CXUS53 KPAH 010700
CF6CGI
PRELIMINARY LOCAL CLIMATOLOGICAL DATA (WS FORM: F-6)
STATION: CAPE GIRARDEAU MO
MONTH: JUNE
YEAR: 2022
LATITUDE: 37 13 N
LONGITUDE: 89 35 W
TEMPERATURE IN F: :PCPN: SNOW: WIND :SUNSHINE: SKY :PK WND
================================================================================
1 2 3 4 5 6A 6B 7 8 9 10 11 12 13 14 15 16 17 18
12Z AVG MX 2MIN
DY MAX MIN AVG DEP HDD CDD WTR SNW DPTH SPD SPD DIR MIN PSBL S-S WX SPD DR
================================================================================
1 89 69 79 6 0 14 0.76 M M 5.7 17 280 M M 4 13 24 280
2 80 60 70 -3 0 5 0.00 M M 7.7 16 340 M M 4 21 340
3 83 54 69 -4 0 4 0.00 M M 4.4 16 40 M M 0 25 50
4 86 54 70 -4 0 5 0.00 M M 2.9 10 110 M M 0 1 15 60
5 87 61 74 0 0 9 0.00 M M 3.4 12 110 M M 2 17 150
6 78 69 74 0 0 9 M M M 5.6 22 200 M M 7 138 34 220
7 84 69 77 3 0 12 M M M 3.2 24 330 M M 6 1238 34 330
8 85 66 76 1 0 11 0.00 M M 7.1 17 220 M M 4 1 24 220
9 84 61 73 -2 0 8 0.00 M M 3.6 13 350 M M 0 17 340
10 84 62 73 -2 0 8 0.00 M M 4.0 13 210 M M 1 18 210
11 88 68 78 2 0 13 0.00 M M 6.7 15 220 M M 3 21 230
12 96 73 85 9 0 20 0.00 M M 9.2 16 200 M M 2 23 220
13 100 81 91 15 0 26 0.00 M M 9.2 17 220 M M 0 23 210
14 99 79 89 13 0 24 0.00 M M 9.4 15 220 M M 0 8 24 220
15 99 73 86 10 0 21 0.00 M M 8.9 18 230 M M 0 8 27 190
16 98 74 86 9 0 21 0.00 M M 7.0 17 240 M M 2 8 24 250
17 91 71 81 4 0 16 0.12 M M 5.6 37 330 M M 2 138 53 340
18 88 60 74 -3 0 9 0.00 M M 7.6 18 80 M M 0 1 26 30
19 86 55 71 -6 0 6 0.00 M M 5.4 14 60 M M 0 21 80
20 94 57 76 -1 0 11 0.00 M M 4.5 13 60 M M 0 15 50
21 96 61 79 1 0 14 0.00 M M 4.2 10 210 M M 0 16 210
22 97 68 83 5 0 18 0.00 M M 5.9 17 360 M M 1 23 350
23 92 68 80 2 0 15 0.00 M M 6.0 14 10 M M 0 19 10
24 92 64 78 0 0 13 0.00 M M 3.9 13 80 M M 0 12 18 60
25 96 66 81 3 0 16 0.00 M M 4.1 12 130 M M 0 16 120
26 83 64 74 -4 0 9 0.31 M M 7.8 22 50 M M 4 1 32 60
27 84 58 71 -7 0 6 0.00 M M 9.4 20 50 M M 0 32 10
28 82 57 70 -9 0 5 0.00 M M 4.1 12 60 M M 1 16 40
29 88 51 70 -9 0 5 0.00 M M 3.1 10 90 M M 1 128 15 50
30 94 58 76 -3 0 11 0.00 M M 4.7 13 190 M M 1 1 17 210
================================================================================
SM 2683 1931 0 364 1.19 M 174.3 M 45
================================================================================
AV 89.4 64.4 5.8 FASTST M M 2 MAX(MPH)
MISC ----> 37 330 53 340
================================================================================
NOTES:
# LAST OF SEVERAL OCCURRENCES
COLUMN 17 PEAK WIND IN M.P.H.
PRELIMINARY LOCAL CLIMATOLOGICAL DATA (WS FORM: F-6) , PAGE 2
STATION: CAPE GIRARDEAU MO
MONTH: JUNE
YEAR: 2022
LATITUDE: 37 13 N
LONGITUDE: 89 35 W
[TEMPERATURE DATA] [PRECIPITATION DATA] SYMBOLS USED IN COLUMN 16
AVERAGE MONTHLY: 76.9 TOTAL FOR MONTH: 1.19 1 = FOG OR MIST
DPTR FM NORMAL: 0.7 DPTR FM NORMAL: -2.61 2 = FOG REDUCING VISIBILITY
HIGHEST: 100 ON 13 GRTST 24HR 0.76 ON 1- 1 TO 1/4 MILE OR LESS
LOWEST: 51 ON 29 3 = THUNDER
SNOW, ICE PELLETS, HAIL 4 = ICE PELLETS
TOTAL MONTH: M 5 = HAIL
GRTST 24HR M ON M 6 = FREEZING RAIN OR DRIZZLE
GRTST DEPTH: M ON M 7 = DUSTSTORM OR SANDSTORM:
VSBY 1/2 MILE OR LESS
8 = SMOKE OR HAZE
[NO. OF DAYS WITH] [WEATHER - DAYS WITH] 9 = BLOWING SNOW
X = TORNADO
MAX 32 OR BELOW: 0 0.01 INCH OR MORE: 3
MAX 90 OR ABOVE: 13 0.10 INCH OR MORE: 3
MIN 32 OR BELOW: 0 0.50 INCH OR MORE: 1
MIN 0 OR BELOW: 0 1.00 INCH OR MORE: 0
[HDD (BASE 65) ]
TOTAL THIS MO. 0 CLEAR (SCALE 0-3) 24
DPTR FM NORMAL -2 PTCLDY (SCALE 4-7) 6
TOTAL FM JUL 1 3828 CLOUDY (SCALE 8-10) 0
DPTR FM NORMAL -348
[CDD (BASE 65) ]
TOTAL THIS MO. 364
DPTR FM NORMAL 24 [PRESSURE DATA]
TOTAL FM JAN 1 592 HIGHEST SLP M ON M
DPTR FM NORMAL 72 LOWEST SLP 29.71 ON 6
[REMARKS]
#FINAL-06-22#