000
CXUS54 KMRX 011130
CF6CHA
PRELIMINARY LOCAL CLIMATOLOGICAL DATA (WS FORM: F-6)
STATION: CHATTANOOGA AIRPORT
MONTH: NOVEMBER
YEAR: 2022
LATITUDE: 35 1 N
LONGITUDE: 85 12 W
TEMPERATURE IN F: :PCPN: SNOW: WIND :SUNSHINE: SKY :PK WND
================================================================================
1 2 3 4 5 6A 6B 7 8 9 10 11 12 13 14 15 16 17 18
12Z AVG MX 2MIN
DY MAX MIN AVG DEP HDD CDD WTR SNW DPTH SPD SPD DIR MIN PSBL S-S WX SPD DR
================================================================================
1 75 49 62 6 3 0 0.00 0.0 0 1.5 9 10 M M 5 1 14 10
2 74 54 64 8 1 0 0.00 0.0 0 2.0 9 10 M M 4 11 130
3 76 50 63 8 2 0 0.00 0.0 0 1.5 8 160 M M 3 1 11 170
4 77 50 64 9 1 0 0.00 0.0 0 5.0 14 160 M M 2 1 24 160
5 74 60 67 12 0 2 T 0.0 0 6.5 20 190 M M 8 29 190
6 80 59 70 16 0 5 T 0.0 0 2.8 13 190 M M 7 17 200
7 80 62 71 17 0 6 0.33 0.0 0 2.6 13 30 M M 6 1 16 20
8 81 57 69 15 0 4 0.00 0.0 0 4.5 13 10 M M 4 17 10
9 73 48 61 8 4 0 0.00 0.0 0 0.9 9 170 M M 3 18 16 170
10 73 46 60 7 5 0 T 0.0 0 6.9 16 10 M M 7 24 10
11 70 56 63 11 2 0 1.33 0.0 0 7.8 16 360 M M 8 1 23 30
12 60 37 49 -3 16 0 0.01 0.0 0 8.1 18 340 M M 8 1 23 310
13 41 33 37 -15 28 0 0.00 0.0 0 12.2 18 360 M M 8 24 350
14 53 30 42 -9 23 0 0.00 0.0 0 3.1 13 30 M M 5 16 30
15 50 40 45 -6 20 0 1.01 0.0 0 2.9 15 340 M M 10 1 19 340
16 51 37 44 -7 21 0 0.00 0.0 0 7.3 16 340 M M 7 22 350
17 48 29 39 -11 26 0 0.00 0.0 0 5.6 14 340 M M 0 19 350
18 52 25 39 -11 26 0 0.00 0.0 0 3.2 16 260 M M 2 22 270
19 50 28 39 -11 26 0 0.00 0.0 0 4.8 13 210 M M 3 18 260
20 46 28 37 -13 28 0 0.00 0.0 0 6.7 18 360 M M 2 27 360
21 57 23 40 -9 25 0 0.00 0.0 0 1.2 9 200 M M 3 12 220
22 57 30 44 -5 21 0 0.00 0.0 0 0.7 8 360 M M 5 11 10
23 66 30 48 -1 17 0 0.00 0.0 0 1.8 9 360 M M 2 13 350
24 69 37 53 5 12 0 0.00 0.0 0 1.1 8 130 M M 7 11 180
25 65 51 58 10 7 0 0.19 0.0 0 3.9 13 360 M M 8 1 17 10
26 64 42 53 5 12 0 0.01 0.0 0 3.5 14 160 M M 7 24 170
27 64 55 60 12 5 0 0.35 0.0 0 11.4 28 210 M M 8 1 38 210
28 63 43 53 5 12 0 0.00 0.0 0 2.6 12 300 M M 5 16 300
29 69 37 53 6 12 0 1.95 0.0 0 5.3 23 280 M M 5 13 31 280
30 61 36 49 2 16 0 0.71 0.0 0 9.0 22 300 M M 4 13 28 280
================================================================================
SM 1919 1262 371 17 5.89 0.0 136.4 M 156
================================================================================
AV 64.0 42.1 4.5 FASTST M M 5 MAX(MPH)
MISC ----> 28 210 38 210
================================================================================
NOTES:
# LAST OF SEVERAL OCCURRENCES
COLUMN 17 PEAK WIND IN M.P.H.
PRELIMINARY LOCAL CLIMATOLOGICAL DATA (WS FORM: F-6) , PAGE 2
STATION: CHATTANOOGA AIRPORT
MONTH: NOVEMBER
YEAR: 2022
LATITUDE: 35 1 N
LONGITUDE: 85 12 W
[TEMPERATURE DATA] [PRECIPITATION DATA] SYMBOLS USED IN COLUMN 16
AVERAGE MONTHLY: 53.0 TOTAL FOR MONTH: 5.89 1 = FOG OR MIST
DPTR FM NORMAL: 1.8 DPTR FM NORMAL: 1.09 2 = FOG REDUCING VISIBILITY
HIGHEST: 81 ON 8 GRTST 24HR 2.66 ON 29-30 TO 1/4 MILE OR LESS
LOWEST: 23 ON 21 3 = THUNDER
SNOW, ICE PELLETS, HAIL 4 = ICE PELLETS
TOTAL MONTH: 0.0 INCH 5 = HAIL
GRTST 24HR 0.0 6 = FREEZING RAIN OR DRIZZLE
GRTST DEPTH: 0 7 = DUSTSTORM OR SANDSTORM:
VSBY 1/2 MILE OR LESS
8 = SMOKE OR HAZE
[NO. OF DAYS WITH] [WEATHER - DAYS WITH] 9 = BLOWING SNOW
X = TORNADO
MAX 32 OR BELOW: 0 0.01 INCH OR MORE: 9
MAX 90 OR ABOVE: 0 0.10 INCH OR MORE: 7
MIN 32 OR BELOW: 8 0.50 INCH OR MORE: 4
MIN 0 OR BELOW: 0 1.00 INCH OR MORE: 3
[HDD (BASE 65) ]
TOTAL THIS MO. 371 CLEAR (SCALE 0-3) 7
DPTR FM NORMAL -49 PTCLDY (SCALE 4-7) 20
TOTAL FM JUL 1 547 CLOUDY (SCALE 8-10) 3
DPTR FM NORMAL -15
[CDD (BASE 65) ]
TOTAL THIS MO. 17
DPTR FM NORMAL 12 [PRESSURE DATA]
TOTAL FM JAN 1 2084 HIGHEST SLP 30.51 ON 21
DPTR FM NORMAL 165 LOWEST SLP 29.60 ON 11
[REMARKS]
#FINAL-11-22#