000
CXUS51 KCLE 041429
CLMCLE
CLIMATE REPORT
NATIONAL WEATHER SERVICE CLEVELAND, OH
929 AM EST MON MAR 04 2024
...................................
...THE CLEVELAND OH CLIMATE SUMMARY FOR THE MONTH OF FEBRUARY 2024...
CLIMATE NORMAL PERIOD 1991 TO 2020
CLIMATE RECORD PERIOD 1871 TO 2024
WEATHER OBSERVED NORMAL DEPART LAST YEAR`S
VALUE DATE(S) VALUE FROM VALUE
NORMAL
..............................................................
TEMPERATURE (F)
RECORD
HIGH 77 02/24/2017
LOW -17 02/20/2015
HIGHEST 71 02/27
LOWEST 16 02/17
02/18
AVG. MAXIMUM 47.2 38.5 8.7 48.2
AVG. MINIMUM 28.8 23.7 5.1 28.9
MEAN 38.0 31.1 6.9 38.5
DAYS MAX >= 90 0 0.0 0.0 0
DAYS MAX <= 32 2 10.4 -8.4 2
DAYS MIN <= 32 22 23.5 -1.5 19
DAYS MIN <= 0 0 1.1 -1.1 0
PRECIPITATION (INCHES)
RECORD
MAXIMUM 7.73 1887
MINIMUM 0.18 1877
TOTALS 0.91 2.49 -1.58 2.84
DAYS >= .01 6 14.6 -8.6 8
DAYS >= .10 4 6.8 -2.8 3
DAYS >= .50 1 1.1 -0.1 3
DAYS >= 1.00 0 0.2 -0.2 1
GREATEST
24 HR. TOTAL 0.56 02/22 TO 02/22 1.37
SNOWFALL (INCHES)
RECORDS
TOTAL 39.1 1993
TOTALS 3.5 15.1 -11.6 1.2
SINCE 7/1 20.0 50.3 -30.3 18.7
DAYS >= 1.0 2 4.5 -2.5 1
GREATEST
24 HR TOTAL 2.2 02/17 TO 02/17
DEGREE DAYS
HEATING TOTAL 778 949 -171 735
SINCE 7/1 3490 4047 -557 3551
COOLING TOTAL 0 0 0 0
SINCE 1/1 0 0 0 0
..............................................................
WIND (MPH)
AVERAGE WIND SPEED 9.7
HIGHEST WIND SPEED/DIRECTION 36/260 DATE 02/15
HIGHEST GUST SPEED/DIRECTION 60/250 DATE 02/15
SKY COVER
AVERAGE SKY COVER 0.64
AVERAGE RH (PERCENT) 65
WEATHER CONDITIONS. NUMBER OF DAYS WITH
THUNDERSTORM 1 MIXED PRECIP 0
HEAVY RAIN 0 RAIN 0
LIGHT RAIN 7 FREEZING RAIN 0
LT FREEZING RAIN 0 HAIL 0
HEAVY SNOW 1 SNOW 1
LIGHT SNOW 7 SLEET 0
FOG 12 FOG W/VIS <= 1/4 MILE 2
HAZE 5
- INDICATES NEGATIVE NUMBERS.
R INDICATES RECORD WAS SET OR TIED.
MM INDICATES DATA IS MISSING.
T INDICATES TRACE AMOUNT.
$$