000
CXUS51 KCLE 011648
CLMCLE
CLIMATE REPORT
NATIONAL WEATHER SERVICE CLEVELAND, OH
1248 PM EDT SAT JUL 01 2023
...................................
...THE CLEVELAND OH CLIMATE SUMMARY FOR THE MONTH OF JUNE 2023...
CLIMATE NORMAL PERIOD 1991 TO 2020
CLIMATE RECORD PERIOD 1871 TO 2023
WEATHER OBSERVED NORMAL DEPART LAST YEAR`S
VALUE DATE(S) VALUE FROM VALUE
NORMAL
..............................................................
TEMPERATURE (F)
RECORD
HIGH 104 06/25/1988
LOW 31 06/11/1972
HIGHEST 87 06/25
LOWEST 46 06/08
AVG. MAXIMUM 77.0 79.8 -2.8 81.1
AVG. MINIMUM 57.4 61.1 -3.7 61.3
MEAN 67.2 70.4 -3.2 71.2
DAYS MAX >= 90 0 2.8 -2.8 7
DAYS MAX <= 32 0 0.0 0.0 0
DAYS MIN <= 32 0 0.0 0.0 0
DAYS MIN <= 0 0 0.0 0.0 0
PRECIPITATION (INCHES)
RECORD
MAXIMUM 9.77 1902
MINIMUM 0.39 1933
TOTALS 3.99 3.83 0.16 2.55
DAYS >= .01 10 11.5 -1.5 10
DAYS >= .10 7 7.1 -0.1 9
DAYS >= .50 2 2.5 -0.5 1
DAYS >= 1.00 1 0.7 0.3 0
GREATEST
24 HR. TOTAL 2.08 06/11 TO 06/12 0.64
SNOWFALL (INCHES)
RECORDS
TOTAL T MM
TOTALS 0.0 0.0 0.0 0.0
SINCE 7/1 22.7 63.8 -41.1 53.0
DAYS >= 1.0 0 0.0 0.0 0
GREATEST
24 HR TOTAL 0.0
DEGREE DAYS
HEATING TOTAL 33 29 4 12
SINCE 7/1 4980 5513 -533 5287
COOLING TOTAL 107 193 -86 206
SINCE 1/1 152 271 -119 325
..............................................................
WIND (MPH)
AVERAGE WIND SPEED 7.9
HIGHEST WIND SPEED/DIRECTION 32/230 DATE 06/26
HIGHEST GUST SPEED/DIRECTION 42/240 DATE 06/26
SKY COVER
AVERAGE SKY COVER 0.58
AVERAGE RH (PERCENT) 63
WEATHER CONDITIONS. NUMBER OF DAYS WITH
THUNDERSTORM 2 MIXED PRECIP 0
HEAVY RAIN 3 RAIN 7
LIGHT RAIN 11 FREEZING RAIN 0
LT FREEZING RAIN 0 HAIL 0
HEAVY SNOW 0 SNOW 0
LIGHT SNOW 0 SLEET 0
FOG 15 FOG W/VIS <= 1/4 MILE 0
HAZE 10
- INDICATES NEGATIVE NUMBERS.
R INDICATES RECORD WAS SET OR TIED.
MM INDICATES DATA IS MISSING.
T INDICATES TRACE AMOUNT.
$$