000
CXUS51 KCLE 031643
CLMCLE
CLIMATE REPORT
NATIONAL WEATHER SERVICE CLEVELAND, OH
1243 PM EDT SAT JUN 03 2023
...................................
...THE CLEVELAND OH CLIMATE SUMMARY FOR THE MONTH OF MAY 2023...
CLIMATE NORMAL PERIOD 1991 TO 2020
CLIMATE RECORD PERIOD 1871 TO 2023
WEATHER OBSERVED NORMAL DEPART LAST YEAR`S
VALUE DATE(S) VALUE FROM VALUE
NORMAL
..............................................................
TEMPERATURE (F)
RECORD
HIGH 93 05/28/2018
LOW 25 05/10/1966
HIGHEST 87 05/30
LOWEST 35 05/18
AVG. MAXIMUM 69.4 71.1 -1.7 72.9
AVG. MINIMUM 47.5 51.4 -3.9 54.8
MEAN 58.5 61.2 -2.7 63.9
DAYS MAX >= 90 0 0.4 -0.4 0
DAYS MAX <= 32 0 0.0 0.0 0
DAYS MIN <= 32 0 0.2 -0.2 0
DAYS MIN <= 0 0 0.0 0.0 0
PRECIPITATION (INCHES)
RECORD
MAXIMUM 9.14 1989
MINIMUM 0.58 1934
TOTALS 2.55 3.79 -1.24 4.36
DAYS >= .01 6 13.4 -7.4 11
DAYS >= .10 5 8.2 -3.2 9
DAYS >= .50 3 2.4 0.6 2
DAYS >= 1.00 0 0.8 -0.8 1
GREATEST
24 HR. TOTAL 1.20 05/19 TO 05/20 1.17
SNOWFALL (INCHES)
RECORDS
TOTAL 2.1 1974
TOTALS T 0.0 0.0 0.0
SINCE 7/1 22.7 63.8 -41.1 53.0
DAYS >= 1.0 0 0.0 0.0 0
GREATEST
24 HR TOTAL T 05/02 TO 05/02
05/01 TO 05/01
DEGREE DAYS
HEATING TOTAL 220 182 38 132
SINCE 7/1 4947 5487 -540 5275
COOLING TOTAL 26 66 -40 105
SINCE 1/1 45 78 -33 119
..............................................................
WIND (MPH)
AVERAGE WIND SPEED 7.9
HIGHEST WIND SPEED/DIRECTION 29/250 DATE 05/01
29/330 05/03
HIGHEST GUST SPEED/DIRECTION 36/250 DATE 05/01
36/330 05/03
SKY COVER
AVERAGE SKY COVER 0.49
AVERAGE RH (PERCENT) 55
WEATHER CONDITIONS. NUMBER OF DAYS WITH
THUNDERSTORM 1 MIXED PRECIP 0
HEAVY RAIN 2 RAIN 3
LIGHT RAIN 8 FREEZING RAIN 0
LT FREEZING RAIN 0 HAIL 0
HEAVY SNOW 0 SNOW 0
LIGHT SNOW 1 SLEET 0
FOG 6 FOG W/VIS <= 1/4 MILE 1
HAZE 2
- INDICATES NEGATIVE NUMBERS.
R INDICATES RECORD WAS SET OR TIED.
MM INDICATES DATA IS MISSING.
T INDICATES TRACE AMOUNT.
$$