000
CXUS54 KHGX 010934
CLMCLL
CLIMATE REPORT
NATIONAL WEATHER SERVICE HOUSTON/GALVESTON TX
334 AM CST FRI DEC 01 2023
...................................
...THE COLLEGE STATION CLIMATE SUMMARY FOR THE MONTH OF NOVEMBER 2023...
CLIMATE NORMAL PERIOD: 1991 TO 2020
CLIMATE RECORD PERIOD: 1888 TO 2023
WEATHER OBSERVED NORMAL DEPART LAST YEAR`S
VALUE DATE(S) VALUE FROM VALUE DATE(S)
NORMAL
................................................................
TEMPERATURE (F)
RECORD
HIGH 94 11/14/1921
LOW 19 11/29/1976
HIGHEST 89 11/07 MM MM 87 11/07
LOWEST 36 11/27 MM MM 35 11/13
11/20
AVG. MAXIMUM 70.3 71.1 -0.8 68.8
AVG. MINIMUM 52.2 49.8 2.4 51.0
MEAN 61.2 60.4 0.8 59.9
DAYS MAX >= 90 0 0.0 0.0 0
DAYS MAX <= 32 0 0.0 0.0 0
DAYS MIN <= 32 0 1.3 -1.3 0
DAYS MIN <= 0 0 0.0 0.0 0
PRECIPITATION (INCHES)
RECORD
MAXIMUM 13.06 1907
TOTALS 0.94 3.31 -2.37 5.16
DAILY AVG. 0.03 0.11 -0.08 0.17
DAYS >= .01 6 8.3 -2.3 10
DAYS >= .10 5 4.6 0.4 8
DAYS >= .50 0 1.9 -1.9 3
DAYS >= 1.00 0 1.0 -1.0 2
GREATEST
24 HR. TOTAL 0.37 11/09 TO 11/10 1.48 11/11 TO 11/11
SNOWFALL (INCHES)
RECORDS
TOTAL T 2018
TOTALS 0.0
SINCE 7/1 0.0
LIQUID 7/1 0.00
DAYS >= TRACE 0
GREATEST
24 HR TOTAL 0.0
DEGREE DAYS
HEATING TOTAL 170 194 -24 231
SINCE 7/1 205 232 -27 MM
COOLING TOTAL 64 58 6 84
SINCE 1/1 4131 3153 978 MM
................................................................
WIND (MPH)
AVERAGE WIND SPEED 7.1
HIGHEST WIND SPEED/DIRECTION 29/350 DATE 11/21
HIGHEST GUST SPEED/DIRECTION 39/350 DATE 11/21
SKY COVER
AVERAGE SKY COVER 0.49
AVERAGE RH (PERCENT) 67
WEATHER CONDITIONS. NUMBER OF DAYS WITH
THUNDERSTORM 0 MIXED PRECIP 0
HEAVY RAIN 2 RAIN 5
LIGHT RAIN 10 FREEZING RAIN 0
LT FREEZING RAIN 0 HAIL 0
HEAVY SNOW 0 SNOW 0
LIGHT SNOW 0 SLEET 0
FOG 12 FOG W/VIS <= 1/4 MILE 3
HAZE 7
- INDICATES NEGATIVE NUMBERS.
R INDICATES RECORD WAS SET OR TIED.
MM INDICATES DATA IS MISSING.
T INDICATES TRACE AMOUNT.
$$