000
CXUS52 KGSP 011306
CF6CLT
PRELIMINARY LOCAL CLIMATOLOGICAL DATA (WS FORM: F-6)
STATION: CHARLOTTE NC
MONTH: MAY
YEAR: 2022
LATITUDE: 35 12 N
LONGITUDE: 80 57 W
TEMPERATURE IN F: :PCPN: SNOW: WIND :SUNSHINE: SKY :PK WND
================================================================================
1 2 3 4 5 6A 6B 7 8 9 10 11 12 13 14 15 16 17 18
12Z AVG MX 2MIN
DY MAX MIN AVG DEP HDD CDD WTR SNW DPTH SPD SPD DIR MIN PSBL S-S WX SPD DR
================================================================================
1 82 57 70 5 0 5 T 0.0 0 7.5 22 160 M M 6 3 26 160
2 87 62 75 9 0 10 0.00 0.0 0 5.9 16 220 M M 6 1 24 210
3 87 63 75 9 0 10 0.08 0.0 0 8.8 21 180 M M 5 38 26 210
4 88 67 78 12 0 13 0.90 T 0 7.7 22 160 M M 7 35 25 180
5 82 63 73 7 0 8 0.00 0.0 0 7.0 15 130 M M 6 8 25 80
6 82 63 73 6 0 8 0.05 0.0 0 10.0 26 170 M M 8 1238 34 160
7 76 55 66 -1 0 1 0.01 0.0 0 7.7 21 10 M M 6 18 28 360
8 60 50 55 -12 10 0 0.00 0.0 0 11.9 18 40 M M 8 26 60
9 73 44 59 -8 6 0 0.00 0.0 0 7.1 15 20 M M 2 22 60
10 80 44 62 -6 3 0 0.00 0.0 0 8.7 20 20 M M 2 29 30
11 81 51 66 -2 0 1 0.00 0.0 0 10.5 18 30 M M 1 26 70
12 78 58 68 0 0 3 0.03 0.0 0 12.3 24 60 M M 5 31 50
13 78 64 71 3 0 6 0.05 0.0 0 6.3 16 90 M M 8 13 27 70
14 80 61 71 3 0 6 T 0.0 0 2.7 13 110 M M 7 1 19 110
15 86 58 72 3 0 7 T 0.0 0 3.4 15 230 M M 7 20 220
16 87 64 76 7 0 11 T 0.0 0 6.7 16 220 M M 6 3 24 220
17 84 54 69 0 0 4 0.00 0.0 0 4.6 13 10 M M 2 18 50
18 88 53 71 1 0 6 0.00 0.0 0 5.7 16 180 M M 3 20 200
19 93 66 80 10 0 15 T 0.0 0 7.2 16 210 M M 5 20 210
20 94 72 83 13 0 18 0.00 0.0 0 10.1 21 200 M M 5 27 190
21 90 69 80 10 0 15 0.27 0.0 0 8.5 28 200 M M 8 13 35 210
22 88 69 79 9 0 14 0.32 0.0 0 8.5 20 200 M M 7 1 25 190
23 76 67 72 1 0 7 0.62 0.0 0 6.2 20 160 M M 8 13 24 180
24 77 62 70 -1 0 5 0.02 0.0 0 8.2 15 70 M M 9 1 26 70
25 72 62 67 -4 0 2 T 0.0 0 8.5 15 70 M M 10 23 70
26 82 64 73 1 0 8 0.15 0.0 0 11.0 21 140 M M 9 1 27 150
27 83 68 76 4 0 11 0.41 0.0 0 10.3 25 240 M M 7 1 35 220
28 83 57 70 -2 0 5 0.00 0.0 0 3.4 9 300 M M 2 13 60
29 88 61 75 3 0 10 0.00 0.0 0 4.2 13 180 M M 3 16 120
30 89 69 79 6 0 14 0.00 0.0 0 5.0 13 160 M M 5 17 140
31 91 67 79 6 0 14 0.00 0.0 0 3.4 9 220 M M 2 13 210
================================================================================
SM 2565 1884 19 237 2.91 T 229.0 M 175
================================================================================
AV 82.7 60.8 7.4 FASTST M M 6 MAX(MPH)
MISC ----> 28 200 # 35 210
================================================================================
NOTES:
# LAST OF SEVERAL OCCURRENCES
COLUMN 17 PEAK WIND IN M.P.H.
PRELIMINARY LOCAL CLIMATOLOGICAL DATA (WS FORM: F-6) , PAGE 2
STATION: CHARLOTTE NC
MONTH: MAY
YEAR: 2022
LATITUDE: 35 12 N
LONGITUDE: 80 57 W
[TEMPERATURE DATA] [PRECIPITATION DATA] SYMBOLS USED IN COLUMN 16
AVERAGE MONTHLY: 71.8 TOTAL FOR MONTH: 2.91 1 = FOG OR MIST
DPTR FM NORMAL: 2.8 DPTR FM NORMAL: -0.45 2 = FOG REDUCING VISIBILITY
HIGHEST: 94 ON 20 GRTST 24HR 0.90 ON 4- 4 TO 1/4 MILE OR LESS
LOWEST: 44 ON 10, 9 3 = THUNDER
SNOW, ICE PELLETS, HAIL 4 = ICE PELLETS
TOTAL MONTH: T 5 = HAIL
GRTST 24HR T ON 4- 4 6 = FREEZING RAIN OR DRIZZLE
GRTST DEPTH: 0 7 = DUSTSTORM OR SANDSTORM:
VSBY 1/2 MILE OR LESS
8 = SMOKE OR HAZE
[NO. OF DAYS WITH] [WEATHER - DAYS WITH] 9 = BLOWING SNOW
X = TORNADO
MAX 32 OR BELOW: 0 0.01 INCH OR MORE: 12
MAX 90 OR ABOVE: 4 0.10 INCH OR MORE: 6
MIN 32 OR BELOW: 0 0.50 INCH OR MORE: 2
MIN 0 OR BELOW: 0 1.00 INCH OR MORE: 0
[HDD (BASE 65) ]
TOTAL THIS MO. 19 CLEAR (SCALE 0-3) 8
DPTR FM NORMAL -20 PTCLDY (SCALE 4-7) 18
TOTAL FM JUL 1 2526 CLOUDY (SCALE 8-10) 5
DPTR FM NORMAL -531
[CDD (BASE 65) ]
TOTAL THIS MO. 237
DPTR FM NORMAL 72 [PRESSURE DATA]
TOTAL FM JAN 1 319 HIGHEST SLP M ON M
DPTR FM NORMAL 95 LOWEST SLP 29.52 ON 6
[REMARKS]
#FINAL-05-22#