627
CXUS52 KGSP 010817
CF6CLT
PRELIMINARY LOCAL CLIMATOLOGICAL DATA (WS FORM: F-6)
STATION: CHARLOTTE NC
MONTH: SEPTEMBER
YEAR: 2020
LATITUDE: 35 12 N
LONGITUDE: 80 57 W
TEMPERATURE IN F: :PCPN: SNOW: WIND :SUNSHINE: SKY :PK WND
================================================================================
1 2 3 4 5 6A 6B 7 8 9 10 11 12 13 14 15 16 17 18
12Z AVG MX 2MIN
DY MAX MIN AVG DEP HDD CDD WTR SNW DPTH SPD SPD DIR MIN PSBL S-S WX SPD DR
================================================================================
1 89 72 81 6 0 16 0.23 0.0 0 5.6 28 10 M M 8 13 36 10
2 93 71 82 7 0 17 0.50 0.0 0 4.8 16 20 M M 5 138 20 10
3 93 73 83 8 0 18 0.00 0.0 0 5.6 15 220 M M 2 1 19 230
4 92 72 82 8 0 17 0.00 0.0 0 3.7 9 320 M M 4 1 14 340
5 83 65 74 0 0 9 0.00 0.0 0 10.4 18 30 M M 5 23 20
6 84 59 72 -2 0 7 0.00 0.0 0 5.7 14 10 M M 2 23 60
7 86 58 72 -2 0 7 0.00 0.0 0 4.1 10 70 M M 1 19 90
8 85 61 73 0 0 8 T 0.0 0 7.3 13 60 M M 4 25 70
9 81 72 77 4 0 12 0.10 0.0 0 8.2 16 10 M M 8 1 23 60
10 86 73 80 7 0 15 T 0.0 0 5.0 9 40 M M 8 1 17 60
11 91 71 81 9 0 16 0.00 0.0 0 6.2 22 110 M M 6 1 30 90
12 82 74 78 6 0 13 T 0.0 0 10.1 16 130 M M 9 26 100
13 86 70 78 6 0 13 0.00 0.0 0 6.4 13 80 M M 7 18 100
14 88 67 78 6 0 13 0.00 0.0 0 7.8 18 30 M M 5 1 24 60
15 79 64 72 1 0 7 0.00 0.0 0 10.0 15 30 M M 7 23 80
16 78 57 68 -3 0 3 0.02 0.0 0 8.5 15 30 M M 9 22 20
17 72 67 70 0 0 5 1.86 0.0 0 10.6 18 60 M M 10 1 26 30
18 81 67 74 4 0 9 T 0.0 0 11.7 20 30 M M 9 1 27 20
19 68 54 61 -9 4 0 0.00 0.0 0 10.4 20 30 M M 9 24 60
20 71 47 59 -11 6 0 0.00 0.0 0 10.4 18 40 M M 2 28 60
21 71 47 59 -10 6 0 0.00 0.0 0 9.6 20 50 M M 2 24 50
22 73 43 58 -11 7 0 0.00 0.0 0 3.1 8 300 M M 4 12 50
23 78 49 64 -4 1 0 0.00 0.0 0 2.8 9 230 M M 7 12 200
24 73 61 67 -1 0 2 0.20 0.0 0 3.7 9 70 M M 9 1 19 60
25 68 61 65 -3 0 0 1.26 0.0 0 7.8 15 20 M M 10 1 22 100
26 75 59 67 0 0 2 0.00 0.0 0 4.1 10 10 M M 8 1 14 50
27 77 58 68 1 0 3 0.00 0.0 0 3.6 13 220 M M 7 12 16 220
28 82 67 75 9 0 10 0.00 0.0 0 9.4 18 160 M M 7 1 22 170
29 82 58 70 4 0 5 0.29 0.0 0 8.2 21 320 M M 10 138 29 230
30 73 49 61 -5 4 0 0.00 0.0 0 4.5 13 230 M M 2 19 230
================================================================================
SM 2420 1866 28 227 4.46 0.0 209.3 M 186
================================================================================
AV 80.7 62.2 7.0 FASTST M M 6 MAX(MPH)
MISC ----> 28 10 36 10
================================================================================
NOTES:
# LAST OF SEVERAL OCCURRENCES
COLUMN 17 PEAK WIND IN M.P.H.
PRELIMINARY LOCAL CLIMATOLOGICAL DATA (WS FORM: F-6) , PAGE 2
STATION: CHARLOTTE NC
MONTH: SEPTEMBER
YEAR: 2020
LATITUDE: 35 12 N
LONGITUDE: 80 57 W
[TEMPERATURE DATA] [PRECIPITATION DATA] SYMBOLS USED IN COLUMN 16
AVERAGE MONTHLY: 71.4 TOTAL FOR MONTH: 4.46 1 = FOG OR MIST
DPTR FM NORMAL: 0.6 DPTR FM NORMAL: 1.22 2 = FOG REDUCING VISIBILITY
HIGHEST: 93 ON 3, 2 GRTST 24HR 1.86 ON 17-17 TO 1/4 MILE OR LESS
LOWEST: 43 ON 22 3 = THUNDER
SNOW, ICE PELLETS, HAIL 4 = ICE PELLETS
TOTAL MONTH: 0.0 INCH 5 = HAIL
GRTST 24HR 0.0 6 = FREEZING RAIN OR DRIZZLE
GRTST DEPTH: 0 7 = DUSTSTORM OR SANDSTORM:
VSBY 1/2 MILE OR LESS
8 = SMOKE OR HAZE
[NO. OF DAYS WITH] [WEATHER - DAYS WITH] 9 = BLOWING SNOW
X = TORNADO
MAX 32 OR BELOW: 0 0.01 INCH OR MORE: 8
MAX 90 OR ABOVE: 4 0.10 INCH OR MORE: 7
MIN 32 OR BELOW: 0 0.50 INCH OR MORE: 3
MIN 0 OR BELOW: 0 1.00 INCH OR MORE: 2
[HDD (BASE 65) ]
TOTAL THIS MO. 28 CLEAR (SCALE 0-3) 6
DPTR FM NORMAL 5 PTCLDY (SCALE 4-7) 15
TOTAL FM JUL 1 28 CLOUDY (SCALE 8-10) 9
DPTR FM NORMAL 7
[CDD (BASE 65) ]
TOTAL THIS MO. 227
DPTR FM NORMAL 29 [PRESSURE DATA]
TOTAL FM JAN 1 1789 HIGHEST SLP 30.48 ON 21
DPTR FM NORMAL 314 LOWEST SLP 29.68 ON 29
[REMARKS]
#FINAL-09-20#