000
CXUS56 KLOX 011255
CF6CMA
PRELIMINARY LOCAL CLIMATOLOGICAL DATA (WS FORM: F-6)
STATION: CAMARILLO AIRPORT CA
MONTH: JANUARY
YEAR: 2023
LATITUDE: 34 12 N
LONGITUDE: 119 6 W
TEMPERATURE IN F: :PCPN: SNOW: WIND :SUNSHINE: SKY :PK WND
================================================================================
1 2 3 4 5 6A 6B 7 8 9 10 11 12 13 14 15 16 17 18
12Z AVG MX 2MIN
DY MAX MIN AVG DEP HDD CDD WTR SNW DPTH SPD SPD DIR MIN PSBL S-S WX SPD DR
================================================================================
1 62 45 54 -2 11 0 0.00 M M 19.5 41 260 M M 1 53 270
2 56 40 48 -8 17 0 0.11 M M 4.7 15 240 M M 5 1 20 250
3 62 50 56 0 9 0 0.05 M M 11.7 18 60 M M 7 1 24 70
4 64 56 60 4 5 0 0.34 M M 9.7 21 90 M M 8 1 25 230
5 64 45 55 -1 10 0 1.14 M M 10.0 30 260 M M 7 1 40 270
6 63 39 51 -5 14 0 0.00 M M 3.9 12 60 M M 0 1 15 60
7 67 45 56 0 9 0 0.00 M M 4.7 12 260 M M 0 1 15 250
8 65 44 55 -1 10 0 0.08 M M 4.5 17 60 M M 8 1 23 60
9 63 53 58 2 7 0 2.13 M M 14.3 26 150 M M 10 13 M M
10 61 51 56 0 9 0 0.32 M M 8.0 35 270 M M 6 1 51 270
11 63 44 54 -2 11 0 0.00 M M 3.3 13 210 M M 1 1 16 190
12 69 47 58 2 7 0 0.00 M M 12.4 21 70 M M 0 44 60
13 65 48 57 1 8 0 T M M 3.5 14 90 M M 1 20 90
14 57 51 54 -3 11 0 1.43 M M 5.3 17 270 M M 9 1 22 270
15 58 49 54 -3 11 0 0.59 M M 6.1 16 50 M M 7 1 22 60
16 59 47 53 -4 12 0 0.33 M M 16.3 41 260 M M 4 1 53 270
17 60 37 49 -8 16 0 0.00 M M 5.4 22 260 M M 0 36 270
18 60 37 49 -8 16 0 0.00 M M 3.4 10 220 M M 0 14 220
19 59 35 47 -10 18 0 0.00 M M 4.8 17 270 M M 2 22 270
20 64 36 50 -7 15 0 0.00 M M 10.5 20 40 M M 0 40 80
21 68 37 53 -4 12 0 0.00 M M 6.1 18 70 M M 0 24 70
22 62 33 48 -9 17 0 0.00 M M 4.3 20 70 M M 0 39 80
23 62 39 51 -6 14 0 0.00 M M 8.0 20 70 M M 0 38 80
24 67 38 53 -4 12 0 0.00 M M 4.6 14 220 M M 0 19 230
25 72 35 54 -3 11 0 0.00 M M 9.7 22 90 M M 0 47 80
26 71 43 57 0 8 0 0.00 M M 14.5 39 80 M M 0 60 70
27 65 37 51 -6 14 0 0.00 M M 3.7 12 210 M M 0 16 220
28 61 36 49 -8 16 0 0.00 M M 3.7 12 220 M M 1 1 17 200
29 57 44 51 -6 14 0 0.34 M M 5.5 14 260 M M 9 18 17 260
30 61 44 53 -4 12 0 0.59 M M 10.4 20 50 M M 8 1 38 40
31 64 43 54 -3 11 0 0.00 M M 14.8 36 60 M M 0 57 70
================================================================================
SM 1951 1328 367 0 7.45 M 247.3 M 94
================================================================================
AV 62.9 42.8 8.0 FASTST M M 3 MAX(MPH)
MISC ----> # 41 260 60 70
================================================================================
NOTES:
# LAST OF SEVERAL OCCURRENCES
COLUMN 17 PEAK WIND IN M.P.H.
PRELIMINARY LOCAL CLIMATOLOGICAL DATA (WS FORM: F-6) , PAGE 2
STATION: CAMARILLO AIRPORT CA
MONTH: JANUARY
YEAR: 2023
LATITUDE: 34 12 N
LONGITUDE: 119 6 W
[TEMPERATURE DATA] [PRECIPITATION DATA] SYMBOLS USED IN COLUMN 16
AVERAGE MONTHLY: 52.9 TOTAL FOR MONTH: 7.45 1 = FOG OR MIST
DPTR FM NORMAL: -3.6 DPTR FM NORMAL: 4.60 2 = FOG REDUCING VISIBILITY
HIGHEST: 72 ON 25 GRTST 24HR 2.13 ON 9- 9 TO 1/4 MILE OR LESS
LOWEST: 33 ON 22 3 = THUNDER
SNOW, ICE PELLETS, HAIL 4 = ICE PELLETS
TOTAL MONTH: M 5 = HAIL
GRTST 24HR M ON M 6 = FREEZING RAIN OR DRIZZLE
GRTST DEPTH: M ON M 7 = DUSTSTORM OR SANDSTORM:
VSBY 1/2 MILE OR LESS
8 = SMOKE OR HAZE
[NO. OF DAYS WITH] [WEATHER - DAYS WITH] 9 = BLOWING SNOW
X = TORNADO
MAX 32 OR BELOW: 0 0.01 INCH OR MORE: 12
MAX 90 OR ABOVE: 0 0.10 INCH OR MORE: 10
MIN 32 OR BELOW: 0 0.50 INCH OR MORE: 5
MIN 0 OR BELOW: 0 1.00 INCH OR MORE: 3
[HDD (BASE 65) ]
TOTAL THIS MO. 367 CLEAR (SCALE 0-3) 19
DPTR FM NORMAL 92 PTCLDY (SCALE 4-7) 9
TOTAL FM JUL 1 950 CLOUDY (SCALE 8-10) 3
DPTR FM NORMAL 159
[CDD (BASE 65) ]
TOTAL THIS MO. 0
DPTR FM NORMAL -11 [PRESSURE DATA]
TOTAL FM JAN 1 0 HIGHEST SLP 30.46 ON 26
DPTR FM NORMAL -11 LOWEST SLP 29.66 ON 16
[REMARKS]
#FINAL-01-23#