000
CXUS56 KLOX 011155
CF6CMA
PRELIMINARY LOCAL CLIMATOLOGICAL DATA (WS FORM: F-6)
STATION: CAMARILLO AIRPORT CA
MONTH: OCTOBER
YEAR: 2021
LATITUDE: 34 12 N
LONGITUDE: 119 6 W
TEMPERATURE IN F: :PCPN: SNOW: WIND :SUNSHINE: SKY :PK WND
================================================================================
1 2 3 4 5 6A 6B 7 8 9 10 11 12 13 14 15 16 17 18
12Z AVG MX 2MIN
DY MAX MIN AVG DEP HDD CDD WTR SNW DPTH SPD SPD DIR MIN PSBL S-S WX SPD DR
================================================================================
1 85 53 69 2 0 4 0.00 M M 4.6 12 280 M M 0 18 17 250
2 83 52 68 1 0 3 0.00 M M 3.1 12 270 M M 2 128 16 260
3 89 53 71 4 0 6 0.00 M M 3.0 14 260 M M 0 17 280
4 87 61 74 7 0 9 0.12 M M 6.8 18 180 M M 2 38 29 180
5 82 63 73 6 0 8 T M M 7.1 15 260 M M 1 8 20 240
6 74 62 68 2 0 3 0.00 M M 4.5 15 230 M M 6 18 21 230
7 73 63 68 2 0 3 0.01 M M 4.6 14 210 M M 9 18 20 220
8 73 56 65 -1 0 0 0.01 M M 4.8 14 260 M M 6 8 20 270
9 75 51 63 -3 2 0 0.00 M M 4.4 15 260 M M 0 20 260
10 78 50 64 -2 1 0 0.00 M M 4.6 15 240 M M 0 19 240
11 81 51 66 0 0 1 0.00 M M 11.1 29 290 M M 2 8 38 310
12 73 50 62 -4 3 0 0.00 M M 7.3 20 280 M M 0 24 280
13 75 45 60 -5 5 0 0.00 M M 3.7 14 230 M M 0 17 270
14 75 45 60 -5 5 0 0.00 M M 3.3 14 210 M M 0 18 210
15 94 51 73 8 0 8 0.00 M M 11.1 29 60 M M 0 40 60
16 92 54 73 8 0 8 0.00 M M 8.2 18 210 M M 0 23 220
17 75 48 62 -3 3 0 0.00 M M 4.9 17 230 M M 1 23 240
18 71 57 64 -1 1 0 T M M 6.3 17 260 M M 4 22 260
19 70 46 58 -7 7 0 0.00 M M 4.5 14 210 M M 0 20 210
20 73 48 61 -4 4 0 0.00 M M 5.2 15 260 M M 0 21 240
21 75 48 62 -2 3 0 0.00 M M 3.5 10 240 M M 3 8 15 260
22 71 55 63 -1 2 0 0.00 M M 6.8 20 270 M M 9 18 25 280
23 73 58 66 2 0 1 0.00 M M 4.4 15 270 M M 5 8 22 270
24 72 54 63 -1 2 0 0.00 M M 3.9 14 210 M M 1 19 210
25 66 54 60 -4 5 0 0.70 M M 8.8 24 270 M M 6 18 36 250
26 71 49 60 -4 5 0 0.00 M M 3.5 12 270 M M 0 15 270
27 77 49 63 -1 2 0 0.00 M M 3.7 10 230 M M 0 14 230
28 94 58 76 12 0 11 0.00 M M 8.9 29 70 M M 0 37 70
29 79 53 66 2 0 1 0.00 M M 3.5 13 210 M M 2 12 17 250
30 63 56 60 -4 5 0 0.00 M M 3.0 9 280 M M 10 128 12 230
31 66 55 61 -2 4 0 0.00 M M 2.9 13 260 M M 8 18 16 260
================================================================================
SM 2385 1648 59 66 0.84 M 166.0 M 77
================================================================================
AV 76.9 53.2 5.4 FASTST M M 2 MAX(MPH)
MISC ----> # 29 290 40 60
================================================================================
NOTES:
# LAST OF SEVERAL OCCURRENCES
COLUMN 17 PEAK WIND IN M.P.H.
PRELIMINARY LOCAL CLIMATOLOGICAL DATA (WS FORM: F-6) , PAGE 2
STATION: CAMARILLO AIRPORT CA
MONTH: OCTOBER
YEAR: 2021
LATITUDE: 34 12 N
LONGITUDE: 119 6 W
[TEMPERATURE DATA] [PRECIPITATION DATA] SYMBOLS USED IN COLUMN 16
AVERAGE MONTHLY: 65.0 TOTAL FOR MONTH: 0.84 1 = FOG OR MIST
DPTR FM NORMAL: -0.2 DPTR FM NORMAL: 0.34 2 = FOG REDUCING VISIBILITY
HIGHEST: 94 ON 28,15 GRTST 24HR 0.70 ON 25-25 TO 1/4 MILE OR LESS
LOWEST: 45 ON 14,13 3 = THUNDER
SNOW, ICE PELLETS, HAIL 4 = ICE PELLETS
TOTAL MONTH: M 5 = HAIL
GRTST 24HR M ON M 6 = FREEZING RAIN OR DRIZZLE
GRTST DEPTH: M ON M 7 = DUSTSTORM OR SANDSTORM:
VSBY 1/2 MILE OR LESS
8 = SMOKE OR HAZE
[NO. OF DAYS WITH] [WEATHER - DAYS WITH] 9 = BLOWING SNOW
X = TORNADO
MAX 32 OR BELOW: 0 0.01 INCH OR MORE: 4
MAX 90 OR ABOVE: 3 0.10 INCH OR MORE: 2
MIN 32 OR BELOW: 0 0.50 INCH OR MORE: 1
MIN 0 OR BELOW: 0 1.00 INCH OR MORE: 0
[HDD (BASE 65) ]
TOTAL THIS MO. 59 CLEAR (SCALE 0-3) 22
DPTR FM NORMAL -2 PTCLDY (SCALE 4-7) 6
TOTAL FM JUL 1 59 CLOUDY (SCALE 8-10) 3
DPTR FM NORMAL -13
[CDD (BASE 65) ]
TOTAL THIS MO. 66
DPTR FM NORMAL 0 [PRESSURE DATA]
TOTAL FM JAN 1 847 HIGHEST SLP 30.20 ON 27
DPTR FM NORMAL 235 LOWEST SLP 29.65 ON 11
[REMARKS]
#FINAL-10-21#