000
CXUS56 KLOX 011155
CF6CMA
PRELIMINARY LOCAL CLIMATOLOGICAL DATA (WS FORM: F-6)
STATION: CAMARILLO AIRPORT CA
MONTH: JUNE
YEAR: 2021
LATITUDE: 34 12 N
LONGITUDE: 119 6 W
TEMPERATURE IN F: :PCPN: SNOW: WIND :SUNSHINE: SKY :PK WND
================================================================================
1 2 3 4 5 6A 6B 7 8 9 10 11 12 13 14 15 16 17 18
12Z AVG MX 2MIN
DY MAX MIN AVG DEP HDD CDD WTR SNW DPTH SPD SPD DIR MIN PSBL S-S WX SPD DR
================================================================================
1 73 60 67 3 0 2 0.00 M M 4.9 13 260 M M 7 8 M M
2 71 59 65 1 0 0 0.00 M M 5.4 10 230 M M 7 18 M M
3 74 60 67 3 0 2 0.00 M M 5.0 12 250 M M 7 8 18 250
4 74 59 67 3 0 2 0.00 M M 6.1 14 230 M M 7 8 18 230
5 74 59 67 3 0 2 0.00 M M 5.8 14 250 M M 5 8 25 250
6 72 61 67 3 0 2 0.00 M M 6.7 14 230 M M 9 23 210
7 72 62 67 3 0 2 0.00 M M 8.0 18 240 M M 10 8 22 240
8 74 59 67 2 0 2 0.00 M M 6.3 16 270 M M 3 22 280
9 74 57 66 1 0 1 0.00 M M 8.7 23 280 M M 0 28 270
10 78 50 64 -1 1 0 0.00 M M 6.3 21 270 M M 0 8 25 270
11 79 53 66 1 0 1 0.00 M M 5.7 12 230 M M 0 M M
12 82 56 69 4 0 4 0.00 M M 4.4 13 210 M M 0 M M
13 77 62 70 5 0 5 0.00 M M 5.7 12 250 M M 3 8 M M
14 84 60 72 6 0 7 0.00 M M 4.6 10 250 M M 0 M M
15 88 59 74 8 0 9 0.00 M M 4.2 10 300 M M 0 18 14 260
16 85 65 75 9 0 10 0.00 M M 8.0 18 230 M M 0 8 22 230
17 76 63 70 4 0 5 0.00 M M 5.7 16 240 M M 5 8 21 240
18 75 63 69 3 0 4 0.00 M M 5.8 13 200 M M 7 18 17 200
19 76 64 70 4 0 5 0.00 M M 4.6 13 270 M M 8 18 21 220
20 74 63 69 3 0 4 0.00 M M 5.8 15 240 M M 7 8 21 240
21 74 63 69 2 0 4 0.00 M M 5.5 16 210 M M 5 8 22 210
22 77 63 70 3 0 5 0.00 M M 6.5 15 280 M M 5 19 260
23 77 62 70 3 0 5 0.00 M M 6.3 18 270 M M 3 21 270
24 76 59 68 1 0 3 0.00 M M 5.6 16 270 M M 2 21 230
25 77 57 67 0 0 2 0.00 M M 5.2 15 260 M M 0 20 270
26 80 60 70 3 0 5 0.00 M M 4.6 14 260 M M 1 8 17 230
27 80 62 71 3 0 6 0.00 M M 4.9 14 220 M M 0 8 24 230
28 80 65 73 5 0 8 0.00 M M 5.7 13 230 M M 2 8 17 230
29 76 66 71 3 0 6 0.00 M M 6.1 15 230 M M 9 8 22 230
30 78 67 73 5 0 8 0.00 M M 7.1 16 240 M M 6 8 23 210
================================================================================
SM 2307 1818 1 121 0.00 M 175.2 M 118
================================================================================
AV 76.9 60.6 5.8 FASTST M M 4 MAX(MPH)
MISC ----> 23 280 28 270
================================================================================
NOTES:
# LAST OF SEVERAL OCCURRENCES
COLUMN 17 PEAK WIND IN M.P.H.
PRELIMINARY LOCAL CLIMATOLOGICAL DATA (WS FORM: F-6) , PAGE 2
STATION: CAMARILLO AIRPORT CA
MONTH: JUNE
YEAR: 2021
LATITUDE: 34 12 N
LONGITUDE: 119 6 W
[TEMPERATURE DATA] [PRECIPITATION DATA] SYMBOLS USED IN COLUMN 16
AVERAGE MONTHLY: 68.8 TOTAL FOR MONTH: 0.00 1 = FOG OR MIST
DPTR FM NORMAL: 2.8 DPTR FM NORMAL: -0.13 2 = FOG REDUCING VISIBILITY
HIGHEST: 88 ON 15 GRTST 24HR 0.00 ON 1- 1 TO 1/4 MILE OR LESS
LOWEST: 50 ON 10 3 = THUNDER
SNOW, ICE PELLETS, HAIL 4 = ICE PELLETS
TOTAL MONTH: M 5 = HAIL
GRTST 24HR M ON M 6 = FREEZING RAIN OR DRIZZLE
GRTST DEPTH: M ON M 7 = DUSTSTORM OR SANDSTORM:
VSBY 1/2 MILE OR LESS
8 = SMOKE OR HAZE
[NO. OF DAYS WITH] [WEATHER - DAYS WITH] 9 = BLOWING SNOW
X = TORNADO
MAX 32 OR BELOW: 0 0.01 INCH OR MORE: 0
MAX 90 OR ABOVE: 0 0.10 INCH OR MORE: 0
MIN 32 OR BELOW: 0 0.50 INCH OR MORE: 0
MIN 0 OR BELOW: 0 1.00 INCH OR MORE: 0
[HDD (BASE 65) ]
TOTAL THIS MO. 1 CLEAR (SCALE 0-3) 14
DPTR FM NORMAL -24 PTCLDY (SCALE 4-7) 13
TOTAL FM JUL 1 1227 CLOUDY (SCALE 8-10) 3
DPTR FM NORMAL -324
[CDD (BASE 65) ]
TOTAL THIS MO. 121
DPTR FM NORMAL 71 [PRESSURE DATA]
TOTAL FM JAN 1 193 HIGHEST SLP 30.13 ON 10
DPTR FM NORMAL 83 LOWEST SLP 29.68 ON 27
[REMARKS]
#FINAL-06-21#