000
CXUS56 KLOX 011155
CF6CMA
PRELIMINARY LOCAL CLIMATOLOGICAL DATA (WS FORM: F-6)
STATION: CAMARILLO AIRPORT CA
MONTH: MARCH
YEAR: 2021
LATITUDE: 34 12 N
LONGITUDE: 119 6 W
TEMPERATURE IN F: :PCPN: SNOW: WIND :SUNSHINE: SKY :PK WND
================================================================================
1 2 3 4 5 6A 6B 7 8 9 10 11 12 13 14 15 16 17 18
12Z AVG MX 2MIN
DY MAX MIN AVG DEP HDD CDD WTR SNW DPTH SPD SPD DIR MIN PSBL S-S WX SPD DR
================================================================================
1 79 44 62 7 3 0 0.00 M M 10.5 22 90 M M 0 27 90
2 77 40 59 4 6 0 0.00 M M 6.0 18 80 M M 1 24 70
3 62 38 50 -5 15 0 0.01 M M 6.2 23 70 M M 2 26 80
4 67 40 54 -1 11 0 0.00 M M 4.5 15 210 M M 1 19 210
5 71 41 56 1 9 0 0.00 M M 5.2 16 270 M M 0 8 18 260
6 67 43 55 0 10 0 0.00 M M 5.2 13 250 M M 0 18 17 260
7 65 47 56 1 9 0 0.00 M M 4.2 12 210 M M 4 18 14 200
8 66 49 58 3 7 0 0.00 M M 6.8 22 270 M M 4 27 260
9 65 43 54 -2 11 0 0.00 M M 9.0 29 280 M M 0 36 260
10 59 47 53 -3 12 0 0.37 M M 5.4 20 300 M M 6 1 24 310
11 58 42 50 -6 15 0 0.01 M M 5.0 15 230 M M 4 19 210
12 63 38 51 -5 14 0 0.25 M M 5.2 16 270 M M 3 13 20 240
13 63 39 51 -5 14 0 0.00 M M 5.5 23 280 M M 0 28 270
14 63 43 53 -3 12 0 0.00 M M 5.1 16 270 M M 6 18 22 270
15 62 49 56 0 9 0 0.12 M M 16.4 38 280 M M 4 1 46 280
16 61 38 50 -6 15 0 0.00 M M 7.6 17 270 M M 0 M M
17 64 39 52 -4 13 0 0.00 M M 3.9 14 220 M M 0 M M
18 67 48 58 2 7 0 0.00 M M 4.8 15 280 M M 1 M M
19 68 47 58 1 7 0 0.00 M M 6.4 16 270 M M 3 23 250
20 70 50 60 3 5 0 T M M 7.5 22 260 M M 3 26 270
21 72 41 57 0 8 0 0.00 M M 6.4 25 270 M M 0 30 270
22 67 41 54 -3 11 0 0.00 M M 4.9 14 220 M M 1 18 240
23 70 46 58 1 7 0 0.00 M M 6.8 23 270 M M 1 28 260
24 75 50 63 6 2 0 0.00 M M 9.7 23 270 M M 0 30 280
25 63 45 54 -3 11 0 0.00 M M 8.7 21 270 M M 4 33 260
26 68 42 55 -2 10 0 0.00 M M 5.7 17 260 M M 0 21 270
27 80 42 61 4 4 0 0.00 M M 5.0 14 200 M M 0 M M
28 80 44 62 5 3 0 0.00 M M 4.6 13 240 M M 0 17 260
29 75 45 60 3 5 0 0.00 M M 4.2 13 230 M M 0 8 16 240
30 71 46 59 2 6 0 0.00 M M 5.2 15 230 M M 0 18 21 230
31 92 46 69 12 0 4 0.00 M M 12.4 33 70 M M 0 18 42 60
================================================================================
SM 2130 1353 271 4 0.76 M 204.1 M 48
================================================================================
AV 68.7 43.6 6.6 FASTST M M 2 MAX(MPH)
MISC ----> 38 280 46 280
================================================================================
NOTES:
# LAST OF SEVERAL OCCURRENCES
COLUMN 17 PEAK WIND IN M.P.H.
PRELIMINARY LOCAL CLIMATOLOGICAL DATA (WS FORM: F-6) , PAGE 2
STATION: CAMARILLO AIRPORT CA
MONTH: MARCH
YEAR: 2021
LATITUDE: 34 12 N
LONGITUDE: 119 6 W
[TEMPERATURE DATA] [PRECIPITATION DATA] SYMBOLS USED IN COLUMN 16
AVERAGE MONTHLY: 56.2 TOTAL FOR MONTH: 0.76 1 = FOG OR MIST
DPTR FM NORMAL: 0.0 DPTR FM NORMAL: -1.89 2 = FOG REDUCING VISIBILITY
HIGHEST: 92 ON 31 GRTST 24HR 0.37 ON 10-10 TO 1/4 MILE OR LESS
LOWEST: 38 ON 16,12 3 = THUNDER
SNOW, ICE PELLETS, HAIL 4 = ICE PELLETS
TOTAL MONTH: M 5 = HAIL
GRTST 24HR M ON M 6 = FREEZING RAIN OR DRIZZLE
GRTST DEPTH: M ON M 7 = DUSTSTORM OR SANDSTORM:
VSBY 1/2 MILE OR LESS
8 = SMOKE OR HAZE
[NO. OF DAYS WITH] [WEATHER - DAYS WITH] 9 = BLOWING SNOW
X = TORNADO
MAX 32 OR BELOW: 0 0.01 INCH OR MORE: 5
MAX 90 OR ABOVE: 1 0.10 INCH OR MORE: 3
MIN 32 OR BELOW: 0 0.50 INCH OR MORE: 0
MIN 0 OR BELOW: 0 1.00 INCH OR MORE: 0
[HDD (BASE 65) ]
TOTAL THIS MO. 271 CLEAR (SCALE 0-3) 24
DPTR FM NORMAL -6 PTCLDY (SCALE 4-7) 7
TOTAL FM JUL 1 1065 CLOUDY (SCALE 8-10) 0
DPTR FM NORMAL -548
[CDD (BASE 65) ]
TOTAL THIS MO. 4
DPTR FM NORMAL 0 [PRESSURE DATA]
TOTAL FM JAN 1 41 HIGHEST SLP 30.30 ON 14
DPTR FM NORMAL 28 LOWEST SLP 29.78 ON 3
[REMARKS]
#FINAL-03-21#