529
CXUS56 KLOX 011255
CF6CMA
PRELIMINARY LOCAL CLIMATOLOGICAL DATA (WS FORM: F-6)
STATION: CAMARILLO AIRPORT CA
MONTH: FEBRUARY
YEAR: 2021
LATITUDE: 34 12 N
LONGITUDE: 119 6 W
TEMPERATURE IN F: :PCPN: SNOW: WIND :SUNSHINE: SKY :PK WND
================================================================================
1 2 3 4 5 6A 6B 7 8 9 10 11 12 13 14 15 16 17 18
12Z AVG MX 2MIN
DY MAX MIN AVG DEP HDD CDD WTR SNW DPTH SPD SPD DIR MIN PSBL S-S WX SPD DR
================================================================================
1 72 53 63 9 2 0 0.00 M M 5.0 15 80 M M 4 17 240
2 66 48 57 3 8 0 0.00 M M 3.3 12 260 M M 2 15 260
3 68 44 56 2 9 0 0.00 M M 3.9 13 240 M M 0 16 280
4 72 43 58 4 7 0 0.00 M M 5.5 17 230 M M 0 24 80
5 70 42 56 2 9 0 0.00 M M 3.1 12 240 M M 0 15 240
6 71 41 56 2 9 0 0.00 M M 4.0 9 260 M M 0 12 240
7 68 43 56 2 9 0 0.00 M M 3.3 16 230 M M 2 128 18 230
8 61 50 56 2 9 0 0.00 M M 3.7 13 230 M M 8 128 16 240
9 62 51 57 3 8 0 0.00 M M 4.2 14 280 M M 9 18 17 280
10 64 45 55 1 10 0 0.00 M M 3.4 12 230 M M 1 18 15 210
11 65 43 54 0 11 0 0.00 M M 4.1 13 250 M M 0 18 18 240
12 69 50 60 6 5 0 0.01 M M 8.1 25 270 M M 3 18 30 270
13 67 47 57 3 8 0 0.00 M M 11.2 31 280 M M 1 38 260
14 67 42 55 1 10 0 0.00 M M 4.6 16 270 M M 0 19 260
15 65 44 55 1 10 0 0.00 M M 4.6 13 200 M M 1 16 210
16 69 47 58 4 7 0 0.00 M M 4.6 14 230 M M 3 18 260
17 69 40 55 1 10 0 0.00 M M 4.5 13 270 M M 0 17 270
18 74 45 60 6 5 0 0.00 M M 13.9 29 70 M M 0 38 60
19 69 40 55 1 10 0 0.00 M M 2.7 12 230 M M 0 15 220
20 74 41 58 4 7 0 0.00 M M 6.1 24 260 M M 0 30 270
21 78 47 63 9 2 0 0.00 M M 13.4 32 60 M M 0 40 50
22 85 46 66 12 0 1 0.00 M M 13.2 29 80 M M 0 36 80
23 80 46 63 9 2 0 0.00 M M 3.5 15 230 M M 0 17 230
24 72 45 59 5 6 0 0.00 M M 3.5 14 220 M M 0 18 240
25 76 46 61 7 4 0 0.00 M M 18.2 44 70 M M 0 55 70
26 71 41 56 2 9 0 0.00 M M 4.2 14 240 M M 0 8 17 240
27 74 41 58 4 7 0 0.00 M M 6.9 18 280 M M 0 21 280
28 75 59 67 13 0 2 0.00 M M 21.8 36 70 M M 0 49 70
================================================================================
SM 1973 1270 193 3 0.01 M 188.5 M 34
================================================================================
AV 70.5 45.4 6.7 FASTST M M 1 MAX(MPH)
MISC ----> 44 70 55 70
================================================================================
NOTES:
# LAST OF SEVERAL OCCURRENCES
COLUMN 17 PEAK WIND IN M.P.H.
PRELIMINARY LOCAL CLIMATOLOGICAL DATA (WS FORM: F-6) , PAGE 2
STATION: CAMARILLO AIRPORT CA
MONTH: FEBRUARY
YEAR: 2021
LATITUDE: 34 12 N
LONGITUDE: 119 6 W
[TEMPERATURE DATA] [PRECIPITATION DATA] SYMBOLS USED IN COLUMN 16
AVERAGE MONTHLY: 57.9 TOTAL FOR MONTH: 0.01 1 = FOG OR MIST
DPTR FM NORMAL: 4.2 DPTR FM NORMAL: -3.70 2 = FOG REDUCING VISIBILITY
HIGHEST: 85 ON 22 GRTST 24HR 0.01 ON 12-12 TO 1/4 MILE OR LESS
LOWEST: 40 ON 19,17 3 = THUNDER
SNOW, ICE PELLETS, HAIL 4 = ICE PELLETS
TOTAL MONTH: M 5 = HAIL
GRTST 24HR M ON M 6 = FREEZING RAIN OR DRIZZLE
GRTST DEPTH: M ON M 7 = DUSTSTORM OR SANDSTORM:
VSBY 1/2 MILE OR LESS
8 = SMOKE OR HAZE
[NO. OF DAYS WITH] [WEATHER - DAYS WITH] 9 = BLOWING SNOW
X = TORNADO
MAX 32 OR BELOW: 0 0.01 INCH OR MORE: 1
MAX 90 OR ABOVE: 0 0.10 INCH OR MORE: 0
MIN 32 OR BELOW: 0 0.50 INCH OR MORE: 0
MIN 0 OR BELOW: 0 1.00 INCH OR MORE: 0
[HDD (BASE 65) ]
TOTAL THIS MO. 193 CLEAR (SCALE 0-3) 24
DPTR FM NORMAL -124 PTCLDY (SCALE 4-7) 3
TOTAL FM JUL 1 794 CLOUDY (SCALE 8-10) 1
DPTR FM NORMAL -543
[CDD (BASE 65) ]
TOTAL THIS MO. 3
DPTR FM NORMAL 1 [PRESSURE DATA]
TOTAL FM JAN 1 37 HIGHEST SLP 30.38 ON 18
DPTR FM NORMAL 30 LOWEST SLP 29.83 ON 13
[REMARKS]
#FINAL-02-21#