136
CXUS56 KLOX 011655
CF6CMA
PRELIMINARY LOCAL CLIMATOLOGICAL DATA (WS FORM: F-6)
STATION: CAMARILLO AIRPORT CA
MONTH: JULY
YEAR: 2020
LATITUDE: 34 12 N
LONGITUDE: 119 6 W
TEMPERATURE IN F: :PCPN: SNOW: WIND :SUNSHINE: SKY :PK WND
================================================================================
1 2 3 4 5 6A 6B 7 8 9 10 11 12 13 14 15 16 17 18
12Z AVG MX 2MIN
DY MAX MIN AVG DEP HDD CDD WTR SNW DPTH SPD SPD DIR MIN PSBL S-S WX SPD DR
================================================================================
1 75 63 69 3 0 4 0.00 0.0 0 4.8 14 240 M M 7 20 230
2 77 62 70 4 0 5 0.00 0.0 0 5.6 15 220 M M 4 20 230
3 79 56 68 2 0 3 0.00 0.0 0 3.9 13 260 M M 0 19 230
4 83 56 70 4 0 5 0.00 0.0 0 4.6 13 230 M M 0 17 250
5 86 59 73 7 0 8 0.00 0.0 0 4.6 14 210 M M 0 8 19 220
6 83 59 71 5 0 6 0.00 0.0 0 4.8 14 270 M M 0 8 18 270
7 80 60 70 3 0 5 0.00 0.0 0 4.7 14 250 M M 0 8 18 250
8 76 56 66 -1 0 1 0.00 0.0 0 5.3 15 260 M M 1 18 21 260
9 75 59 67 0 0 2 0.00 0.0 0 5.6 14 230 M M 4 18 18 220
10 79 61 70 3 0 5 0.00 0.0 0 4.8 13 250 M M 3 18 17 240
11 84 60 72 5 0 7 0.00 0.0 0 4.6 12 260 M M 3 128 15 260
12 84 61 73 6 0 8 0.00 0.0 0 4.8 13 270 M M 0 18 19 260
13 78 60 69 2 0 4 0.00 0.0 0 5.9 15 270 M M 2 18 20 250
14 74 62 68 1 0 3 0.00 0.0 0 5.6 14 270 M M 6 18 19 230
15 74 61 68 1 0 3 0.00 0.0 0 6.0 14 240 M M 5 18 19 220
16 74 60 67 0 0 2 0.00 0.0 0 5.3 14 240 M M 5 18 270
17 76 60 68 1 0 3 0.00 0.0 0 5.8 14 270 M M 2 18 230
18 75 55 65 -2 0 0 0.00 0.0 0 5.5 14 270 M M 0 19 250
19 72 59 66 -1 0 1 0.00 0.0 0 6.1 16 270 M M 4 1 20 260
20 75 61 68 1 0 3 0.00 0.0 0 5.3 14 240 M M 2 21 270
21 76 58 67 0 0 2 0.00 0.0 0 5.9 17 270 M M 4 1 21 260
22 72 59 66 -1 0 1 0.00 0.0 0 5.6 14 260 M M 8 1 21 230
23 73 60 67 0 0 2 0.00 0.0 0 5.9 15 220 M M 5 21 240
24 75 56 66 -1 0 1 0.00 0.0 0 4.8 15 220 M M 1 20 240
25 74 57 66 -1 0 1 0.00 0.0 0 5.5 14 260 M M 2 18 20 240
26 71 57 64 -3 1 0 0.00 0.0 0 5.1 14 270 M M 4 128 18 260
27 71 58 65 -2 0 0 0.00 0.0 0 5.2 14 260 M M 5 1 20 260
28 72 58 65 -2 0 0 0.00 0.0 0 5.0 14 270 M M 4 18 18 240
29 71 60 66 -1 0 1 0.00 0.0 0 4.1 14 260 M M 6 18 18 260
30 76 58 67 0 0 2 0.00 0.0 0 5.2 13 260 M M 4 18 17 260
31 79 57 68 1 0 3 0.00 0.0 0 4.5 12 260 M M 1 128 16 270
================================================================================
SM 2369 1828 1 91 0.00 0.0 160.4 M 92
================================================================================
AV 76.4 59.0 5.2 FASTST M M 3 MAX(MPH)
MISC ----> # 17 270 # 21 260
================================================================================
NOTES:
# LAST OF SEVERAL OCCURRENCES
COLUMN 17 PEAK WIND IN M.P.H.
PRELIMINARY LOCAL CLIMATOLOGICAL DATA (WS FORM: F-6) , PAGE 2
STATION: CAMARILLO AIRPORT CA
MONTH: JULY
YEAR: 2020
LATITUDE: 34 12 N
LONGITUDE: 119 6 W
[TEMPERATURE DATA] [PRECIPITATION DATA] SYMBOLS USED IN COLUMN 16
AVERAGE MONTHLY: 67.7 TOTAL FOR MONTH: 0.00 1 = FOG OR MIST
DPTR FM NORMAL: 0.8 DPTR FM NORMAL: -0.02 2 = FOG REDUCING VISIBILITY
HIGHEST: 86 ON 5 GRTST 24HR 0.00 ON 31-31 TO 1/4 MILE OR LESS
LOWEST: 55 ON 18 3 = THUNDER
SNOW, ICE PELLETS, HAIL 4 = ICE PELLETS
TOTAL MONTH: 0.0 INCH 5 = HAIL
GRTST 24HR 0.0 6 = FREEZING RAIN OR DRIZZLE
GRTST DEPTH: 0 7 = DUSTSTORM OR SANDSTORM:
VSBY 1/2 MILE OR LESS
8 = SMOKE OR HAZE
[NO. OF DAYS WITH] [WEATHER - DAYS WITH] 9 = BLOWING SNOW
X = TORNADO
MAX 32 OR BELOW: 0 0.01 INCH OR MORE: 0
MAX 90 OR ABOVE: 0 0.10 INCH OR MORE: 0
MIN 32 OR BELOW: 0 0.50 INCH OR MORE: 0
MIN 0 OR BELOW: 0 1.00 INCH OR MORE: 0
[HDD (BASE 65) ]
TOTAL THIS MO. 1 CLEAR (SCALE 0-3) 15
DPTR FM NORMAL -9 PTCLDY (SCALE 4-7) 15
TOTAL FM JUL 1 1 CLOUDY (SCALE 8-10) 1
DPTR FM NORMAL -9
[CDD (BASE 65) ]
TOTAL THIS MO. 91
DPTR FM NORMAL 20 [PRESSURE DATA]
TOTAL FM JAN 1 360 HIGHEST SLP M ON M
DPTR FM NORMAL 235 LOWEST SLP 29.75 ON 21
[REMARKS]
#FINAL-07-20#