000
CXUS51 KILN 011746
CF6CMH
PRELIMINARY LOCAL CLIMATOLOGICAL DATA (WS FORM: F-6)
STATION: COLUMBUS OH
MONTH: FEBRUARY
YEAR: 2022
LATITUDE: 40 0 N
LONGITUDE: 82 53 W
TEMPERATURE IN F: :PCPN: SNOW: WIND :SUNSHINE: SKY :PK WND
================================================================================
1 2 3 4 5 6A 6B 7 8 9 10 11 12 13 14 15 16 17 18
12Z AVG MX 2MIN
DY MAX MIN AVG DEP HDD CDD WTR SNW DPTH SPD SPD DIR MIN PSBL S-S WX SPD DR
================================================================================
1 51 26 39 9 26 0 0.00 0.0 T 7.5 18 180 M M 8 22 200
2 44 37 41 11 24 0 0.83 0.0 0 7.3 16 140 M M 9 18 20 120
3 40 23 32 2 33 0 1.15 3.3 0 14.6 22 20 M M 10 146 31 20
4 23 13 18 -12 47 0 0.06 1.2 3 10.0 17 360 M M 10 1 23 360
5 21 12 17 -13 48 0 T 0.2 4 5.3 10 180 M M 4 18 13 190
6 34 13 24 -6 41 0 0.00 0.0 4 5.4 13 180 M M 0 15 180
7 37 19 28 -3 37 0 0.00 0.0 3 7.4 17 290 M M 6 1 21 290
8 35 17 26 -5 39 0 T T 2 7.5 13 180 M M 5 16 170
9 45 34 40 9 25 0 0.00 0.0 2 10.2 20 230 M M 6 25 220
10 39 26 33 2 32 0 0.00 0.0 1 9.5 20 260 M M 6 23 260
11 52 26 39 7 26 0 0.04 0.0 1 10.6 28 220 M M 7 40 200
12 39 24 32 0 33 0 T T T 10.2 23 300 M M 10 27 290
13 24 15 20 -12 45 0 T T T 9.6 16 330 M M 10 18 23 310
14 25 11 18 -14 47 0 0.00 0.0 T 4.2 12 240 M M 6 16 250
15 40 15 28 -4 37 0 0.00 0.0 0 6.6 14 100 M M 4 17 90
16 60 35 48 15 17 0 0.00 0.0 0 12.0 26 200 M M 8 36 200
17 57 28 43 10 22 0 1.83 T 0 11.5 32 330 M M 10 13 41 330
18 30 22 26 -7 39 0 T T T 12.4 30 350 M M 7 37 330
19 32 18 25 -8 40 0 0.00 0.0 0 14.0 32 280 M M 4 40 270
20 53 18 36 2 29 0 0.00 0.0 0 9.7 22 210 M M 0 31 210
21 62 35 49 15 16 0 0.00 0.0 0 8.1 17 190 M M 5 23 180
22 61 49 55 21 10 0 1.40 0.0 0 11.7 23 290 M M 9 13 33 220
23 53 28 41 6 24 0 T 0.0 0 12.3 24 290 M M 10 27 290
24 37 27 32 -3 33 0 0.61 0.1 T 8.3 16 50 M M 9 1 20 40
25 34 23 29 -6 36 0 0.20 T 0 11.3 28 290 M M 9 1 33 270
26 32 23 28 -7 37 0 0.00 0.0 0 4.6 15 240 M M 7 19 260
27 47 21 34 -2 31 0 0.00 0.0 0 9.2 25 270 M M 0 32 290
28 47 26 37 1 28 0 0.00 0.0 0 5.8 13 230 M M 3 17 290
================================================================================
SM 1154 664 902 0 6.12 4.8 256.8 M 182
================================================================================
AV 41.2 23.7 9.2 FASTST M M 7 MAX(MPH)
MISC ----> # 32 330 41 330
================================================================================
NOTES:
# LAST OF SEVERAL OCCURRENCES
COLUMN 17 PEAK WIND IN M.P.H.
PRELIMINARY LOCAL CLIMATOLOGICAL DATA (WS FORM: F-6) , PAGE 2
STATION: COLUMBUS OH
MONTH: FEBRUARY
YEAR: 2022
LATITUDE: 40 0 N
LONGITUDE: 82 53 W
[TEMPERATURE DATA] [PRECIPITATION DATA] SYMBOLS USED IN COLUMN 16
AVERAGE MONTHLY: 32.5 TOTAL FOR MONTH: 6.12 1 = FOG OR MIST
DPTR FM NORMAL: 0.0 DPTR FM NORMAL: 3.71 2 = FOG REDUCING VISIBILITY
HIGHEST: 62 ON 21 GRTST 24HR 2.19 ON 3- 4 TO 1/4 MILE OR LESS
LOWEST: 11 ON 14 3 = THUNDER
SNOW, ICE PELLETS, HAIL 4 = ICE PELLETS
TOTAL MONTH: 4.8 INCHES 5 = HAIL
GRTST 24HR 3.3 ON 3- 3 6 = FREEZING RAIN OR DRIZZLE
GRTST DEPTH: 4 ON 6, 5 7 = DUSTSTORM OR SANDSTORM:
VSBY 1/2 MILE OR LESS
8 = SMOKE OR HAZE
[NO. OF DAYS WITH] [WEATHER - DAYS WITH] 9 = BLOWING SNOW
X = TORNADO
MAX 32 OR BELOW: 7 0.01 INCH OR MORE: 8
MAX 90 OR ABOVE: 0 0.10 INCH OR MORE: 6
MIN 32 OR BELOW: 23 0.50 INCH OR MORE: 5
MIN 0 OR BELOW: 0 1.00 INCH OR MORE: 3
[HDD (BASE 65) ]
TOTAL THIS MO. 902 CLEAR (SCALE 0-3) 4
DPTR FM NORMAL -8 PTCLDY (SCALE 4-7) 14
TOTAL FM JUL 1 3714 CLOUDY (SCALE 8-10) 10
DPTR FM NORMAL -270
[CDD (BASE 65) ]
TOTAL THIS MO. 0
DPTR FM NORMAL 0 [PRESSURE DATA]
TOTAL FM JAN 1 0 HIGHEST SLP 30.59 ON 15
DPTR FM NORMAL 0 LOWEST SLP 29.46 ON 17
[REMARKS]
#FINAL-02-22#