000
CXUS51 KILN 011946
CLMCMH
CLIMATE REPORT
NATIONAL WEATHER SERVICE WILMINGTON OH
346 PM EDT MON APR 01 2024
...................................
...THE COLUMBUS OH CLIMATE SUMMARY FOR THE MONTH OF MARCH 2024...
CLIMATE NORMAL PERIOD: 1991 TO 2020
CLIMATE RECORD PERIOD: 1869 TO 2024
WEATHER OBSERVED NORMAL DEPART LAST YEAR`S
VALUE DATE(S) VALUE FROM VALUE DATE(S)
NORMAL
................................................................
TEMPERATURE (F)
RECORD
HIGH 85 03/22/2012
03/21/2012
LOW -6 03/09/1984
HIGHEST 75 03/04 50 25 75 03/01
LOWEST 23 03/21 31 -8 18 03/19
03/24
AVG. MAXIMUM 56.6 51.1 5.5 52.6
AVG. MINIMUM 36.4 32.0 4.4 32.1
MEAN 46.5 41.6 4.9 42.4
DAYS MAX >= 90 0 0.0 0.0 0
DAYS MAX <= 32 0 1.6 -1.6 0
DAYS MIN <= 32 12 16.7 -4.7 18
DAYS MIN <= 0 0 0.0 0.0 0
PRECIPITATION (INCHES)
TOTALS 2.66 3.62 -0.96 5.22
DAILY AVG. 0.09 0.12 -0.03 0.17
DAYS >= .01 12 12.5 -0.5 12
DAYS >= .10 9 7.5 1.5 8
DAYS >= .50 0 2.2 -2.2 4
DAYS >= 1.00 0 0.7 -0.7 1
GREATEST
24 HR. TOTAL 0.44 03/26 TO 03/26 1.60 03/03 TO 03/03
03/08 TO 03/09
03/26 TO 03/26
SNOWFALL (INCHES)
TOTALS 0.2 4.1 -3.9 1.0
SINCE 7/1 12.6 27.7 -15.1 12.5
DAYS >= TRACE 2 4.0 -2.0 6
DAYS >= 1.0 0 1.0 -1.0 0
GREATEST
24 HR TOTAL 0.2 03/10 TO 03/10 0.4 03/12 TO 03/12
03/13 TO 03/13
DEGREE DAYS
HEATING TOTAL 563 728 -165 693
SINCE 7/1 3890 4712 -822 4115
COOLING TOTAL 0 2 -2 0
SINCE 1/1 0 2 -2 0
................................................................
WIND (MPH)
AVERAGE WIND SPEED 9.3
RESULTANT WIND SPEED/DIRECTION 2/250
HIGHEST WIND SPEED/DIRECTION 31/290 DATE 03/10
HIGHEST GUST SPEED/DIRECTION 47/220 DATE 03/14
SKY COVER
AVERAGE SKY COVER 0.66
AVERAGE RH (PERCENT) 65
WEATHER CONDITIONS. NUMBER OF DAYS WITH
THUNDERSTORM 3 MIXED PRECIP 0
HEAVY RAIN 2 RAIN 4
LIGHT RAIN 17 FREEZING RAIN 0
LT FREEZING RAIN 0 HAIL 0
HEAVY SNOW 0 SNOW 0
LIGHT SNOW 2 SLEET 0
FOG 14 FOG W/VIS <= 1/4 MILE 0
HAZE 2
- INDICATES NEGATIVE NUMBERS.
R INDICATES RECORD WAS SET OR TIED.
MM INDICATES DATA IS MISSING.
T INDICATES TRACE AMOUNT.
$$