000
CXUS53 KILX 011000
CF6CMI
PRELIMINARY LOCAL CLIMATOLOGICAL DATA (WS FORM: F-6)
STATION: CHAMPAIGN IL AIRPORT
MONTH: JANUARY
YEAR: 2022
LATITUDE: 40 1 N
LONGITUDE: 88 17 W
TEMPERATURE IN F: :PCPN: SNOW: WIND :SUNSHINE: SKY :PK WND
================================================================================
1 2 3 4 5 6A 6B 7 8 9 10 11 12 13 14 15 16 17 18
12Z AVG MX 2MIN
DY MAX MIN AVG DEP HDD CDD WTR SNW DPTH SPD SPD DIR MIN PSBL S-S WX SPD DR
================================================================================
1 43 31 37 10 28 0 0.34 M M 14.3 24 10 M M 10 12 33 30
2 31 19 25 -2 40 0 T M M 14.3 23 340 M M 10 1 32 340
3 28 11 20 -7 45 0 0.00 M M 8.8 14 190 M M 2 17 310
4 35 22 29 2 36 0 0.00 M M 18.3 29 190 M M 0 39 180
5 35 13 24 -3 41 0 T M M 21.9 32 270 M M 4 42 260
6 15 2 9 -17 56 0 0.00 M M 16.3 22 290 M M 2 27 290
7 18 0 9 -17 56 0 0.00 M M 8.6 17 280 M M 0 22 280
8 37 13 25 -1 40 0 0.07 M M 14.8 22 160 M M 7 16 28 170
9 40 12 26 0 39 0 0.03 M M 15.9 29 330 M M 4 1 36 340
10 28 10 19 -7 46 0 0.00 M M 10.6 21 320 M M 2 26 290
11 37 8 23 -3 42 0 0.00 M M 14.7 29 180 M M 0 38 170
12 45 30 38 12 27 0 0.00 M M 10.3 21 210 M M 2 27 210
13 46 28 37 11 28 0 0.00 M M 8.6 17 330 M M 4 128 23 340
14 39 30 35 9 30 0 0.00 M M 8.1 15 70 M M 10 128 19 70
15 33 19 26 0 39 0 T M M 15.8 24 60 M M 5 1 33 70
16 32 15 24 -2 41 0 T M M 9.6 18 300 M M 2 1 24 290
17 30 20 25 -1 40 0 0.00 M M 14.2 24 310 M M 10 32 310
18 48 15 32 6 33 0 0.00 M M 15.7 30 180 M M 2 39 170
19 42 10 26 0 39 0 0.00 M M 16.4 26 320 M M 2 35 320
20 22 7 15 -11 50 0 0.00 M M 12.0 18 340 M M 0 25 340
21 26 4 15 -11 50 0 0.00 M M 6.0 14 100 M M 1 16 90
22 38 9 24 -2 41 0 0.00 M M 12.5 23 260 M M 3 31 270
23 39 16 28 2 37 0 T M M 13.9 32 320 M M 7 41 330
24 39 14 27 1 38 0 T M M 16.1 22 330 M M 9 1 29 330
25 22 3 13 -13 52 0 0.00 M M 10.7 16 310 M M 0 22 330
26 21 -4 9 -17 56 0 0.00 M M 7.4 14 180 M M 0 18 180
27 36 13 25 -1 40 0 T M M 13.1 23 220 M M 9 1 31 210
28 30 3 17 -9 48 0 M M M 10.5 18 330 M M 7 1 25 350
29 26 -1 13 -13 52 0 0.00 M M 9.4 18 160 M M 3 24 160
30 33 14 24 -2 41 0 0.00 M M 10.5 21 320 M M 1 27 330
31 41 11 26 0 39 0 0.00 M M 9.2 17 160 M M 2 1 22 140
================================================================================
SM 1035 397 1290 0 0.44 M 388.5 M 120
================================================================================
AV 33.4 12.8 12.5 FASTST M M 4 MAX(MPH)
MISC ----> # 32 270 42 260
================================================================================
NOTES:
# LAST OF SEVERAL OCCURRENCES
COLUMN 17 PEAK WIND IN M.P.H.
PRELIMINARY LOCAL CLIMATOLOGICAL DATA (WS FORM: F-6) , PAGE 2
STATION: CHAMPAIGN IL AIRPORT
MONTH: JANUARY
YEAR: 2022
LATITUDE: 40 1 N
LONGITUDE: 88 17 W
[TEMPERATURE DATA] [PRECIPITATION DATA] SYMBOLS USED IN COLUMN 16
AVERAGE MONTHLY: 23.1 TOTAL FOR MONTH: 0.44 1 = FOG OR MIST
DPTR FM NORMAL: -2.9 DPTR FM NORMAL: -1.63 2 = FOG REDUCING VISIBILITY
HIGHEST: 48 ON 18 GRTST 24HR 0.84 ON 8- 9 TO 1/4 MILE OR LESS
LOWEST: -4 ON 26 3 = THUNDER
SNOW, ICE PELLETS, HAIL 4 = ICE PELLETS
TOTAL MONTH: M 5 = HAIL
GRTST 24HR M ON M 6 = FREEZING RAIN OR DRIZZLE
GRTST DEPTH: M ON M 7 = DUSTSTORM OR SANDSTORM:
VSBY 1/2 MILE OR LESS
8 = SMOKE OR HAZE
[NO. OF DAYS WITH] [WEATHER - DAYS WITH] 9 = BLOWING SNOW
X = TORNADO
MAX 32 OR BELOW: 13 0.01 INCH OR MORE: 3
MAX 90 OR ABOVE: 0 0.10 INCH OR MORE: 1
MIN 32 OR BELOW: 31 0.50 INCH OR MORE: 0
MIN 0 OR BELOW: 3 1.00 INCH OR MORE: 0
[HDD (BASE 65) ]
TOTAL THIS MO. 1290 CLEAR (SCALE 0-3) 18
DPTR FM NORMAL 81 PTCLDY (SCALE 4-7) 7
TOTAL FM JUL 1 3019 CLOUDY (SCALE 8-10) 6
DPTR FM NORMAL -337
[CDD (BASE 65) ]
TOTAL THIS MO. 0
DPTR FM NORMAL 0 [PRESSURE DATA]
TOTAL FM JAN 1 0 HIGHEST SLP 30.65 ON 11
DPTR FM NORMAL 0 LOWEST SLP 29.65 ON 24
[REMARKS]
#FINAL-01-22#