000
CXUS55 KGJT 011622
CF6CNY
PRELIMINARY LOCAL CLIMATOLOGICAL DATA (WS FORM: F-6)
STATION: CANYONLANDS AIRPORT UT
MONTH: JANUARY
YEAR: 2024
LATITUDE: 38 46 N
LONGITUDE: 109 45 W
TEMPERATURE IN F: :PCPN: SNOW: WIND :SUNSHINE: SKY :PK WND
================================================================================
1 2 3 4 5 6A 6B 7 8 9 10 11 12 13 14 15 16 17 18
12Z AVG MX 2MIN
DY MAX MIN AVG DEP HDD CDD WTR SNW DPTH SPD SPD DIR MIN PSBL S-S WX SPD DR
================================================================================
1 42 16 29 3 36 0 0.00 M M 2.4 9 330 M M 0 11 320
2 43 13 28 2 37 0 0.00 M M 1.7 8 320 M M 0 10 310
3 42 17 30 4 35 0 0.00 M M 4.8 13 130 M M 3 15 120
4 48 27 38 12 27 0 0.00 M M 7.3 15 290 M M 8 19 280
5 44 25 35 9 30 0 0.00 M M 4.4 14 290 M M 5 18 280
6 40 16 28 2 37 0 T M M 3.6 20 140 M M 3 26 140
7 37 27 32 6 33 0 0.01 M M 7.7 23 150 M M 10 1 27 150
8 36 16 26 0 39 0 0.00 M M 8.1 16 280 M M 1 20 280
9 29 10 20 -6 45 0 0.00 M M 3.2 10 90 M M 1 14 100
10 41 11 26 -1 39 0 T M M 5.5 16 320 M M 4 22 180
11 36 19 28 1 37 0 0.00 M M 11.1 26 290 M M 3 33 280
12 41 13 27 0 38 0 0.00 M M 9.2 23 250 M M 2 31 250
13 45 24 35 8 30 0 0.00 M M 7.6 17 190 M M 3 25 200
14 51 29 40 13 25 0 0.00 M M 4.5 15 340 M M 6 20 360
15 49 20 35 7 30 0 0.00 M M 7.9 23 320 M M 0 31 320
16 39 17 28 0 37 0 0.00 M M 4.9 13 130 M M 0 15 130
17 32 20 26 -2 39 0 0.05 M M 3.2 12 130 M M 7 128 13 130
18 44 21 33 5 32 0 0.00 M M 2.4 10 330 M M 4 1 12 330
19 48 24 36 8 29 0 0.00 M M 1.8 7 30 M M 0 9 130
20 43 26 35 6 30 0 0.00 M M 1.8 8 320 M M 4 9 320
21 44 34 39 10 26 0 0.20 M M 1.3 7 110 M M 10 1 9 100
22 46 38 42 13 23 0 0.10 M M 2.9 8 220 M M 10 1 10 30
23 51 35 43 14 22 0 0.00 M M 2.9 9 100 M M 5 11 110
24 50 31 41 11 24 0 0.01 M M 3.1 12 150 M M 4 1 15 130
25 43 33 38 8 27 0 0.14 M M 2.1 9 230 M M 8 1 11 30
26 50 32 41 11 24 0 0.00 M M 3.4 13 80 M M 6 17 40
27 48 25 37 7 28 0 0.00 M M 2.5 9 80 M M 0 12 80
28 50 25 38 7 27 0 0.00 M M 2.8 9 300 M M 0 12 300
29 53 25 39 8 26 0 0.00 M M 2.1 8 320 M M 0 13 30
30 57 25 41 10 24 0 0.00 M M 2.2 9 310 M M 0 11 310
31 57 25 41 10 24 0 0.00 M M 1.7 7 320 M M 0 9 160
================================================================================
SM 1379 719 960 0 0.51 M 130.1 M 107
================================================================================
AV 44.5 23.2 4.2 FASTST M M 3 MAX(MPH)
MISC ----> 26 290 33 280
================================================================================
NOTES:
# LAST OF SEVERAL OCCURRENCES
COLUMN 17 PEAK WIND IN M.P.H.
PRELIMINARY LOCAL CLIMATOLOGICAL DATA (WS FORM: F-6) , PAGE 2
STATION: CANYONLANDS AIRPORT UT
MONTH: JANUARY
YEAR: 2024
LATITUDE: 38 46 N
LONGITUDE: 109 45 W
[TEMPERATURE DATA] [PRECIPITATION DATA] SYMBOLS USED IN COLUMN 16
AVERAGE MONTHLY: 33.8 TOTAL FOR MONTH: 0.51 1 = FOG OR MIST
DPTR FM NORMAL: 5.8 DPTR FM NORMAL: 0.06 2 = FOG REDUCING VISIBILITY
HIGHEST: 57 ON 31,30 GRTST 24HR 0.20 ON 21-21 TO 1/4 MILE OR LESS
LOWEST: 10 ON 9 3 = THUNDER
SNOW, ICE PELLETS, HAIL 4 = ICE PELLETS
TOTAL MONTH: M 5 = HAIL
GRTST 24HR M ON M 6 = FREEZING RAIN OR DRIZZLE
GRTST DEPTH: M ON M 7 = DUSTSTORM OR SANDSTORM:
VSBY 1/2 MILE OR LESS
8 = SMOKE OR HAZE
[NO. OF DAYS WITH] [WEATHER - DAYS WITH] 9 = BLOWING SNOW
X = TORNADO
MAX 32 OR BELOW: 2 0.01 INCH OR MORE: 6
MAX 90 OR ABOVE: 0 0.10 INCH OR MORE: 3
MIN 32 OR BELOW: 27 0.50 INCH OR MORE: 0
MIN 0 OR BELOW: 0 1.00 INCH OR MORE: 0
[HDD (BASE 65) ]
TOTAL THIS MO. 960 CLEAR (SCALE 0-3) 17
DPTR FM NORMAL -185 PTCLDY (SCALE 4-7) 11
TOTAL FM JUL 1 3001 CLOUDY (SCALE 8-10) 3
DPTR FM NORMAL -455
[CDD (BASE 65) ]
TOTAL THIS MO. 0
DPTR FM NORMAL 0 [PRESSURE DATA]
TOTAL FM JAN 1 0 HIGHEST SLP 30.57 ON 28
DPTR FM NORMAL 0 LOWEST SLP 29.42 ON 10
[REMARKS]
#FINAL-01-24#