000
CXUS55 KRIW 011010
CF6COD
PRELIMINARY LOCAL CLIMATOLOGICAL DATA (WS FORM: F-6)
STATION: CODY WY
MONTH: JUNE
YEAR: 2021
LATITUDE: 44 31 N
LONGITUDE: 109 1 W
TEMPERATURE IN F: :PCPN: SNOW: WIND :SUNSHINE: SKY :PK WND
================================================================================
1 2 3 4 5 6A 6B 7 8 9 10 11 12 13 14 15 16 17 18
12Z AVG MX 2MIN
DY MAX MIN AVG DEP HDD CDD WTR SNW DPTH SPD SPD DIR MIN PSBL S-S WX SPD DR
================================================================================
1 75 51 63 5 2 0 0.00 M M 7.2 15 20 M M 0 20 20
2 82 53 68 10 0 3 0.00 M M 4.2 9 30 M M 2 M M
3 91 60 76 17 0 11 0.00 M M 5.9 10 100 M M 0 M M
4 93 60 77 18 0 12 0.00 M M 7.6 15 20 M M 0 27 20
5 92 62 77 18 0 12 0.00 M M 8.2 20 30 M M 1 36 220
6 76 54 65 6 0 0 T M M 8.5 14 30 M M 1 23 350
7 79 49 64 4 1 0 0.00 M M 8.2 16 10 M M 0 21 30
8 76 53 65 5 0 0 0.05 M M 5.9 16 340 M M 1 24 240
9 92 48 70 10 0 5 0.00 M M 7.6 16 190 M M 0 23 100
10 87 50 69 9 0 4 0.00 M M 13.4 31 260 M M 1 60 270
11 73 48 61 0 4 0 0.00 M M 9.1 17 270 M M 1 37 280
12 86 49 68 7 0 3 0.00 M M 6.3 15 120 M M 0 21 150
13 90 50 70 9 0 5 0.00 M M 5.2 13 40 M M 0 18 40
14 100 59 80 18 0 15 0.00 M M 4.9 12 230 M M 0 M M
15 99 60 80 18 0 15 0.00 M M 8.5 16 250 M M 0 25 260
16 80 59 70 8 0 5 0.00 M M 9.9 16 30 M M 0 8 24 30
17 81 57 69 6 0 4 0.00 M M 8.5 15 30 M M 0 22 30
18 80 54 67 4 0 2 0.00 M M 5.7 15 30 M M 0 20 40
19 86 54 70 7 0 5 T M M 7.9 15 330 M M 1 32 350
20 62 53 58 -6 7 0 T M M 10.5 16 340 M M 8 22 360
21 80 45 63 -1 2 0 0.00 M M 5.7 16 90 M M 1 22 90
22 90 49 70 6 0 5 0.00 M M 5.4 12 40 M M 0 M M
23 91 63 77 12 0 12 0.00 M M 7.1 17 10 M M 0 30 340
24 79 56 68 3 0 3 0.01 M M 6.9 21 360 M M 3 31 290
25 74 54 64 -1 1 0 T M M 8.1 18 10 M M 7 24 360
26 74 57 66 0 0 1 T M M 8.3 22 20 M M 9 36 20
27 78 59 69 3 0 4 T M M 9.6 21 360 M M 9 30 10
28 81 54 68 2 0 3 0.00 M M 7.3 16 360 M M 2 24 360
29 85 55 70 4 0 5 0.00 M M 5.5 12 10 M M 0 M M
30 88 57 73 6 0 8 0.00 M M 3.6 10 30 M M 0 M M
================================================================================
SM 2500 1632 17 142 0.06 M 220.7 M 47
================================================================================
AV 83.3 54.4 7.4 FASTST M M 2 MAX(MPH)
MISC ----> 31 260 60 270
================================================================================
NOTES:
# LAST OF SEVERAL OCCURRENCES
COLUMN 17 PEAK WIND IN M.P.H.
PRELIMINARY LOCAL CLIMATOLOGICAL DATA (WS FORM: F-6) , PAGE 2
STATION: CODY WY
MONTH: JUNE
YEAR: 2021
LATITUDE: 44 31 N
LONGITUDE: 109 1 W
[TEMPERATURE DATA] [PRECIPITATION DATA] SYMBOLS USED IN COLUMN 16
AVERAGE MONTHLY: 68.9 TOTAL FOR MONTH: 0.06 1 = FOG OR MIST
DPTR FM NORMAL: 6.6 DPTR FM NORMAL: M 2 = FOG REDUCING VISIBILITY
HIGHEST: 100 ON 14 GRTST 24HR 0.05 ON 8- 8 TO 1/4 MILE OR LESS
LOWEST: 45 ON 21 3 = THUNDER
SNOW, ICE PELLETS, HAIL 4 = ICE PELLETS
TOTAL MONTH: M 5 = HAIL
GRTST 24HR M ON M 6 = FREEZING RAIN OR DRIZZLE
GRTST DEPTH: M ON M 7 = DUSTSTORM OR SANDSTORM:
VSBY 1/2 MILE OR LESS
8 = SMOKE OR HAZE
[NO. OF DAYS WITH] [WEATHER - DAYS WITH] 9 = BLOWING SNOW
X = TORNADO
MAX 32 OR BELOW: 0 0.01 INCH OR MORE: 2
MAX 90 OR ABOVE: 9 0.10 INCH OR MORE: 0
MIN 32 OR BELOW: 0 0.50 INCH OR MORE: 0
MIN 0 OR BELOW: 0 1.00 INCH OR MORE: 0
[HDD (BASE 65) ]
TOTAL THIS MO. 17 CLEAR (SCALE 0-3) 25
DPTR FM NORMAL -64 PTCLDY (SCALE 4-7) 2
TOTAL FM JUL 1 7154 CLOUDY (SCALE 8-10) 3
DPTR FM NORMAL 523
[CDD (BASE 65) ]
TOTAL THIS MO. 142
DPTR FM NORMAL 142 [PRESSURE DATA]
TOTAL FM JAN 1 149 HIGHEST SLP M ON M
DPTR FM NORMAL 149 LOWEST SLP M ON M
[REMARKS]
#FINAL-06-21#