000
CXUS53 KLSX 011500
CF6COU
PRELIMINARY LOCAL CLIMATOLOGICAL DATA (WS FORM: F-6)
STATION: COLUMBIA ASOS
MONTH: NOVEMBER
YEAR: 2023
LATITUDE: 38 49 N
LONGITUDE: 92 13 W
TEMPERATURE IN F: :PCPN: SNOW: WIND :SUNSHINE: SKY :PK WND
================================================================================
1 2 3 4 5 6A 6B 7 8 9 10 11 12 13 14 15 16 17 18
12Z AVG MX 2MIN
DY MAX MIN AVG DEP HDD CDD WTR SNW DPTH SPD SPD DIR MIN PSBL S-S WX SPD DR
================================================================================
1 47 19 33 -18 32 0 0.00 0.0 0 6.8 16 180 M M 0 23 210
2 64 30 47 -4 18 0 0.00 0.0 0 9.7 20 200 M M 0 28 210
3 69 38 54 4 11 0 0.00 0.0 0 11.7 24 210 M M 0 32 200
4 61 42 52 2 13 0 T 0.0 0 5.0 12 360 M M 3 1 15 360
5 68 34 51 1 14 0 0.00 0.0 0 7.9 15 180 M M 1 12 22 170
6 75 57 66 17 0 1 0.00 0.0 0 9.5 20 250 M M 3 27 260
7 77 53 65 16 0 0 0.00 0.0 0 9.0 16 100 M M 1 23 100
8 81 53 67 19 0 2 0.00 0.0 0 13.0 24 330 M M 2 32 330
9 54 41 48 0 17 0 0.00 0.0 0 5.9 21 360 M M 0 8 27 350
10 56 36 46 -2 19 0 0.00 0.0 0 6.3 16 330 M M 0 8 18 330
11 56 32 44 -3 21 0 0.00 0.0 0 6.8 14 130 M M 2 19 150
12 65 36 51 4 14 0 0.00 0.0 0 6.8 13 190 M M 1 8 17 210
13 69 38 54 8 11 0 0.00 0.0 0 7.1 17 40 M M 0 8 21 50
14 66 36 51 5 14 0 0.00 0.0 0 7.8 15 180 M M 0 21 180
15 70 39 55 9 10 0 0.00 0.0 0 6.8 10 210 M M 0 14 230
16 64 42 53 8 12 0 0.00 0.0 0 10.2 22 170 M M 3 29 190
17 60 36 48 3 17 0 0.00 0.0 0 8.5 21 10 M M 4 25 10
18 59 31 45 1 20 0 0.00 0.0 0 4.1 9 250 M M 0 15 260
19 57 34 46 2 19 0 T 0.0 0 7.1 13 100 M M 3 17 100
20 50 43 47 3 18 0 0.38 0.0 0 10.0 17 50 M M 10 1 24 40
21 50 35 43 0 22 0 0.00 0.0 0 13.4 22 320 M M 9 1 28 320
22 46 27 37 -6 28 0 0.00 0.0 0 7.1 13 240 M M 0 17 220
23 54 28 41 -1 24 0 0.00 0.0 0 8.6 15 20 M M 0 22 20
24 40 29 35 -7 30 0 0.00 0.0 0 12.1 21 30 M M 2 26 30
25 44 23 34 -8 31 0 T T 0 5.1 13 60 M M 2 17 50
26 37 28 33 -8 32 0 0.17 T 0 11.6 23 290 M M 8 16 32 270
27 43 20 32 -9 33 0 0.00 0.0 0 8.9 23 290 M M 0 31 300
28 38 19 29 -11 36 0 0.00 0.0 0 6.7 14 320 M M 0 20 310
29 59 28 44 4 21 0 0.00 0.0 0 7.9 13 230 M M 0 18 230
30 52 39 46 6 19 0 0.34 0.0 0 8.5 15 190 M M 7 1 21 180
================================================================================
SM 1731 1046 556 3 0.89 T 249.9 M 61
================================================================================
AV 57.7 34.9 8.3 FASTST M M 2 MAX(MPH)
MISC ----> # 24 210 # 32 200
================================================================================
NOTES:
# LAST OF SEVERAL OCCURRENCES
COLUMN 17 PEAK WIND IN M.P.H.
PRELIMINARY LOCAL CLIMATOLOGICAL DATA (WS FORM: F-6) , PAGE 2
STATION: COLUMBIA ASOS
MONTH: NOVEMBER
YEAR: 2023
LATITUDE: 38 49 N
LONGITUDE: 92 13 W
[TEMPERATURE DATA] [PRECIPITATION DATA] SYMBOLS USED IN COLUMN 16
AVERAGE MONTHLY: 46.3 TOTAL FOR MONTH: 0.89 1 = FOG OR MIST
DPTR FM NORMAL: 1.0 DPTR FM NORMAL: -1.79 2 = FOG REDUCING VISIBILITY
HIGHEST: 81 ON 8 GRTST 24HR 0.38 ON 20-20 TO 1/4 MILE OR LESS
LOWEST: 19 ON 28, 1 3 = THUNDER
SNOW, ICE PELLETS, HAIL 4 = ICE PELLETS
TOTAL MONTH: T 5 = HAIL
GRTST 24HR T ON 25-25 6 = FREEZING RAIN OR DRIZZLE
GRTST DEPTH: 0 7 = DUSTSTORM OR SANDSTORM:
VSBY 1/2 MILE OR LESS
8 = SMOKE OR HAZE
[NO. OF DAYS WITH] [WEATHER - DAYS WITH] 9 = BLOWING SNOW
X = TORNADO
MAX 32 OR BELOW: 0 0.01 INCH OR MORE: 3
MAX 90 OR ABOVE: 0 0.10 INCH OR MORE: 3
MIN 32 OR BELOW: 12 0.50 INCH OR MORE: 0
MIN 0 OR BELOW: 0 1.00 INCH OR MORE: 0
[HDD (BASE 65) ]
TOTAL THIS MO. 556 CLEAR (SCALE 0-3) 23
DPTR FM NORMAL -36 PTCLDY (SCALE 4-7) 5
TOTAL FM JUL 1 809 CLOUDY (SCALE 8-10) 2
DPTR FM NORMAL -97
[CDD (BASE 65) ]
TOTAL THIS MO. 3
DPTR FM NORMAL 1 [PRESSURE DATA]
TOTAL FM JAN 1 1604 HIGHEST SLP 30.51 ON 1
DPTR FM NORMAL 157 LOWEST SLP 29.60 ON 8
[REMARKS]
#FINAL-11-23#