000
CXUS53 KLSX 011400
CF6CPS
PRELIMINARY LOCAL CLIMATOLOGICAL DATA (WS FORM: F-6)
STATION: CAHOKIA/ST. LOUIS
MONTH: JUNE
YEAR: 2023
LATITUDE: 38 34 N
LONGITUDE: 90 9 W
TEMPERATURE IN F: :PCPN: SNOW: WIND :SUNSHINE: SKY :PK WND
================================================================================
1 2 3 4 5 6A 6B 7 8 9 10 11 12 13 14 15 16 17 18
12Z AVG MX 2MIN
DY MAX MIN AVG DEP HDD CDD WTR SNW DPTH SPD SPD DIR MIN PSBL S-S WX SPD DR
================================================================================
1 93 63 78 6 0 13 0.00 0.0 0 2.9 15 130 M M 0 20 130
2 93 63 78 6 0 13 0.00 0.0 0 3.5 16 80 M M 1 20 90
3 95 57 76 4 0 11 0.00 0.0 0 3.3 16 60 M M 0 21 60
4 91 62 77 5 0 12 0.02 0.0 0 3.5 14 70 M M 2 3 20 80
5 87 56 72 -1 0 7 0.00 0.0 0 4.1 15 30 M M 0 18 22 40
6 90 51 71 -2 0 6 0.00 0.0 0 0.9 12 40 M M 0 8 14 30
7 79 58 69 -4 0 4 0.10 0.0 0 3.3 16 30 M M 4 18 22 30
8 83 51 67 -7 0 2 0.00 0.0 0 3.2 15 340 M M 0 1 21 350
9 85 47 66 -8 0 1 0.00 0.0 0 2.1 12 90 M M 0 18 17 80
10 90 54 72 -2 0 7 0.20 0.0 0 5.5 18 140 M M 2 3 27 140
11 73 62 68 -6 0 3 0.98 0.0 0 10.1 21 360 M M 10 13 28 340
12 74 54 64 -11 1 0 0.00 0.0 0 7.1 17 360 M M 4 23 360
13 83 53 68 -7 0 3 0.00 0.0 0 7.2 17 240 M M 0 26 250
14 89 60 75 0 0 10 0.00 0.0 0 3.9 10 280 M M 1 17 320
15 91 59 75 0 0 10 0.00 0.0 0 3.9 15 310 M M 2 8 20 320
16 84 62 73 -3 0 8 0.00 0.0 0 4.7 12 30 M M 0 18 16 60
17 87 57 72 -4 0 7 0.00 0.0 0 3.0 9 150 M M 0 18 13 140
18 86 67 77 1 0 12 3.08 0.0 0 6.3 18 50 M M 5 1238 23 50
19 87 68 78 2 0 13 0.04 0.0 0 5.4 15 360 M M 4 1 22 330
20 89 64 77 1 0 12 0.00 0.0 0 6.5 18 10 M M 0 18 23 10
21 89 67 78 1 0 13 0.00 0.0 0 7.2 16 80 M M 2 22 90
22 89 63 76 -1 0 11 0.00 0.0 0 4.7 15 30 M M 1 8 19 10
23 90 62 76 -1 0 11 0.00 0.0 0 4.1 16 360 M M 1 18 23 20
24 97 64 81 4 0 16 0.00 0.0 0 4.9 13 140 M M 1 8 17 190
25 98 78 88 11 0 23 0.00 0.0 0 9.8 24 300 M M 0 34 290
26 88 71 80 3 0 15 0.00 0.0 0 12.2 24 310 M M 2 35 300
27 89 65 77 -1 0 12 0.00 0.0 0 5.4 15 330 M M 1 18 21 330
28 92 64 78 0 0 13 T 0.0 0 8.1 16 160 M M 0 18 24 160
29 96 75 86 8 0 21 0.00 0.0 0 6.7 25 350 M M 1 38 39 350
30 98 71 85 7 0 20 0.09 0.0 0 4.0 30 240 M M 1 3 52 240
================================================================================
SM 2655 1848 1 309 4.51 0.0 157.5 M 45
================================================================================
AV 88.5 61.6 5.3 FASTST M M 2 MAX(MPH)
MISC ----> 30 240 52 240
================================================================================
NOTES:
# LAST OF SEVERAL OCCURRENCES
COLUMN 17 PEAK WIND IN M.P.H.
PRELIMINARY LOCAL CLIMATOLOGICAL DATA (WS FORM: F-6) , PAGE 2
STATION: CAHOKIA/ST. LOUIS
MONTH: JUNE
YEAR: 2023
LATITUDE: 38 34 N
LONGITUDE: 90 9 W
[TEMPERATURE DATA] [PRECIPITATION DATA] SYMBOLS USED IN COLUMN 16
AVERAGE MONTHLY: 75.1 TOTAL FOR MONTH: 4.51 1 = FOG OR MIST
DPTR FM NORMAL: -0.1 DPTR FM NORMAL: 0.15 2 = FOG REDUCING VISIBILITY
HIGHEST: 98 ON 30,25 GRTST 24HR 3.12 ON 18-19 TO 1/4 MILE OR LESS
LOWEST: 47 ON 9 3 = THUNDER
SNOW, ICE PELLETS, HAIL 4 = ICE PELLETS
TOTAL MONTH: 0.0 INCH 5 = HAIL
GRTST 24HR 0.0 6 = FREEZING RAIN OR DRIZZLE
GRTST DEPTH: 0 7 = DUSTSTORM OR SANDSTORM:
VSBY 1/2 MILE OR LESS
8 = SMOKE OR HAZE
[NO. OF DAYS WITH] [WEATHER - DAYS WITH] 9 = BLOWING SNOW
X = TORNADO
MAX 32 OR BELOW: 0 0.01 INCH OR MORE: 7
MAX 90 OR ABOVE: 13 0.10 INCH OR MORE: 4
MIN 32 OR BELOW: 0 0.50 INCH OR MORE: 2
MIN 0 OR BELOW: 0 1.00 INCH OR MORE: 1
[HDD (BASE 65) ]
TOTAL THIS MO. 1 CLEAR (SCALE 0-3) 25
DPTR FM NORMAL -4 PTCLDY (SCALE 4-7) 4
TOTAL FM JUL 1 4257 CLOUDY (SCALE 8-10) 1
DPTR FM NORMAL -285
[CDD (BASE 65) ]
TOTAL THIS MO. 309
DPTR FM NORMAL -2 [PRESSURE DATA]
TOTAL FM JAN 1 459 HIGHEST SLP M ON M
DPTR FM NORMAL -13 LOWEST SLP 29.61 ON 11
[REMARKS]
#FINAL-06-23#