000
CXUS54 KFWD 010730
CF6CPT
PRELIMINARY LOCAL CLIMATOLOGICAL DATA (WS FORM: F-6)
STATION: CLEBURNE
MONTH: OCTOBER
YEAR: 2022
LATITUDE: 32 20 N
LONGITUDE: 97 24 W
TEMPERATURE IN F: :PCPN: SNOW: WIND :SUNSHINE: SKY :PK WND
================================================================================
1 2 3 4 5 6A 6B 7 8 9 10 11 12 13 14 15 16 17 18
12Z AVG MX 2MIN
DY MAX MIN AVG DEP HDD CDD WTR SNW DPTH SPD SPD DIR MIN PSBL S-S WX SPD DR
================================================================================
1 81 52 67 -4 0 2 0.00 M M 5.1 12 80 M M 0 16 90
2 82 52 67 -4 0 2 0.00 M M 4.2 10 100 M M 0 17 100
3 84 50 67 -4 0 2 0.00 M M 4.3 7 70 M M 0 14 99
4 86 57 72 2 0 7 0.00 M M 4.8 9 120 M M 0 16 120
5 86 57 72 2 0 7 0.00 M M 4.0 8 90 M M 0 13 40
6 88 59 74 4 0 9 0.00 M M 3.5 8 60 M M 0 14 99
7 88 61 75 6 0 10 0.00 M M 5.9 12 30 M M 0 17 110
8 81 63 72 3 0 7 0.00 M M 8.9 15 30 M M 2 18 30
9 84 55 70 1 0 5 0.00 M M 5.7 9 110 M M 1 12 99
10 86 63 75 7 0 10 0.00 M M 8.8 15 160 M M 0 23 160
11 84 66 75 7 0 10 0.00 M M 11.3 18 180 M M 2 26 180
12 95 66 81 13 0 16 0.00 M M 10.2 14 200 M M 0 21 200
13 81 54 68 0 0 3 0.00 M M 7.5 12 30 M M 0 16 20
14 88 50 69 2 0 4 0.00 M M 7.2 14 190 M M 0 8 21 190
15 91 68 80 13 0 15 0.00 M M 10.6 16 180 M M 0 24 180
16 77 64 71 5 0 6 0.03 M M 11.8 22 20 M M 7 1 30 190
17 72 50 61 -5 4 0 0.01 M M 12.6 21 30 M M 2 28 360
18 64 43 54 -12 11 0 0.00 M M 9.0 15 350 M M 0 21 350
19 70 37 54 -12 11 0 0.00 M M 5.0 12 180 M M 0 17 160
20 86 52 69 4 0 4 0.00 M M 8.2 15 240 M M 0 24 240
21 91 46 69 4 0 4 0.00 M M 8.5 17 170 M M 0 25 170
22 88 61 75 10 0 10 0.00 M M 16.4 23 170 M M 0 31 170
23 84 50 67 3 0 2 0.00 M M 19.4 30 170 M M 3 40 170
24 73 57 65 1 0 0 0.15 M M 12.9 25 290 M M 9 13 37 290
25 70 50 60 -4 5 0 0.01 M M 11.4 28 270 M M 2 37 270
26 73 43 58 -5 7 0 0.01 M M 5.5 12 120 M M 0 20 110
27 75 50 63 0 2 0 0.00 M M 10.3 15 150 M M 1 22 150
28 63 52 58 -5 7 0 0.13 M M 15.0 29 70 M M 9 13 38 70
29 64 54 59 -3 6 0 0.01 M M 10.6 16 330 M M 8 1 21 310
30 73 52 63 1 2 0 0.00 M M 6.4 10 300 M M 1 16 300
31 77 50 64 2 1 0 0.00 M M 2.4 7 90 M M 0 M M
================================================================================
SM 2485 1684 56 135 0.35 M 267.5 M 47
================================================================================
AV 80.2 54.3 8.6 FASTST M M 2 MAX(MPH)
MISC ----> 30 170 40 170
================================================================================
NOTES:
# LAST OF SEVERAL OCCURRENCES
COLUMN 17 PEAK WIND IN M.P.H.
PRELIMINARY LOCAL CLIMATOLOGICAL DATA (WS FORM: F-6) , PAGE 2
STATION: CLEBURNE
MONTH: OCTOBER
YEAR: 2022
LATITUDE: 32 20 N
LONGITUDE: 97 24 W
[TEMPERATURE DATA] [PRECIPITATION DATA] SYMBOLS USED IN COLUMN 16
AVERAGE MONTHLY: 67.2 TOTAL FOR MONTH: 0.35 1 = FOG OR MIST
DPTR FM NORMAL: 0.7 DPTR FM NORMAL: -3.54 2 = FOG REDUCING VISIBILITY
HIGHEST: 95 ON 12 GRTST 24HR 0.15 ON 24-24 TO 1/4 MILE OR LESS
LOWEST: 37 ON 19 3 = THUNDER
SNOW, ICE PELLETS, HAIL 4 = ICE PELLETS
TOTAL MONTH: M 5 = HAIL
GRTST 24HR M ON M 6 = FREEZING RAIN OR DRIZZLE
GRTST DEPTH: M ON M 7 = DUSTSTORM OR SANDSTORM:
VSBY 1/2 MILE OR LESS
8 = SMOKE OR HAZE
[NO. OF DAYS WITH] [WEATHER - DAYS WITH] 9 = BLOWING SNOW
X = TORNADO
MAX 32 OR BELOW: 0 0.01 INCH OR MORE: 7
MAX 90 OR ABOVE: 3 0.10 INCH OR MORE: 2
MIN 32 OR BELOW: 0 0.50 INCH OR MORE: 0
MIN 0 OR BELOW: 0 1.00 INCH OR MORE: 0
[HDD (BASE 65) ]
TOTAL THIS MO. 56 CLEAR (SCALE 0-3) 27
DPTR FM NORMAL -22 PTCLDY (SCALE 4-7) 2
TOTAL FM JUL 1 56 CLOUDY (SCALE 8-10) 2
DPTR FM NORMAL -30
[CDD (BASE 65) ]
TOTAL THIS MO. 135
DPTR FM NORMAL 9 [PRESSURE DATA]
TOTAL FM JAN 1 3154 HIGHEST SLP M ON M
DPTR FM NORMAL 681 LOWEST SLP M ON M
[REMARKS]
#FINAL-10-22#