000
CXUS56 KLOX 011630
CLMCQT
CLIMATE REPORT
NATIONAL WEATHER SERVICE LOS ANGELES/OXNARD
930 AM PDT SAT APR 01 2023
...................................
...THE DOWNTOWN LOS ANGELES (USC) CA CLIMATE SUMMARY FOR THE MONTH OF MARCH 2023...
CLIMATE NORMAL PERIOD: 1991 TO 2020
CLIMATE RECORD PERIOD: 1877 TO 2023
WEATHER OBSERVED NORMAL DEPART LAST YEAR`S
VALUE DATE(S) VALUE FROM VALUE
NORMAL
..............................................................
TEMPERATURE (F)
HIGHEST 77 03/18
LOWEST 44 03/02
03/03
AVG. MAXIMUM 63.9 69.9 -6.0
AVG. MINIMUM 50.1 52.4 -2.3
MEAN 57.0 61.1 -4.1
DAYS MAX >= 90 0
DAYS MAX <= 32 0
DAYS MIN <= 32 0
DAYS MIN <= 0 0
PRECIPITATION (INCHES)
TOTALS 7.71 2.23 5.48
DAILY AVG. 0.25
DAYS >= .01 14
DAYS >= .10 11
DAYS >= .50 5
DAYS >= 1.00 3
GREATEST
24 HR. TOTAL 3.08 03/14 TO 03/15
DEGREE DAYS
HEATING TOTAL 238 141 97 123
SINCE 7/1 1140 877 263 MM
COOLING TOTAL 0 22 -22 18
SINCE 1/1 0 42 -42 MM
..............................................................
WIND (MPH)
AVERAGE WIND SPEED 2.5
HIGHEST WIND SPEED/DIRECTION 17/090 DATE 03/21
HIGHEST GUST SPEED/DIRECTION 31/330 DATE 03/01
SKY COVER
POSSIBLE SUNSHINE (PERCENT) MM
AVERAGE SKY COVER 0.48
NUMBER OF DAYS FAIR 14
NUMBER OF DAYS PC 5
NUMBER OF DAYS CLOUDY 12
AVERAGE RH (PERCENT) 66
WEATHER CONDITIONS. NUMBER OF DAYS WITH
THUNDERSTORM 0 MIXED PRECIP 0
HEAVY RAIN 6 RAIN 9
LIGHT RAIN 14 FREEZING RAIN 0
LT FREEZING RAIN 0 HAIL 0
HEAVY SNOW 0 SNOW 0
LIGHT SNOW 0 SLEET 0
FOG 20 FOG W/VIS <= 1/4 MILE 0
HAZE 4
- INDICATES NEGATIVE NUMBERS.
R INDICATES RECORD WAS SET OR TIED.
MM INDICATES DATA IS MISSING.
T INDICATES TRACE AMOUNT.
$$