312
CXUS54 KCRP 012213
CF6CRP
PRELIMINARY LOCAL CLIMATOLOGICAL DATA (WS FORM: F-6)
STATION: CORPUS CHRISTI
MONTH: AUGUST
YEAR: 2020
LATITUDE: 27 46 N
LONGITUDE: 97 30 W
TEMPERATURE IN F: :PCPN: SNOW: WIND :SUNSHINE: SKY :PK WND
================================================================================
1 2 3 4 5 6A 6B 7 8 9 10 11 12 13 14 15 16 17 18
12Z AVG MX 2MIN
DY MAX MIN AVG DEP HDD CDD WTR SNW DPTH SPD SPD DIR MIN PSBL S-S WX SPD DR
================================================================================
1 98 78 88 3 0 23 0.12 0.0 0 6.2 30 80 M M 8 138 38 70
2 95 74 85 0 0 20 0.00 0.0 0 6.3 14 150 M M 4 3 18 150
3 97 74 86 1 0 21 0.00 0.0 0 5.4 14 110 M M 3 1 18 120
4 92 74 83 -2 0 18 0.00 0.0 0 5.9 15 80 M M 4 19 100
5 93 74 84 -1 0 19 0.00 0.0 0 7.5 16 140 M M 3 1 22 120
6 94 76 85 0 0 20 0.00 0.0 0 9.7 18 130 M M 3 29 120
7 94 78 86 1 0 21 0.02 0.0 0 8.5 18 130 M M 3 1 23 110
8 92 76 84 -1 0 19 T 0.0 0 8.8 20 150 M M 4 25 150
9 93 79 86 1 0 21 0.00 0.0 0 10.3 21 150 M M 2 28 150
10 93 78 86 1 0 21 T 0.0 0 9.1 20 130 M M 3 27 140
11 94 79 87 2 0 22 0.00 0.0 0 10.4 21 140 M M 3 28 140
12 94 79 87 2 0 22 0.00 0.0 0 10.4 21 150 M M 3 25 140
13 96 79 88 3 0 23 0.00 0.0 0 9.2 17 140 M M 2 24 150
14 97 75 86 1 0 21 0.00 0.0 0 8.9 18 140 M M 2 1 24 150
15 96 75 86 1 0 21 0.00 0.0 0 9.8 18 140 M M 2 24 130
16 95 75 85 0 0 20 0.00 0.0 0 7.3 15 160 M M 4 1 22 130
17 97 75 86 1 0 21 0.00 0.0 0 6.3 16 130 M M 3 21 120
18 96 74 85 0 0 20 T 0.0 0 4.3 32 350 M M 7 38 40 330
19 99 74 87 2 0 22 T 0.0 0 5.3 26 40 M M 5 3 39 50
20 97 73 85 0 0 20 0.00 0.0 0 7.6 20 160 M M 5 26 160
21 96 76 86 1 0 21 0.00 0.0 0 9.5 18 140 M M 4 26 150
22 92 75 84 -1 0 19 T 0.0 0 10.0 28 40 M M 6 3 33 30
23 92 74 83 -2 0 18 T 0.0 0 9.5 21 100 M M 5 3 28 110
24 90 75 83 -2 0 18 0.03 0.0 0 10.0 23 80 M M 4 3 29 90
25 96 76 86 2 0 21 0.00 0.0 0 6.9 16 50 M M 6 1 21 90
26 95 78 87 3 0 22 0.00 0.0 0 8.0 21 360 M M 8 25 10
27 97 81 89 5 0 24 0.03 0.0 0 8.2 20 140 M M 5 3 25 140
28 98 83 91 7 0 26 0.00 0.0 0 13.0 23 150 M M 4 28 150
29 97 79 88 4 0 23 0.00 0.0 0 10.2 21 120 M M 4 30 120
30 96 78 87 3 0 22 T 0.0 0 11.5 23 150 M M 4 18 32 130
31 96 84 90 6 0 25 T 0.0 0 16.6 25 150 M M 5 35 130
================================================================================
SM 2947 2378 0 654 0.20 0.0 270.6 M 128
================================================================================
AV 95.1 76.7 8.7 FASTST M M 4 MAX(MPH)
MISC ----> # 32 350 # 40 330
================================================================================
NOTES:
# LAST OF SEVERAL OCCURRENCES
COLUMN 17 PEAK WIND IN M.P.H.
PRELIMINARY LOCAL CLIMATOLOGICAL DATA (WS FORM: F-6) , PAGE 2
STATION: CORPUS CHRISTI
MONTH: AUGUST
YEAR: 2020
LATITUDE: 27 46 N
LONGITUDE: 97 30 W
[TEMPERATURE DATA] [PRECIPITATION DATA] SYMBOLS USED IN COLUMN 16
AVERAGE MONTHLY: 85.9 TOTAL FOR MONTH: 0.20 1 = FOG OR MIST
DPTR FM NORMAL: 1.2 DPTR FM NORMAL: -2.72 2 = FOG REDUCING VISIBILITY
HIGHEST: 99 ON 19 GRTST 24HR 0.12 ON 1- 1 TO 1/4 MILE OR LESS
LOWEST: 73 ON 20 3 = THUNDER
SNOW, ICE PELLETS, HAIL 4 = ICE PELLETS
TOTAL MONTH: 0.0 INCH 5 = HAIL
GRTST 24HR 0.0 6 = FREEZING RAIN OR DRIZZLE
GRTST DEPTH: 0 7 = DUSTSTORM OR SANDSTORM:
VSBY 1/2 MILE OR LESS
8 = SMOKE OR HAZE
[NO. OF DAYS WITH] [WEATHER - DAYS WITH] 9 = BLOWING SNOW
X = TORNADO
MAX 32 OR BELOW: 0 0.01 INCH OR MORE: 4
MAX 90 OR ABOVE: 31 0.10 INCH OR MORE: 1
MIN 32 OR BELOW: 0 0.50 INCH OR MORE: 0
MIN 0 OR BELOW: 0 1.00 INCH OR MORE: 0
[HDD (BASE 65) ]
TOTAL THIS MO. 0 CLEAR (SCALE 0-3) 10
DPTR FM NORMAL 0 PTCLDY (SCALE 4-7) 21
TOTAL FM JUL 1 0 CLOUDY (SCALE 8-10) 0
DPTR FM NORMAL 0
[CDD (BASE 65) ]
TOTAL THIS MO. 654
DPTR FM NORMAL 43 [PRESSURE DATA]
TOTAL FM JAN 1 2951 HIGHEST SLP 30.10 ON 17
DPTR FM NORMAL 390 LOWEST SLP 29.68 ON 26
[REMARKS]
#FINAL-08-20#