000
CXUS54 KCRP 011916
CLMCRP
CLIMATE REPORT
NATIONAL WEATHER SERVICE CORPUS CHRISTI TX
215 PM CDT MON MAY 01 2023
...................................
...THE CORPUS CHRISTI CLIMATE SUMMARY FOR THE MONTH OF APRIL 2023...
CLIMATE NORMAL PERIOD 1991 TO 2020
CLIMATE RECORD PERIOD 1887 TO 2023
WEATHER OBSERVED NORMAL DEPART LAST YEAR`S
VALUE DATE(S) VALUE FROM VALUE DATE(S)
NORMAL
................................................................
TEMPERATURE (F)
RECORD
HIGH 103 04/27/2014
04/28/2014
LOW 33 04/03/1987
04/14/1980
HIGHEST 93 04/15 82 11 93 04/06
04/13
LOWEST 54 04/30 63 -9 48 04/08
AVG. MAXIMUM 81.2 82.6 -1.4 86.1
AVG. MINIMUM 64.4 64.2 0.2 68.5
MEAN 72.8 73.4 -0.6 77.3
DAYS MAX >= 90 2 3.1 -1.1 4
DAYS MAX <= 32 0 0.0 0.0 0
DAYS MIN <= 32 0 0.0 0.0 0
DAYS MIN <= 0 0 0.0 0.0 0
PRECIPITATION (INCHES)
RECORD
MAXIMUM 9.21 2004
MINIMUM T 1984
TOTALS 7.49 2.04 5.45 0.24
DAILY AVG. 0.25 0.07 0.18 0.01
DAYS >= .01 9 5.9 3.1 4
DAYS >= .10 7 2.5 4.5 1
DAYS >= .50 4 1.1 2.9 0
DAYS >= 1.00 3 0.5 2.5 0
GREATEST
24 HR. TOTAL 3.35 04/23 TO 04/23 0.17
SNOWFALL (INCHES)
RECORDS
TOTAL 0.0 MM
24 HR TOTAL 0.0 MM
TOTALS 0.0 0.0 0.0 0.0
SINCE 7/1 0.0 0.2 -0.2 MM
SNOWDEPTH AVG. 0 0
DAYS >= 1.0 0 0.0 0.0 0
GREATEST
SNOW DEPTH 0 0
24 HR TOTAL 0.0 0.0
DEGREE DAYS
HEATING TOTAL 12 11 1 0
SINCE 7/1 728 799 -71 MM
COOLING TOTAL 255 263 -8 378
SINCE 1/1 745 500 245 MM
................................................................
WIND (MPH)
AVERAGE WIND SPEED 11.5
HIGHEST WIND SPEED/DIRECTION 35/050 DATE 04/23
HIGHEST GUST SPEED/DIRECTION 48/150 DATE 04/18
SKY COVER
AVERAGE SKY COVER 0.71
AVERAGE RH (PERCENT) 79
WEATHER CONDITIONS. NUMBER OF DAYS WITH
THUNDERSTORM 7 MIXED PRECIP 0
HEAVY RAIN 7 RAIN 6
LIGHT RAIN 17 FREEZING RAIN 0
LT FREEZING RAIN 0 HAIL 1
HEAVY SNOW 0 SNOW 0
LIGHT SNOW 0 SLEET 0
FOG 15 FOG W/VIS <= 1/4 MILE 0
HAZE 1
- INDICATES NEGATIVE NUMBERS.
R INDICATES RECORD WAS SET OR TIED.
MM INDICATES DATA IS MISSING.
T INDICATES TRACE AMOUNT.
$$