000
CXUS51 KRLX 021440
CF6CRW
PRELIMINARY LOCAL CLIMATOLOGICAL DATA (WS FORM: F-6)
STATION: CHARLESTON WV
MONTH: APRIL
YEAR: 2022
LATITUDE: 38 22 N
LONGITUDE: 81 36 W
TEMPERATURE IN F: :PCPN: SNOW: WIND :SUNSHINE: SKY :PK WND
================================================================================
1 2 3 4 5 6A 6B 7 8 9 10 11 12 13 14 15 16 17 18
12Z AVG MX 2MIN
DY MAX MIN AVG DEP HDD CDD WTR SNW DPTH SPD SPD DIR MIN PSBL S-S WX SPD DR
================================================================================
1 47 32 40 -12 25 0 0.10 T 0 8.8 28 310 M M 8 14 37 300
2 62 27 45 -7 20 0 T 0.0 0 3.5 13 260 M M 4 1 17 260
3 56 37 47 -5 18 0 T 0.0 0 8.2 20 250 M M 6 30 290
4 59 31 45 -8 20 0 T 0.0 0 1.6 9 100 M M 7 13 100
5 59 47 53 0 12 0 0.64 0.0 0 4.2 16 70 M M 10 1 20 60
6 72 52 62 8 3 0 0.27 0.0 0 6.9 22 300 M M 9 13 36 320
7 60 43 52 -2 13 0 0.04 0.0 0 4.6 25 240 M M 9 15 38 230
8 49 38 44 -10 21 0 0.18 0.0 0 7.5 24 230 M M 8 1 33 250
9 45 35 40 -15 25 0 0.16 T 0 10.1 23 230 M M 9 18 34 290
10 61 38 50 -5 15 0 0.00 0.0 0 5.6 14 230 M M 5 21 230
11 76 37 57 1 8 0 0.02 0.0 0 6.9 31 230 M M 6 43 220
12 71 55 63 7 2 0 0.02 0.0 0 4.0 16 250 M M 9 1 21 230
13 82 56 69 13 0 4 T 0.0 0 5.6 30 210 M M 7 40 220
14 70 49 60 3 5 0 0.06 0.0 0 7.5 24 270 M M 5 1 35 280
15 75 36 56 -1 9 0 0.00 0.0 0 6.8 28 260 M M 4 39 250
16 71 53 62 5 3 0 0.00 0.0 0 7.5 22 270 M M 8 35 250
17 59 39 49 -9 16 0 0.00 0.0 0 6.5 16 340 M M 5 24 340
18 50 37 44 -14 21 0 0.78 0.0 0 8.2 23 100 M M 10 1 37 300
19 48 34 41 -17 24 0 0.03 T 0 8.0 21 310 M M 8 1 29 270
20 68 28 48 -11 17 0 0.00 0.0 0 3.5 17 150 M M 3 22 150
21 69 52 61 2 4 0 0.03 0.0 0 6.6 17 230 M M 10 23 250
22 79 48 64 5 1 0 0.00 0.0 0 1.4 9 20 M M 4 1 13 30
23 89 52 71 11 0 6 0.00 0.0 0 2.8 13 310 M M 1 18 210
24 88 57 73 13 0 8 0.00 0.0 0 2.6 15 220 M M 1 20 230
25 86 56 71 11 0 6 0.02 0.0 0 6.7 20 300 M M 5 1 30 310
26 64 41 53 -7 12 0 0.50 0.0 0 4.8 17 330 M M 8 1 23 340
27 61 35 48 -13 17 0 0.00 0.0 0 7.5 21 310 M M 3 18 32 320
28 64 39 52 -9 13 0 0.00 0.0 0 3.6 12 20 M M 5 14 360
29 68 48 58 -3 7 0 T 0.0 0 2.4 9 60 M M 9 14 110
30 60 51 56 -5 9 0 0.66 0.0 0 2.3 9 100 M M 9 1 13 110
================================================================================
SM 1968 1283 340 24 3.51 T 166.2 M 195
================================================================================
AV 65.6 42.8 5.5 FASTST M M 7 MAX(MPH)
MISC ----> 31 230 43 220
================================================================================
NOTES:
# LAST OF SEVERAL OCCURRENCES
COLUMN 17 PEAK WIND IN M.P.H.
PRELIMINARY LOCAL CLIMATOLOGICAL DATA (WS FORM: F-6) , PAGE 2
STATION: CHARLESTON WV
MONTH: APRIL
YEAR: 2022
LATITUDE: 38 22 N
LONGITUDE: 81 36 W
[TEMPERATURE DATA] [PRECIPITATION DATA] SYMBOLS USED IN COLUMN 16
AVERAGE MONTHLY: 54.2 TOTAL FOR MONTH: 3.51 1 = FOG OR MIST
DPTR FM NORMAL: -2.7 DPTR FM NORMAL: -0.05 2 = FOG REDUCING VISIBILITY
HIGHEST: 89 ON 23 GRTST 24HR 0.81 ON 18-19 TO 1/4 MILE OR LESS
LOWEST: 27 ON 2 3 = THUNDER
SNOW, ICE PELLETS, HAIL 4 = ICE PELLETS
TOTAL MONTH: T 5 = HAIL
GRTST 24HR T ON 1- 1 6 = FREEZING RAIN OR DRIZZLE
GRTST DEPTH: 0 7 = DUSTSTORM OR SANDSTORM:
VSBY 1/2 MILE OR LESS
8 = SMOKE OR HAZE
[NO. OF DAYS WITH] [WEATHER - DAYS WITH] 9 = BLOWING SNOW
X = TORNADO
MAX 32 OR BELOW: 0 0.01 INCH OR MORE: 15
MAX 90 OR ABOVE: 0 0.10 INCH OR MORE: 8
MIN 32 OR BELOW: 4 0.50 INCH OR MORE: 4
MIN 0 OR BELOW: 0 1.00 INCH OR MORE: 0
[HDD (BASE 65) ]
TOTAL THIS MO. 340 CLEAR (SCALE 0-3) 3
DPTR FM NORMAL 68 PTCLDY (SCALE 4-7) 17
TOTAL FM JUL 1 3986 CLOUDY (SCALE 8-10) 10
DPTR FM NORMAL -255
[CDD (BASE 65) ]
TOTAL THIS MO. 24
DPTR FM NORMAL -6 [PRESSURE DATA]
TOTAL FM JAN 1 26 HIGHEST SLP 30.45 ON 22
DPTR FM NORMAL -9 LOWEST SLP 29.51 ON 6
[REMARKS]
#FINAL-04-22#