000
CXUS54 KOUN 010810
CF6CSM
PRELIMINARY LOCAL CLIMATOLOGICAL DATA (WS FORM: F-6)
STATION: CLINTON
MONTH: JULY
YEAR: 2021
LATITUDE: 35 20 N
LONGITUDE: 99 12 W
TEMPERATURE IN F: :PCPN: SNOW: WIND :SUNSHINE: SKY :PK WND
================================================================================
1 2 3 4 5 6A 6B 7 8 9 10 11 12 13 14 15 16 17 18
12Z AVG MX 2MIN
DY MAX MIN AVG DEP HDD CDD WTR SNW DPTH SPD SPD DIR MIN PSBL S-S WX SPD DR
================================================================================
1 90 71 81 0 0 16 0.13 M M 10.6 25 320 M M 5 13 32 320
2 84 70 77 -4 0 12 0.04 M M 6.9 21 60 M M 8 1 24 60
3 83 70 77 -4 0 12 0.01 M M 8.9 17 130 M M 6 22 110
4 87 67 77 -5 0 12 0.00 M M 9.5 17 130 M M 4 21 130
5 86 68 77 -5 0 12 0.00 0.0 M 9.1 17 130 M M 5 20 130
6 89 68 79 -3 0 14 0.00 0.0 M 8.1 16 140 M M 3 20 130
7 93 69 81 -1 0 16 0.69 0.0 M 6.5 41 20 M M 2 13 50 20
8 92 68 80 -2 0 15 0.00 M M 5.6 13 170 M M 0 15 180
9 91 72 82 0 0 17 0.00 M M 14.5 24 170 M M 0 30 150
10 93 72 83 1 0 18 T M M 9.6 28 210 M M 4 34 200
11 87 66 77 -5 0 12 0.00 M M 9.6 20 20 M M 0 25 350
12 88 62 75 -8 0 10 0.00 M M 6.0 16 150 M M 1 26 150
13 93 69 81 -2 0 16 0.00 M M 13.2 24 190 M M 1 30 190
14 91 70 81 -2 0 16 0.00 M M 19.7 32 190 M M 0 39 180
15 86 72 79 -4 0 14 T M M 16.8 25 190 M M 2 8 32 190
16 95 71 83 0 0 18 0.00 M M 12.2 31 200 M M 1 3 40 190
17 95 72 84 1 0 19 0.00 M M 11.5 12 170 M M 1 12 170
18 94 70 82 -1 0 17 0.49 M M M M M M M 3 13 M M
19 88 68 78 -5 0 13 0.00 M M 9.1 13 20 M M 3 1 20 20
20 86 62 74 -9 0 9 0.00 M M 8.7 12 50 M M 1 18 60
21 87 63 75 -8 0 10 0.00 M M 6.1 10 140 M M 1 18 10 140
22 91 68 80 -4 0 15 0.00 0.0 M 12.8 17 180 M M 1 30 170
23 94 70 82 -2 0 17 0.00 M M 15.5 21 170 M M 0 25 170
24 99 74 87 3 0 22 0.00 M M 11.5 12 150 M M 0 M M
25 100 69 85 1 0 20 0.62 M M M M M M M 2 13 M M
26 92 71 82 -2 0 17 T M M 8.2 13 110 M M 1 3 13 110
27 97 71 84 0 0 19 0.00 M M 8.4 17 160 M M 0 3 17 160
28 97 74 86 2 0 21 0.00 M M 10.4 15 130 M M 1 21 170
29 96 74 85 1 0 20 0.00 M M 10.2 14 140 M M 1 14 140
30 98 74 86 2 0 21 0.00 M M 10.6 16 170 M M 0 16 170
31 100 74 87 3 0 22 0.00 M M 9.2 9 150 M M 1 8 9 150
================================================================================
SM 2842 2159 0 492 1.98 0.0 299.0 M 58
================================================================================
AV 91.7 69.6 10.3 FASTST M M 2 MAX(MPH)
MISC ----> 41 20 50 20
================================================================================
NOTES:
# LAST OF SEVERAL OCCURRENCES
COLUMN 17 PEAK WIND IN M.P.H.
PRELIMINARY LOCAL CLIMATOLOGICAL DATA (WS FORM: F-6) , PAGE 2
STATION: CLINTON
MONTH: JULY
YEAR: 2021
LATITUDE: 35 20 N
LONGITUDE: 99 12 W
[TEMPERATURE DATA] [PRECIPITATION DATA] SYMBOLS USED IN COLUMN 16
AVERAGE MONTHLY: 80.7 TOTAL FOR MONTH: 1.98 1 = FOG OR MIST
DPTR FM NORMAL: -2.0 DPTR FM NORMAL: 0.02 2 = FOG REDUCING VISIBILITY
HIGHEST: 100 ON 31,25 GRTST 24HR 0.69 ON 7- 7 TO 1/4 MILE OR LESS
LOWEST: 62 ON 20,12 3 = THUNDER
SNOW, ICE PELLETS, HAIL 4 = ICE PELLETS
TOTAL MONTH: 0.0 INCH 5 = HAIL
GRTST 24HR 0.0 6 = FREEZING RAIN OR DRIZZLE
GRTST DEPTH: M ON M 7 = DUSTSTORM OR SANDSTORM:
VSBY 1/2 MILE OR LESS
8 = SMOKE OR HAZE
[NO. OF DAYS WITH] [WEATHER - DAYS WITH] 9 = BLOWING SNOW
X = TORNADO
MAX 32 OR BELOW: 0 0.01 INCH OR MORE: 6
MAX 90 OR ABOVE: 20 0.10 INCH OR MORE: 4
MIN 32 OR BELOW: 0 0.50 INCH OR MORE: 2
MIN 0 OR BELOW: 0 1.00 INCH OR MORE: 0
[HDD (BASE 65) ]
TOTAL THIS MO. 0 CLEAR (SCALE 0-3) 24
DPTR FM NORMAL 0 PTCLDY (SCALE 4-7) 7
TOTAL FM JUL 1 0 CLOUDY (SCALE 8-10) 0
DPTR FM NORMAL 0
[CDD (BASE 65) ]
TOTAL THIS MO. 492
DPTR FM NORMAL -58 [PRESSURE DATA]
TOTAL FM JAN 1 1029 HIGHEST SLP M ON M
DPTR FM NORMAL -122 LOWEST SLP 29.82 ON 25
[REMARKS]
#FINAL-07-21#