000
CXUS56 KTFX 011110
CF6CTB
PRELIMINARY LOCAL CLIMATOLOGICAL DATA (WS FORM: F-6)
STATION: CUT BANK MT
MONTH: MAY
YEAR: 2022
LATITUDE: 48 37 N
LONGITUDE: 112 23 W
TEMPERATURE IN F: :PCPN: SNOW: WIND :SUNSHINE: SKY :PK WND
================================================================================
1 2 3 4 5 6A 6B 7 8 9 10 11 12 13 14 15 16 17 18
12Z AVG MX 2MIN
DY MAX MIN AVG DEP HDD CDD WTR SNW DPTH SPD SPD DIR MIN PSBL S-S WX SPD DR
================================================================================
1 53 34 44 0 21 0 T M 0 6.2 18 160 M M 9 26 150
2 64 27 46 1 19 0 0.00 M 0 8.2 18 140 M M 2 1 28 190
3 66 35 51 6 14 0 0.00 M 0 8.7 21 330 M M 5 26 340
4 68 45 57 12 8 0 0.00 M 0 17.6 29 250 M M 0 39 260
5 75 47 61 15 4 0 T M 0 12.9 37 230 M M 3 47 220
6 62 42 52 6 13 0 0.00 M 0 31.4 54 240 M M 0 68 240
7 54 39 47 1 18 0 0.00 M 0 20.4 39 270 M M 4 50 260
8 51 29 40 -7 25 0 0.00 M 0 21.7 32 240 M M 1 42 250
9 49 29 39 -8 26 0 0.01 M 0 17.5 29 280 M M 5 44 320
10 58 33 46 -2 19 0 0.00 M 0 19.4 32 250 M M 0 41 250
11 61 23 42 -6 23 0 0.00 M 0 6.6 17 270 M M 1 25 260
12 58 29 44 -4 21 0 0.00 M 0 6.3 16 50 M M 5 22 360
13 52 26 39 -10 26 0 0.00 M 0 22.9 46 250 M M 2 56 240
14 60 32 46 -3 19 0 0.00 M 0 18.9 29 250 M M 0 43 250
15 65 35 50 0 15 0 0.00 M 0 11.4 23 260 M M 1 29 260
16 69 42 56 6 9 0 0.00 M 0 17.6 30 240 M M 1 37 230
17 64 39 52 2 13 0 0.00 M 0 18.8 33 250 M M 0 44 240
18 63 36 50 0 15 0 0.04 M 0 19.2 45 240 M M 3 57 240
19 51 34 43 -8 22 0 0.24 M 0 26.5 41 330 M M 8 1 52 310
20 47 30 39 -12 26 0 0.05 M 0 17.4 30 350 M M 8 1 37 360
21 49 31 40 -12 25 0 0.00 M 0 7.8 16 30 M M 7 22 20
22 61 24 43 -9 22 0 0.00 M 0 7.0 18 300 M M 4 24 310
23 67 33 50 -2 15 0 0.00 M 0 11.4 23 260 M M 3 29 260
24 67 38 53 1 12 0 0.00 M 0 13.5 26 250 M M 1 35 210
25 64 42 53 0 12 0 0.00 M 0 18.4 31 250 M M 2 39 240
26 70 45 58 5 7 0 0.00 M 0 14.7 25 250 M M 1 30 270
27 70 48 59 6 6 0 0.04 M 0 20.6 45 260 M M 2 55 250
28 64 45 55 1 10 0 0.00 M 0 13.9 29 250 M M 5 36 250
29 56 43 50 -4 15 0 0.01 M 0 14.6 25 320 M M 9 33 310
30 53 41 47 -7 18 0 0.08 M 0 22.4 33 350 M M 10 44 360
31 63 32 48 -6 17 0 0.00 M 0 9.5 16 360 M M 1 23 30
================================================================================
SM 1874 1108 515 0 0.47 M 483.4 M 103
================================================================================
AV 60.5 35.7 15.6 FASTST M M 3 MAX(MPH)
MISC ----> 54 240 68 240
================================================================================
NOTES:
# LAST OF SEVERAL OCCURRENCES
COLUMN 17 PEAK WIND IN M.P.H.
PRELIMINARY LOCAL CLIMATOLOGICAL DATA (WS FORM: F-6) , PAGE 2
STATION: CUT BANK MT
MONTH: MAY
YEAR: 2022
LATITUDE: 48 37 N
LONGITUDE: 112 23 W
[TEMPERATURE DATA] [PRECIPITATION DATA] SYMBOLS USED IN COLUMN 16
AVERAGE MONTHLY: 48.1 TOTAL FOR MONTH: 0.47 1 = FOG OR MIST
DPTR FM NORMAL: -1.5 DPTR FM NORMAL: -1.18 2 = FOG REDUCING VISIBILITY
HIGHEST: 75 ON 5 GRTST 24HR 0.28 ON 19-20 TO 1/4 MILE OR LESS
LOWEST: 23 ON 11 3 = THUNDER
SNOW, ICE PELLETS, HAIL 4 = ICE PELLETS
TOTAL MONTH: M 5 = HAIL
GRTST 24HR M ON M 6 = FREEZING RAIN OR DRIZZLE
GRTST DEPTH: 0 7 = DUSTSTORM OR SANDSTORM:
VSBY 1/2 MILE OR LESS
8 = SMOKE OR HAZE
[NO. OF DAYS WITH] [WEATHER - DAYS WITH] 9 = BLOWING SNOW
X = TORNADO
MAX 32 OR BELOW: 0 0.01 INCH OR MORE: 7
MAX 90 OR ABOVE: 0 0.10 INCH OR MORE: 1
MIN 32 OR BELOW: 11 0.50 INCH OR MORE: 0
MIN 0 OR BELOW: 0 1.00 INCH OR MORE: 0
[HDD (BASE 65) ]
TOTAL THIS MO. 515 CLEAR (SCALE 0-3) 17
DPTR FM NORMAL 38 PTCLDY (SCALE 4-7) 11
TOTAL FM JUL 1 8209 CLOUDY (SCALE 8-10) 3
DPTR FM NORMAL -135
[CDD (BASE 65) ]
TOTAL THIS MO. 0
DPTR FM NORMAL -1 [PRESSURE DATA]
TOTAL FM JAN 1 0 HIGHEST SLP 30.35 ON 21
DPTR FM NORMAL -1 LOWEST SLP 29.42 ON 7
[REMARKS]
#FINAL-05-22#