000
CXUS52 KCAE 011500
CF6CUB
PRELIMINARY LOCAL CLIMATOLOGICAL DATA (WS FORM: F-6)
STATION: HAMILTON - OWENS AIRPORT SC
MONTH: JANUARY
YEAR: 2024
LATITUDE: 33 58 N
LONGITUDE: 80 59 W
TEMPERATURE IN F: :PCPN: SNOW: WIND :SUNSHINE: SKY :PK WND
================================================================================
1 2 3 4 5 6A 6B 7 8 9 10 11 12 13 14 15 16 17 18
12Z AVG MX 2MIN
DY MAX MIN AVG DEP HDD CDD WTR SNW DPTH SPD SPD DIR MIN PSBL S-S WX SPD DR
================================================================================
1 59 39 49 2 16 0 0.00 M M 5.4 13 320 M M 1 22 320
2 52 30 41 -6 24 0 0.00 M M 2.0 12 280 M M 0 18 270
3 51 27 39 -8 26 0 T M M 3.2 10 170 M M 3 15 250
4 55 32 44 -3 21 0 0.00 M M 3.2 13 30 M M 1 18 24 40
5 52 27 40 -7 25 0 T M M 3.6 8 60 M M 3 14 50
6 57 40 49 2 16 0 0.58 M M 4.9 14 310 M M 10 1 20 300
7 56 38 47 0 18 0 0.00 M M 8.8 20 260 M M 0 28 250
8 51 31 41 -6 24 0 0.00 M M 3.5 13 70 M M 2 23 70
9 68 43 56 9 9 0 0.95 M M 11.0 26 170 M M 9 13 41 180
10 52 38 45 -2 20 0 0.02 M M 11.5 30 260 M M 2 45 260
11 62 31 47 0 18 0 0.00 M M 2.4 10 190 M M 0 14 200
12 68 33 51 4 14 0 0.47 M M 5.3 20 300 M M 5 13 32 300
13 61 37 49 2 16 0 0.00 M M 11.0 24 270 M M 1 35 260
14 60 32 46 -1 19 0 0.00 M M 4.4 17 260 M M 0 26 250
15 65 39 52 5 13 0 0.00 M M 2.0 15 200 M M 1 21 190
16 49 36 43 -4 22 0 T M M 3.2 12 360 M M 7 20 340
17 M M M M M M 0.00 M M M M M M M M M M
18 M M M M M M 0.00 M M M M M M M M M M
19 57 33 45 -2 20 0 0.00 M M 6.9 29 270 M M 0 39 280
20 37 25 31 -16 34 0 0.00 M M 4.8 15 300 M M 0 24 300
21 43 17 30 -17 35 0 0.00 M M 2.0 8 340 M M 0 8 13 320
22 53 22 38 -9 27 0 0.00 M M 1.8 8 150 M M 2 11 160
23 59 41 50 3 15 0 T M M 0.9 7 160 M M 9 9 150
24 66 54 60 13 5 0 0.16 M M 2.4 9 170 M M 10 1 15 160
25 75 64 70 23 0 5 0.01 M M 4.2 12 180 M M 8 1 16 160
26 78 59 69 22 0 4 0.00 M M 3.7 13 260 M M 2 1 18 250
27 73 57 65 17 0 0 0.25 M M 2.2 14 160 M M 5 13 19 170
28 67 46 57 9 8 0 0.00 M M 14.1 24 260 M M 3 35 260
29 61 39 50 2 15 0 0.00 M M 5.9 15 280 M M 0 23 310
30 61 32 47 -1 18 0 T M M 1.6 12 200 M M 1 17 200
31 53 37 45 -3 20 0 0.05 M M 2.3 10 350 M M 7 1 21 340
================================================================================
SM 1701 1079 498 9 2.49 M 138.2 M 92
================================================================================
AV 58.7 37.2 4.8 FASTST M M 3 MAX(MPH)
MISC ----> 30 260 45 260
================================================================================
NOTES:
# LAST OF SEVERAL OCCURRENCES
COLUMN 17 PEAK WIND IN M.P.H.
PRELIMINARY LOCAL CLIMATOLOGICAL DATA (WS FORM: F-6) , PAGE 2
STATION: HAMILTON - OWENS AIRPORT SC
MONTH: JANUARY
YEAR: 2024
LATITUDE: 33 58 N
LONGITUDE: 80 59 W
[TEMPERATURE DATA] [PRECIPITATION DATA] SYMBOLS USED IN COLUMN 16
AVERAGE MONTHLY: 47.9 TOTAL FOR MONTH: 2.49 1 = FOG OR MIST
DPTR FM NORMAL: 0.8 DPTR FM NORMAL: -0.92 2 = FOG REDUCING VISIBILITY
HIGHEST: 78 ON 26 GRTST 24HR 1.05 ON 9- 9 TO 1/4 MILE OR LESS
LOWEST: 17 ON 21 3 = THUNDER
SNOW, ICE PELLETS, HAIL 4 = ICE PELLETS
TOTAL MONTH: M 5 = HAIL
GRTST 24HR M ON M 6 = FREEZING RAIN OR DRIZZLE
GRTST DEPTH: M ON M 7 = DUSTSTORM OR SANDSTORM:
VSBY 1/2 MILE OR LESS
8 = SMOKE OR HAZE
[NO. OF DAYS WITH] [WEATHER - DAYS WITH] 9 = BLOWING SNOW
X = TORNADO
MAX 32 OR BELOW: 0 0.01 INCH OR MORE: 8
MAX 90 OR ABOVE: 0 0.10 INCH OR MORE: 5
MIN 32 OR BELOW: 11 0.50 INCH OR MORE: 2
MIN 0 OR BELOW: 0 1.00 INCH OR MORE: 0
[HDD (BASE 65) ]
TOTAL THIS MO. 498 CLEAR (SCALE 0-3) 19
DPTR FM NORMAL -59 PTCLDY (SCALE 4-7) 6
TOTAL FM JUL 1 1315 CLOUDY (SCALE 8-10) 6
DPTR FM NORMAL -112
[CDD (BASE 65) ]
TOTAL THIS MO. 9
DPTR FM NORMAL 6 [PRESSURE DATA]
TOTAL FM JAN 1 9 HIGHEST SLP 30.69 ON 22
DPTR FM NORMAL 6 LOWEST SLP 29.77 ON 28
[REMARKS]
#FINAL-01-24#