000
CXUS53 KUNR 010945
CF6CUT
PRELIMINARY LOCAL CLIMATOLOGICAL DATA (WS FORM: F-6)
STATION: CUSTER COUNTY AIRPORT SD
MONTH: MARCH
YEAR: 2020
LATITUDE: 43 43 N
LONGITUDE: 103 37 W
TEMPERATURE IN F: :PCPN: SNOW: WIND :SUNSHINE: SKY :PK WND
================================================================================
1 2 3 4 5 6A 6B 7 8 9 10 11 12 13 14 15 16 17 18
12Z AVG MX 2MIN
DY MAX MIN AVG DEP HDD CDD WTR SNW DPTH SPD SPD DIR MIN PSBL S-S WX SPD DR
================================================================================
1 36 16 26 -2 39 0 T M M 5.8 15 310 M M 4 8 29 360
2 37 13 25 -3 40 0 T M M 11.0 26 280 M M 3 1 45 290
3 38 22 30 1 35 0 0.09 M M 10.5 28 280 M M 4 1 42 290
4 50 26 38 9 27 0 T M M 12.4 24 270 M M 1 1 38 260
5 39 22 31 2 34 0 0.00 M M 7.7 17 280 M M 1 26 270
6 59 28 44 15 21 0 0.00 M M 9.2 18 270 M M 0 27 270
7 61 42 52 22 13 0 0.00 M M 11.9 25 270 M M 0 37 250
8 51 26 39 9 26 0 0.00 M M 6.7 20 270 M M 2 32 260
9 48 26 37 7 28 0 0.01 M M 5.1 17 260 M M 5 16 26 270
10 45 25 35 5 30 0 0.00 M M 6.1 18 280 M M 2 28 260
11 56 29 43 13 22 0 0.00 M M 10.2 25 270 M M 1 36 260
12 36 18 27 -4 38 0 0.00 M M 8.1 17 290 M M 4 30 360
13 26 15 21 -10 44 0 0.49 M M 9.4 17 120 M M 6 128 30 140
14 24 20 22 -9 43 0 0.13 M M 9.6 18 120 M M 10 126 32 100
15 43 23 33 2 32 0 0.00 M M 4.6 9 250 M M 7 12 17 170
16 30 17 24 -8 41 0 0.01 M M 5.3 10 240 M M 9 12 17 220
17 45 13 29 -3 36 0 0.00 M M 5.9 14 240 M M 4 12 22 240
18 39 25 32 0 33 0 T M M 5.0 12 90 M M 4 12 20 150
19 32 10 21 -11 44 0 0.00 M M 8.6 24 20 M M 8 1 38 10
20 19 8 14 -18 51 0 T M M 5.2 13 200 M M 8 18 22 200
21 48 19 34 2 31 0 0.00 M M 7.7 18 260 M M 1 30 250
22 44 23 34 1 31 0 0.08 M M 5.2 14 100 M M 7 1 19 80
23 51 19 35 2 30 0 0.00 M M 5.8 20 260 M M 0 1 30 260
24 54 32 43 10 22 0 0.01 M M 9.0 22 270 M M 3 1 30 280
25 40 26 33 0 32 0 0.26 M M 6.4 18 270 M M 10 12 27 270
26 42 28 35 1 30 0 0.30 M M 4.7 15 320 M M 10 12 22 300
27 35 29 32 -2 33 0 0.06 M M 5.6 14 40 M M 10 1 18 40
28 44 27 36 2 29 0 0.00 M M 6.5 21 280 M M 7 31 320
29 49 26 38 4 27 0 0.00 M M 5.8 17 280 M M 4 23 280
30 55 29 42 8 23 0 0.00 M M 5.1 16 100 M M 3 27 240
31 58 30 44 9 21 0 T M M 8.0 23 260 M M 1 1 37 290
================================================================================
SM 1334 712 986 0 1.44 M 228.1 M 139
================================================================================
AV 43.0 23.0 7.4 FASTST M M 4 MAX(MPH)
MISC ----> # 28 280 # 45 290
================================================================================
NOTES:
# LAST OF SEVERAL OCCURRENCES
COLUMN 17 PEAK WIND IN M.P.H.
PRELIMINARY LOCAL CLIMATOLOGICAL DATA (WS FORM: F-6) , PAGE 2
STATION: CUSTER COUNTY AIRPORT SD
MONTH: MARCH
YEAR: 2020
LATITUDE: 43 43 N
LONGITUDE: 103 37 W
[TEMPERATURE DATA] [PRECIPITATION DATA] SYMBOLS USED IN COLUMN 16
AVERAGE MONTHLY: 33.0 TOTAL FOR MONTH: 1.44 1 = FOG OR MIST
DPTR FM NORMAL: 1.5 DPTR FM NORMAL: 0.43 2 = FOG REDUCING VISIBILITY
HIGHEST: 61 ON 7 GRTST 24HR 0.49 ON 13-13 TO 1/4 MILE OR LESS
LOWEST: 8 ON 20 3 = THUNDER
SNOW, ICE PELLETS, HAIL 4 = ICE PELLETS
TOTAL MONTH: M 5 = HAIL
GRTST 24HR M ON M 6 = FREEZING RAIN OR DRIZZLE
GRTST DEPTH: M ON M 7 = DUSTSTORM OR SANDSTORM:
VSBY 1/2 MILE OR LESS
8 = SMOKE OR HAZE
[NO. OF DAYS WITH] [WEATHER - DAYS WITH] 9 = BLOWING SNOW
X = TORNADO
MAX 32 OR BELOW: 5 0.01 INCH OR MORE: 10
MAX 90 OR ABOVE: 0 0.10 INCH OR MORE: 4
MIN 32 OR BELOW: 30 0.50 INCH OR MORE: 0
MIN 0 OR BELOW: 0 1.00 INCH OR MORE: 0
[HDD (BASE 65) ]
TOTAL THIS MO. 986 CLEAR (SCALE 0-3) 11
DPTR FM NORMAL -54 PTCLDY (SCALE 4-7) 15
TOTAL FM JUL 1 6804 CLOUDY (SCALE 8-10) 5
DPTR FM NORMAL -71
[CDD (BASE 65) ]
TOTAL THIS MO. 0
DPTR FM NORMAL 0 [PRESSURE DATA]
TOTAL FM JAN 1 0 HIGHEST SLP 30.55 ON 20
DPTR FM NORMAL 0 LOWEST SLP 29.58 ON 11
[REMARKS]
#FINAL-03-20#