000
CXUS51 KILN 011433
CLMCVG
CLIMATE REPORT
NATIONAL WEATHER SERVICE WILMINGTON OH
1033 AM EDT THU JUN 01 2023
...................................
...THE CINCINNATI OH CLIMATE SUMMARY FOR THE MONTH OF MAY 2023...
CLIMATE NORMAL PERIOD: 1991 TO 2020
CLIMATE RECORD PERIOD: 1869 TO 2023
WEATHER OBSERVED NORMAL DEPART LAST YEAR`S
VALUE DATE(S) VALUE FROM VALUE DATE(S)
NORMAL
................................................................
TEMPERATURE (F)
RECORD
HIGH 95 05/31/1937
05/28/1911
05/27/1911
LOW 27 05/01/1963
HIGHEST 86 05/31 74 12 88 05/31
LOWEST 35 05/04 52 -17 43 05/02
AVG. MAXIMUM 74.0 74.5 -0.5 76.9
AVG. MINIMUM 52.8 53.7 -0.9 57.5
MEAN 63.4 64.1 -0.7 67.2
DAYS MAX >= 90 0 0.3 -0.3 0
DAYS MAX <= 32 0 0.0 0.0 0
DAYS MIN <= 32 0 0.3 -0.3 0
DAYS MIN <= 0 0 0.0 0.0 0
PRECIPITATION (INCHES)
TOTALS 2.16 4.67 -2.51 9.08
DAILY AVG. 0.07 0.15 -0.08 0.29
DAYS >= .01 8 13.5 -5.5 15
DAYS >= .10 3 9.1 -6.1 12
DAYS >= .50 1 3.2 -2.2 7
DAYS >= 1.00 1 1.2 -0.2 4
GREATEST
24 HR. TOTAL 1.42 05/07 TO 05/07 2.30 05/19 TO 05/20
SNOWFALL (INCHES)
TOTALS 0.0 0.0 0.0 0.0
SINCE 7/1 14.4 23.3 -8.9 13.3
DAYS >= TRACE 0 0.0 0.0 0
DAYS >= 1.0 0 0.0 0.0 0
GREATEST
24 HR TOTAL 0.0 0.0
DEGREE DAYS
HEATING TOTAL 108 118 -10 50
SINCE 7/1 4357 4880 -523 4419
COOLING TOTAL 63 90 -27 127
SINCE 1/1 73 109 -36 153
................................................................
WIND (MPH)
AVERAGE WIND SPEED 8.1
RESULTANT WIND SPEED/DIRECTION 2/060
HIGHEST WIND SPEED/DIRECTION 30/290 DATE 05/02
HIGHEST GUST SPEED/DIRECTION 38/280 DATE 05/01
SKY COVER
AVERAGE SKY COVER 0.54
AVERAGE RH (PERCENT) 67
WEATHER CONDITIONS. NUMBER OF DAYS WITH
THUNDERSTORM 1 MIXED PRECIP 0
HEAVY RAIN 1 RAIN 3
LIGHT RAIN 8 FREEZING RAIN 0
LT FREEZING RAIN 0 HAIL 0
HEAVY SNOW 0 SNOW 0
LIGHT SNOW 0 SLEET 0
FOG 15 FOG W/VIS <= 1/4 MILE 3
HAZE 8
- INDICATES NEGATIVE NUMBERS.
R INDICATES RECORD WAS SET OR TIED.
MM INDICATES DATA IS MISSING.
T INDICATES TRACE AMOUNT.
$$