000
CXUS52 KCHS 010815
CF6CXM
PRELIMINARY LOCAL CLIMATOLOGICAL DATA (WS FORM: F-6)
STATION: DOWNTOWN CHARLESTON SC
MONTH: AUGUST
YEAR: 2022
LATITUDE: 32 46 N
LONGITUDE: 79 56 W
TEMPERATURE IN F: :PCPN: SNOW: WIND :SUNSHINE: SKY :PK WND
================================================================================
1 2 3 4 5 6A 6B 7 8 9 10 11 12 13 14 15 16 17 18
12Z AVG MX 2MIN
DY MAX MIN AVG DEP HDD CDD WTR SNW DPTH SPD SPD DIR MIN PSBL S-S WX SPD DR
================================================================================
1 92 81 87 5 0 22 0.00 M M 6.9 12 210 M M M 17 210
2 92 81 87 5 0 22 0.00 M M 6.5 12 210 M M M 17 210
3 92 82 87 5 0 22 0.00 M M 5.1 15 180 M M M 19 180
4 86 82 84 2 0 19 0.00 M M 7.6 13 180 M M M 16 170
5 87 81 84 2 0 19 0.00 M M 6.9 13 130 M M M 18 130
6 88 80 84 2 0 19 0.00 M M 5.8 10 130 M M M 12 120
7 87 79 83 1 0 18 0.00 M M 5.2 14 160 M M M 18 180
8 84 75 80 -2 0 15 2.09 M M 4.0 16 170 M M M 20 180
9 88 77 83 1 0 18 0.01 M M 6.3 14 180 M M M 17 180
10 89 79 84 2 0 19 0.01 M M 5.8 14 190 M M M 17 200
11 87 73 80 -2 0 15 0.12 M M 4.8 24 220 M M M 34 220
12 85 74 80 -2 0 15 0.72 M M 5.3 15 340 M M M 20 340
13 84 73 79 -3 0 14 0.00 M M 9.6 16 90 M M M 21 90
14 85 73 79 -3 0 14 0.00 M M 6.4 12 120 M M M 14 120
15 87 76 82 0 0 17 0.00 M M 6.0 13 190 M M M 16 190
16 87 77 82 0 0 17 0.00 M M 5.7 14 170 M M M 17 210
17 80 73 77 -5 0 12 0.62 M M 6.9 13 60 M M M 17 90
18 82 73 78 -3 0 13 0.07 M M 9.2 15 110 M M M 17 110
19 86 75 81 0 0 16 1.57 M M 6.5 13 180 M M M 18 40
20 90 75 83 2 0 18 0.00 M M 3.9 10 160 M M M 12 160
21 84 76 80 -1 0 15 0.28 M M 5.9 16 190 M M M 19 190
22 83 75 79 -2 0 14 0.32 M M 4.2 12 200 M M M 17 270
23 86 75 81 0 0 16 0.11 M M 3.2 10 110 M M M 14 80
24 86 77 82 1 0 17 0.00 M M 3.3 9 130 M M M 10 130
25 84 76 80 -1 0 15 0.45 M M 4.3 11 110 M M M 13 110
26 86 75 81 0 0 16 0.02 M M 3.5 9 140 M M M 11 200
27 86 78 82 1 0 17 0.00 M M 5.0 11 140 M M M 14 130
28 84 77 81 1 0 16 0.34 M M 8.4 23 110 M M M 27 110
29 81 74 78 -2 0 13 2.58 M M 6.6 17 120 M M M 21 120
30 85 75 80 0 0 15 0.38 M M 5.8 13 180 M M M 15 180
31 87 79 83 3 0 18 0.02 M M 3.6 9 180 M M M 11 170
================================================================================
SM 2670 2376 0 516 9.71 M 178.2 M M
================================================================================
AV 86.1 76.6 5.7 FASTST M M M MAX(MPH)
MISC ----> 24 220 34 220
================================================================================
NOTES:
# LAST OF SEVERAL OCCURRENCES
COLUMN 17 PEAK WIND IN M.P.H.
PRELIMINARY LOCAL CLIMATOLOGICAL DATA (WS FORM: F-6) , PAGE 2
STATION: DOWNTOWN CHARLESTON SC
MONTH: AUGUST
YEAR: 2022
LATITUDE: 32 46 N
LONGITUDE: 79 56 W
[TEMPERATURE DATA] [PRECIPITATION DATA] SYMBOLS USED IN COLUMN 16
AVERAGE MONTHLY: 81.4 TOTAL FOR MONTH: 9.71 1 = FOG OR MIST
DPTR FM NORMAL: 0.0 DPTR FM NORMAL: 3.60 2 = FOG REDUCING VISIBILITY
HIGHEST: 92 ON 3, 2 GRTST 24HR 2.58 ON 29-29 TO 1/4 MILE OR LESS
LOWEST: 73 ON 18,17 3 = THUNDER
SNOW, ICE PELLETS, HAIL 4 = ICE PELLETS
TOTAL MONTH: M 5 = HAIL
GRTST 24HR M ON M 6 = FREEZING RAIN OR DRIZZLE
GRTST DEPTH: M ON M 7 = DUSTSTORM OR SANDSTORM:
VSBY 1/2 MILE OR LESS
8 = SMOKE OR HAZE
[NO. OF DAYS WITH] [WEATHER - DAYS WITH] 9 = BLOWING SNOW
X = TORNADO
MAX 32 OR BELOW: 0 0.01 INCH OR MORE: 17
MAX 90 OR ABOVE: 4 0.10 INCH OR MORE: 12
MIN 32 OR BELOW: 0 0.50 INCH OR MORE: 5
MIN 0 OR BELOW: 0 1.00 INCH OR MORE: 3
[HDD (BASE 65) ]
TOTAL THIS MO. 0 CLEAR (SCALE 0-3) 0
DPTR FM NORMAL 0 PTCLDY (SCALE 4-7) 0
TOTAL FM JUL 1 0 CLOUDY (SCALE 8-10) 31
DPTR FM NORMAL 0
[CDD (BASE 65) ]
TOTAL THIS MO. 516
DPTR FM NORMAL 6 [PRESSURE DATA]
TOTAL FM JAN 1 2017 HIGHEST SLP M ON M
DPTR FM NORMAL 156 LOWEST SLP 29.68 ON 16
[REMARKS]
#FINAL-08-22#