000
CXUS54 KHGX 152048
CF6CXO
PRELIMINARY LOCAL CLIMATOLOGICAL DATA (WS FORM: F-6)
STATION: CONROE
MONTH: SEPTEMBER
YEAR: 2023
LATITUDE: 30 21 N
LONGITUDE: 95 25 W
TEMPERATURE IN F: :PCPN: SNOW: WIND :SUNSHINE: SKY :PK WND
================================================================================
1 2 3 4 5 6A 6B 7 8 9 10 11 12 13 14 15 16 17 18
12Z AVG MX 2MIN
DY MAX MIN AVG DEP HDD CDD WTR SNW DPTH SPD SPD DIR MIN PSBL S-S WX SPD DR
================================================================================
1 99 64 82 1 0 17 0.00 0.0 0 3.4 13 100 M M 1 20 360
2 101 66 84 3 0 19 0.00 0.0 0 4.6 16 140 M M 1 8 21 130
3 101 73 87 6 0 22 0.00 0.0 0 5.4 18 170 M M 1 25 150
4 97 76 87 7 0 22 0.00 0.0 0 8.9 23 160 M M 2 32 170
5 102 79 91 11 0 26 0.00 0.0 0 8.6 20 160 M M 2 3 26 170
6 103 74 89 9 0 24 0.00 0.0 0 5.0 14 140 M M 1 1 18 130
7 104 79 92 12 0 27 0.00 0.0 0 5.8 13 270 M M 1 17 280
8 107 77 92 12 0 27 0.00 0.0 0 6.9 20 120 M M 0 29 100
9 98 71 85 5 0 20 0.21 0.0 M 5.2 25 20 M M 3 13 45 20
10 96 65 81 2 0 16 0.00 0.0 0 5.2 13 80 M M 1 20 70
11 96 62 79 0 0 14 0.00 0.0 0 3.5 14 290 M M 0 8 18 210
12 97 67 82 3 0 17 0.00 0.0 0 2.8 12 280 M M 2 18 16 260
13 93 72 83 4 0 18 T 0.0 0 4.8 15 340 M M 4 22 340
14 82 72 77 -1 0 12 0.59 0.0 0 5.0 10 100 M M 7 13 18 80
15 87 71 79 1 0 14 1.12 0.0 0 4.3 28 290 M M 6 13 43 290
16 92 69 81 3 0 16 0.30 0.0 0 2.7 17 320 M M 4 123 25 320
17 93 68 81 3 0 16 0.00 0.0 0 2.9 13 350 M M 1 18 19 340
18 93 62 78 0 0 13 0.00 0.0 0 1.9 12 330 M M 1 1 19 340
19 93 61 77 0 0 12 0.00 0.0 0 4.6 15 150 M M 1 25 170
20 95 66 81 4 0 16 0.00 0.0 0 5.7 17 160 M M 1 1 25 170
21 97 71 84 7 0 19 0.00 0.0 0 5.7 15 110 M M 1 1 24 130
22 97 72 85 8 0 20 0.00 0.0 0 4.2 21 120 M M 2 13 32 100
23 97 72 85 9 0 20 0.00 0.0 0 5.2 15 150 M M 1 1 19 150
24 97 73 85 9 0 20 T 0.0 0 9.1 20 180 M M 3 3 26 180
25 93 71 82 6 0 17 0.05 0.0 0 3.9 21 330 M M 4 13 30 330
26 92 70 81 5 0 16 0.00 0.0 M 2.8 12 90 M M 3 12 16 90
27 94 69 82 7 0 17 0.00 0.0 M 2.5 13 70 M M 1 1 16 60
28 94 70 82 7 0 17 0.00 0.0 0 1.4 13 90 M M 1 13 17 80
29 94 68 81 6 0 16 0.00 0.0 0 2.6 12 140 M M 2 1 19 150
30 94 67 81 7 0 16 0.00 0.0 0 3.6 15 130 M M 0 32 120
================================================================================
SM 2878 2097 0 546 2.27 0.0 138.2 M 58
================================================================================
AV 95.9 69.9 4.6 FASTST M M 2 MAX(MPH)
MISC ----> 28 290 45 20
================================================================================
NOTES:
# LAST OF SEVERAL OCCURRENCES
COLUMN 17 PEAK WIND IN M.P.H.
PRELIMINARY LOCAL CLIMATOLOGICAL DATA (WS FORM: F-6) , PAGE 2
STATION: CONROE
MONTH: SEPTEMBER
YEAR: 2023
LATITUDE: 30 21 N
LONGITUDE: 95 25 W
[TEMPERATURE DATA] [PRECIPITATION DATA] SYMBOLS USED IN COLUMN 16
AVERAGE MONTHLY: 82.9 TOTAL FOR MONTH: 2.27 1 = FOG OR MIST
DPTR FM NORMAL: 4.9 DPTR FM NORMAL: -1.33 2 = FOG REDUCING VISIBILITY
HIGHEST: 107 ON 8 GRTST 24HR 1.12 ON 15-15 TO 1/4 MILE OR LESS
LOWEST: 61 ON 19 3 = THUNDER
SNOW, ICE PELLETS, HAIL 4 = ICE PELLETS
TOTAL MONTH: 0.0 INCH 5 = HAIL
GRTST 24HR 0.0 6 = FREEZING RAIN OR DRIZZLE
GRTST DEPTH: 0 7 = DUSTSTORM OR SANDSTORM:
VSBY 1/2 MILE OR LESS
8 = SMOKE OR HAZE
[NO. OF DAYS WITH] [WEATHER - DAYS WITH] 9 = BLOWING SNOW
X = TORNADO
MAX 32 OR BELOW: 0 0.01 INCH OR MORE: 5
MAX 90 OR ABOVE: 28 0.10 INCH OR MORE: 4
MIN 32 OR BELOW: 0 0.50 INCH OR MORE: 2
MIN 0 OR BELOW: 0 1.00 INCH OR MORE: 1
[HDD (BASE 65) ]
TOTAL THIS MO. 0 CLEAR (SCALE 0-3) 24
DPTR FM NORMAL -1 PTCLDY (SCALE 4-7) 6
TOTAL FM JUL 1 0 CLOUDY (SCALE 8-10) 0
DPTR FM NORMAL 0
[CDD (BASE 65) ]
TOTAL THIS MO. 546
DPTR FM NORMAL 155 [PRESSURE DATA]
TOTAL FM JAN 1 3153 HIGHEST SLP 30.11 ON 10
DPTR FM NORMAL 663 LOWEST SLP 29.79 ON 24
[REMARKS]
#FINAL-09-23#