000
CXUS55 KCYS 041708 CCA
CF6CYS
PRELIMINARY LOCAL CLIMATOLOGICAL DATA (WS FORM: F-6)...CORRECTED
STATION: CHEYENNE WYOMING AIRPORT
MONTH: JULY
YEAR: 2022
LATITUDE: 41 9 N
LONGITUDE: 104 49 W
TEMPERATURE IN F: :PCPN: SNOW: WIND :SUNSHINE: SKY :PK WND
================================================================================
1 2 3 4 5 6A 6B 7 8 9 10 11 12 13 14 15 16 17 18
12Z AVG MX 2MIN
DY MAX MIN AVG DEP HDD CDD WTR SNW DPTH SPD SPD DIR MIN PSBL S-S WX SPD DR
================================================================================
1 82 54 68 0 0 3 0.36 0.0 0 5.7 22 310 M M 3 13 31 300
2 84 52 68 0 0 3 0.00 0.0 0 8.1 29 220 M M 0 3 38 40
3 86 57 72 4 0 7 0.26 0.0 0 7.3 29 240 M M 1 3 39 240
4 92 56 74 6 0 9 T 0.0 0 7.8 21 190 M M 1 28 270
5 90 61 76 7 0 11 T 0.0 0 11.4 37 270 M M 2 3 48 270
6 76 60 68 -1 0 3 0.09 0.0 0 8.1 18 100 M M 6 13 23 110
7 84 54 69 0 0 4 0.06 0.0 0 8.6 31 270 M M 2 123 44 270
8 87 55 71 2 0 6 0.01 0.0 0 10.2 20 140 M M 1 3 26 150
9 97 57 77 7 0 12 0.00 0.0 0 6.6 16 190 M M 0 23 200
10 92 65 79 9 0 14 0.06 0.0 0 11.8 32 210 M M 1 3 48 220
11 79 55 67 -3 0 2 0.00 0.0 0 10.7 32 360 M M 2 49 340
12 89 57 73 3 0 8 T 0.0 0 8.0 22 200 M M 1 3 34 200
13 94 60 77 7 0 12 0.00 0.0 0 10.0 25 230 M M 0 38 230
14 93 66 80 10 0 15 0.01 0.0 0 10.6 28 220 M M 3 3 40 300
15 93 63 78 8 0 13 0.14 0.0 0 7.2 22 260 M M 4 13 29 290
16 89 62 76 5 0 11 T 0.0 0 9.8 26 20 M M 3 39 10
17 94 60 77 6 0 12 0.00 0.0 0 8.7 16 140 M M 1 22 160
18 99 64 82 11 0 17 0.00 0.0 0 14.0 29 280 M M 0 38 280
19 94 66 80 9 0 15 0.00 0.0 0 13.2 29 300 M M 0 46 290
20 92 57 75 4 0 10 0.00 0.0 0 8.8 24 290 M M 0 8 37 290
21 96 61 79 8 0 14 0.00 0.0 0 9.7 22 280 M M 0 36 290
22 95 63 79 8 0 14 0.00 0.0 0 8.4 20 290 M M 0 28 290
23 86 61 74 3 0 9 0.22 0.0 0 9.3 33 310 M M 2 13 49 330
24 74 59 67 -4 0 2 0.04 0.0 0 11.2 22 270 M M 3 29 280
25 90 55 73 2 0 8 0.00 0.0 0 8.3 18 280 M M 3 30 320
26 84 63 74 3 0 9 0.05 0.0 0 11.7 22 20 M M 1 30 10
27 85 59 72 1 0 7 0.03 0.0 0 6.8 28 30 M M 4 123 41 20
28 73 54 64 -7 1 0 0.33 0.0 0 8.4 32 350 M M 4 13 46 340
29 81 58 70 -1 0 5 0.00 0.0 0 9.4 24 160 M M 3 1 32 160
30 87 54 71 0 0 6 0.15 0.0 0 6.8 21 310 M M 1 3 28 310
31 86 61 74 3 0 9 T 0.0 0 8.3 18 10 M M 2 8 29 320
================================================================================
SM 2723 1829 1 270 1.81 0.0 284.9 M 54
================================================================================
AV 87.8 59.0 9.2 FASTST M M 2 MAX(MPH)
MISC ----> 37 270 # 49 340
================================================================================
NOTES:
# LAST OF SEVERAL OCCURRENCES
COLUMN 17 PEAK WIND IN M.P.H.
PRELIMINARY LOCAL CLIMATOLOGICAL DATA (WS FORM: F-6) , PAGE 2
STATION: CHEYENNE WYOMING AIRPORT
MONTH: JULY
YEAR: 2022
LATITUDE: 41 9 N
LONGITUDE: 104 49 W
[TEMPERATURE DATA] [PRECIPITATION DATA] SYMBOLS USED IN COLUMN 16
AVERAGE MONTHLY: 73.4 TOTAL FOR MONTH: 1.81 1 = FOG OR MIST
DPTR FM NORMAL: 3.3 DPTR FM NORMAL: -0.30 2 = FOG REDUCING VISIBILITY
HIGHEST: 99 ON 18 GRTST 24HR 0.37 ON 30- 1 TO 1/4 MILE OR LESS
LOWEST: 52 ON 2 3 = THUNDER
SNOW, ICE PELLETS, HAIL 4 = ICE PELLETS
TOTAL MONTH: 0.0 INCH 5 = HAIL
GRTST 24HR 0.0 6 = FREEZING RAIN OR DRIZZLE
GRTST DEPTH: 0 7 = DUSTSTORM OR SANDSTORM:
VSBY 1/2 MILE OR LESS
8 = SMOKE OR HAZE
[NO. OF DAYS WITH] [WEATHER - DAYS WITH] 9 = BLOWING SNOW
X = TORNADO
MAX 32 OR BELOW: 0 0.01 INCH OR MORE: 14
MAX 90 OR ABOVE: 14 0.10 INCH OR MORE: 6
MIN 32 OR BELOW: 0 0.50 INCH OR MORE: 0
MIN 0 OR BELOW: 0 1.00 INCH OR MORE: 0
[HDD (BASE 65) ]
TOTAL THIS MO. 1 CLEAR (SCALE 0-3) 24
DPTR FM NORMAL -16 PTCLDY (SCALE 4-7) 7
TOTAL FM JUL 1 1 CLOUDY (SCALE 8-10) 0
DPTR FM NORMAL -9
[CDD (BASE 65) ]
TOTAL THIS MO. 270
DPTR FM NORMAL 95 [PRESSURE DATA]
TOTAL FM JAN 1 391 HIGHEST SLP 30.16 ON 8
DPTR FM NORMAL 156 LOWEST SLP 29.70 ON 3
[REMARKS]
JULY 9...RECORD HIGH 97 DEGREES (PREVIOUS 96 DEGREES IN 2016)
JULY 14...RECORD HIGH LOW 66 DEGREES (PREVIOUS 65 DEGREES IN 2003)
JULY 18...RECORD HIGH 99 DEGREES (PREVIOUS 97 DEGREES IN 1998) AND
5TH ALL-TIME WARMEST
JULY 18...TIED RECORD HIGH LOW 64 DEGREES PREVIOUSLY SET IN 2017
JULY 19...RECORD HIGH LOW 66 DEGREES (PREVIOUS 65 DEGREES IN 1998)
MEAN TEMPERATURE 73.4 DEGREES WAS 4TH WARMEST JULY
#FINAL-07-22#