000
CXUS55 KCYS 011050
CF6CYS
PRELIMINARY LOCAL CLIMATOLOGICAL DATA (WS FORM: F-6) ...CORRECTED...
STATION: CHEYENNE WYOMING AIRPORT
MONTH: OCTOBER
YEAR: 2020
LATITUDE: 41 9 N
LONGITUDE: 104 49 W
TEMPERATURE IN F: :PCPN: SNOW: WIND :SUNSHINE: SKY :PK WND
================================================================================
1 2 3 4 5 6A 6B 7 8 9 10 11 12 13 14 15 16 17 18
12Z AVG MX 2MIN
DY MAX MIN AVG DEP HDD CDD WTR SNW DPTH SPD SPD DIR MIN PSBL S-S WX SPD DR
================================================================================
1 67 32 50 -1 15 0 0.00 0.0 0 7.7 16 210 M M 0 20 200
2 73 42 58 7 7 0 0.00 0.0 0 11.3 24 360 M M 0 36 340
3 66 39 53 2 12 0 0.00 0.0 0 8.7 21 330 M M 3 32 330
4 76 39 58 8 7 0 0.00 0.0 0 8.9 18 190 M M 3 8 26 200
5 73 42 58 8 7 0 0.00 0.0 0 13.9 29 290 M M 1 8 41 280
6 83 42 63 13 2 0 0.00 0.0 0 9.0 16 270 M M 3 8 23 270
7 81 50 66 17 0 1 0.00 0.0 0 8.5 14 280 M M 0 8 21 30
8 83 39 61 12 4 0 0.00 0.0 0 8.8 22 270 M M 1 8 30 280
9 78 43 61 13 4 0 0.00 0.0 0 9.3 20 310 M M 0 8 28 310
10 77 41 59 11 6 0 0.00 0.0 0 8.6 22 170 M M 0 31 180
11 66 37 52 4 13 0 T T 0 18.8 43 290 M M 0 8 69 310
12 67 42 55 7 10 0 0.00 0.0 0 23.6 49 280 M M 0 68 270
13 68 39 54 7 11 0 0.00 0.0 0 13.7 26 190 M M 0 35 200
14 60 33 47 0 18 0 0.00 0.0 0 19.2 45 280 M M 4 72 280
15 50 23 37 -9 28 0 0.00 0.0 0 8.6 28 320 M M 6 40 290
16 68 20 44 -2 21 0 0.00 0.0 0 16.4 37 270 M M 0 50 270
17 65 31 48 2 17 0 0.00 0.0 0 17.2 40 280 M M 3 1 55 290
18 36 27 32 -14 33 0 T T 0 10.5 25 200 M M 9 126 32 200
19 67 34 51 6 14 0 0.00 0.0 0 7.5 21 200 M M 4 27 200
20 63 38 51 6 14 0 0.00 0.0 0 11.4 28 300 M M 1 8 39 290
21 69 34 52 7 13 0 0.00 0.0 0 9.1 21 270 M M 0 30 290
22 37 16 27 -17 38 0 0.01 0.3 T 15.9 28 360 M M 10 18 38 350
23 29 14 22 -22 43 0 T T T 10.7 22 190 M M 4 30 200
24 58 11 35 -9 30 0 0.06 0.8 1 10.4 25 360 M M 5 1 38 360
25 11 2 7 -37 58 0 0.78 14.0 9 12.4 24 350 M M 10 128 35 340
26 14 0 7 -36 58 0 T T 7 7.6 14 280 M M 6 18 17 280
27 39 0 20 -23 45 0 0.00 0.0 4 11.4 22 210 M M 0 25 210
28 47 26 37 -6 28 0 0.00 0.0 3 9.9 21 340 M M 0 31 340
29 52 23 38 -4 27 0 0.00 0.0 T 11.1 24 280 M M 0 35 280
30 58 34 46 4 19 0 0.00 0.0 T 10.8 25 240 M M 0 34 240
31 52 31 42 0 23 0 0.00 0.0 0 12.5 26 280 M M 2 37 10
================================================================================
SM 1833 924 625 1 0.85 15.1 363.4 M 75
================================================================================
AV 59.1 29.8 11.7 FASTST M M 2 MAX(MPH)
MISC ----> # 49 280 # 72 280
================================================================================
NOTES:
# LAST OF SEVERAL OCCURRENCES
COLUMN 17 PEAK WIND IN M.P.H.
PRELIMINARY LOCAL CLIMATOLOGICAL DATA (WS FORM: F-6) , PAGE 2
STATION: CHEYENNE WYOMING AIRPORT
MONTH: OCTOBER
YEAR: 2020
LATITUDE: 41 9 N
LONGITUDE: 104 49 W
[TEMPERATURE DATA] [PRECIPITATION DATA] SYMBOLS USED IN COLUMN 16
AVERAGE MONTHLY: 44.5 TOTAL FOR MONTH: 0.85 1 = FOG OR MIST
DPTR FM NORMAL: -1.8 DPTR FM NORMAL: -0.08 2 = FOG REDUCING VISIBILITY
HIGHEST: 83 ON 8, 6 GRTST 24HR 0.78 ON 25-25 TO 1/4 MILE OR LESS
LOWEST: 0 ON 27,26 3 = THUNDER
SNOW, ICE PELLETS, HAIL 4 = ICE PELLETS
TOTAL MONTH: 15.1 INCHES 5 = HAIL
GRTST 24HR 14.0 ON 25-25 6 = FREEZING RAIN OR DRIZZLE
GRTST DEPTH: 9 ON 25 7 = DUSTSTORM OR SANDSTORM:
VSBY 1/2 MILE OR LESS
8 = SMOKE OR HAZE
[NO. OF DAYS WITH] [WEATHER - DAYS WITH] 9 = BLOWING SNOW
X = TORNADO
MAX 32 OR BELOW: 3 0.01 INCH OR MORE: 3
MAX 90 OR ABOVE: 0 0.10 INCH OR MORE: 1
MIN 32 OR BELOW: 14 0.50 INCH OR MORE: 1
MIN 0 OR BELOW: 2 1.00 INCH OR MORE: 0
[HDD (BASE 65) ]
TOTAL THIS MO. 625 CLEAR (SCALE 0-3) 20
DPTR FM NORMAL 47 PTCLDY (SCALE 4-7) 8
TOTAL FM JUL 1 829 CLOUDY (SCALE 8-10) 3
DPTR FM NORMAL -30
[CDD (BASE 65) ]
TOTAL THIS MO. 1
DPTR FM NORMAL 1 [PRESSURE DATA]
TOTAL FM JAN 1 605 HIGHEST SLP M ON M
DPTR FM NORMAL 257 LOWEST SLP 29.47 ON 11
[REMARKS]
OCTOBER 6TH...RECORD HIGH 83 DEGREES (PREVIOUS 81 DEGREES IN 1905).
OCTOBER 8TH...RECORD HIGH 83 DEGREES (PREVIOUS 80 DEGREES IN 1910).
OCTOBER 25TH...RECORD LOW 2 DEGREES (PREVIOUS 5 DEGREES IN 1973).
OCTOBER 25TH...RECORD LOW HIGH 11 DEGREES (PREVIOUS 21 DEGREES IN
1997).
OCTOBER 25TH...RECORD SNOW 14 INCHES (PREVIOUS 5.7 INCHES IN 2011).
OCTOBER 25TH...RECORD PRECIP 0.78 INCH (PREVIOUS 0.6 INCH IN 2011).
OCTOBER 26TH...RECORD LOW HIGH 14 DEGREES (PREVIOUS 26 DEGREES IN
2012).
OCOTBER 27TH...RECORD LOW 0 DEGREES (PREVIOUS 5 DEGREES IN 1925).
#FINAL-10-20#