000
CXUS53 KUNR 011030
CF6D07
PRELIMINARY LOCAL CLIMATOLOGICAL DATA (WS FORM: F-6)
STATION: FAITH SD
MONTH: NOVEMBER
YEAR: 2023
LATITUDE: 45 1 N
LONGITUDE: 102 1 W
TEMPERATURE IN F: :PCPN: SNOW: WIND :SUNSHINE: SKY :PK WND
================================================================================
1 2 3 4 5 6A 6B 7 8 9 10 11 12 13 14 15 16 17 18
12Z AVG MX 2MIN
DY MAX MIN AVG DEP HDD CDD WTR SNW DPTH SPD SPD DIR MIN PSBL S-S WX SPD DR
================================================================================
1 46 20 33 -6 32 0 0.00 M M 7.0 14 290 M M M 18 280
2 59 22 41 2 24 0 0.00 M M 5.2 15 170 M M M 19 170
3 45 32 39 0 26 0 0.00 M M 8.3 16 190 M M M M M
4 61 32 47 9 18 0 0.00 M M 11.0 17 150 M M 0 23 160
5 62 37 50 12 15 0 0.02 M M 9.4 28 280 M M 0 35 270
6 59 38 49 12 16 0 0.00 M M 8.2 22 130 M M 0 29 120
7 59 36 48 11 17 0 0.00 M M 6.9 22 130 M M M 30 130
8 49 32 41 5 24 0 0.00 M M 14.3 37 320 M M M 49 310
9 38 20 29 -7 36 0 0.00 M M 11.1 33 320 M M M 50 310
10 42 19 31 -5 34 0 0.00 M M 7.6 16 150 M M M 23 120
11 47 20 34 -1 31 0 0.00 M M 8.1 20 170 M M M 22 170
12 59 30 45 10 20 0 0.00 M M 10.6 25 320 M M M 35 310
13 68 36 52 18 13 0 0.00 M M 14.1 35 180 M M M 43 190
14 58 31 45 11 20 0 0.00 M M 8.1 23 10 M M M 29 360
15 62 30 46 13 19 0 0.00 M M 9.7 18 180 M M M 20 180
16 46 20 33 0 32 0 0.00 M M 14.2 36 330 M M M 46 340
17 58 19 39 6 26 0 0.00 M M 8.8 18 180 M M M 26 280
18 60 30 45 13 20 0 0.00 M M 6.4 13 140 M M M 16 120
19 48 25 37 5 28 0 0.03 M M 4.4 8 50 M M M M M
20 51 28 40 9 25 0 0.01 M M 14.4 27 320 M M M 38 320
21 51 23 37 6 28 0 0.00 M M 11.2 15 210 M M M M M
22 62 28 45 15 20 0 0.00 M M 15.8 25 310 M M M 36 330
23 29 8 19 -11 46 0 0.00 M M 10.4 15 30 M M M M M
24 22 M M M M M M M M 6.0 M M M M M M M
25 34 11 23 -6 42 0 0.00 M M 13.5 24 320 M M M 41 320
26 33 16 25 -4 40 0 0.01 M M 16.8 30 310 M M M 43 330
27 M M M M M M M M M M M M M M M M M
28 M M M M M M M M M M M M M M M M M
29 55 21 38 10 27 0 0.00 M M 10.3 21 310 M M M 25 320
30 35 17 26 -1 39 0 0.00 M M 6.5 15 340 M M M 19 330
================================================================================
SM 1398 681 718 0 0.07 M 278.3 M 0
================================================================================
AV 49.9 25.2 9.9 FASTST M M 0 MAX(MPH)
MISC ----> 37 320 50 310
================================================================================
NOTES:
# LAST OF SEVERAL OCCURRENCES
COLUMN 17 PEAK WIND IN M.P.H.
PRELIMINARY LOCAL CLIMATOLOGICAL DATA (WS FORM: F-6) , PAGE 2
STATION: FAITH SD
MONTH: NOVEMBER
YEAR: 2023
LATITUDE: 45 1 N
LONGITUDE: 102 1 W
[TEMPERATURE DATA] [PRECIPITATION DATA] SYMBOLS USED IN COLUMN 16
AVERAGE MONTHLY: 37.6 TOTAL FOR MONTH: 0.07 1 = FOG OR MIST
DPTR FM NORMAL: 4.3 DPTR FM NORMAL: -0.29 2 = FOG REDUCING VISIBILITY
HIGHEST: 68 ON 13 GRTST 24HR 0.04 ON 19-20 TO 1/4 MILE OR LESS
LOWEST: 8 ON 23 3 = THUNDER
SNOW, ICE PELLETS, HAIL 4 = ICE PELLETS
TOTAL MONTH: M 5 = HAIL
GRTST 24HR M ON M 6 = FREEZING RAIN OR DRIZZLE
GRTST DEPTH: M ON M 7 = DUSTSTORM OR SANDSTORM:
VSBY 1/2 MILE OR LESS
8 = SMOKE OR HAZE
[NO. OF DAYS WITH] [WEATHER - DAYS WITH] 9 = BLOWING SNOW
X = TORNADO
MAX 32 OR BELOW: 2 0.01 INCH OR MORE: 4
MAX 90 OR ABOVE: 0 0.10 INCH OR MORE: 0
MIN 32 OR BELOW: 23 0.50 INCH OR MORE: 0
MIN 0 OR BELOW: 0 1.00 INCH OR MORE: 0
[HDD (BASE 65) ]
TOTAL THIS MO. 718 CLEAR (SCALE 0-3) 3
DPTR FM NORMAL -234 PTCLDY (SCALE 4-7) 0
TOTAL FM JUL 1 1313 CLOUDY (SCALE 8-10) 27
DPTR FM NORMAL -402
[CDD (BASE 65) ]
TOTAL THIS MO. 0
DPTR FM NORMAL 0 [PRESSURE DATA]
TOTAL FM JAN 1 670 HIGHEST SLP 30.74 ON 24
DPTR FM NORMAL 14 LOWEST SLP 29.52 ON 11
[REMARKS]
#FINAL-11-23#