000
CXUS51 KLWX 010815
CF6DCA
PRELIMINARY LOCAL CLIMATOLOGICAL DATA (WS FORM: F-6)
STATION: WASHINGTON NATIONAL DC
MONTH: MARCH
YEAR: 2023
LATITUDE: 38 50 N
LONGITUDE: 77 2 W
TEMPERATURE IN F: :PCPN: SNOW: WIND :SUNSHINE: SKY :PK WND
================================================================================
1 2 3 4 5 6A 6B 7 8 9 10 11 12 13 14 15 16 17 18
12Z AVG MX 2MIN
DY MAX MIN AVG DEP HDD CDD WTR SNW DPTH SPD SPD DIR MIN PSBL S-S WX SPD DR
================================================================================
1 57 40 49 6 16 0 0.00 0.0 0 7.4 20 180 M M 4 1 25 180
2 67 48 58 15 7 0 0.05 0.0 0 6.9 16 330 M M 9 13 21 330
3 53 41 47 3 18 0 0.32 T 0 10.0 24 290 M M 9 14 34 290
4 59 41 50 6 15 0 0.00 0.0 0 13.7 33 320 M M 5 46 300
5 66 37 52 8 13 0 0.00 0.0 0 8.1 22 310 M M 2 35 290
6 58 40 49 5 16 0 0.00 0.0 0 4.7 14 110 M M 5 19 120
7 55 40 48 3 17 0 0.00 0.0 0 16.1 30 320 M M 4 45 320
8 54 35 45 0 20 0 0.00 0.0 0 16.0 26 340 M M 1 36 320
9 57 36 47 2 18 0 0.00 0.0 0 8.8 17 320 M M 3 21 330
10 47 41 44 -2 21 0 0.19 0.0 0 6.5 15 290 M M 9 1 20 270
11 50 38 44 -2 21 0 0.00 0.0 0 17.1 30 330 M M 9 40 330
12 43 33 38 -8 27 0 0.04 0.0 0 5.4 14 180 M M 8 1 17 190
13 51 39 45 -1 20 0 0.03 0.0 0 7.6 24 300 M M 9 1 39 320
14 45 33 39 -8 26 0 T T 0 18.8 35 290 M M 4 50 310
15 52 33 43 -4 22 0 0.00 0.0 0 17.8 35 320 M M 2 45 310
16 65 34 50 3 15 0 0.00 0.0 0 8.9 17 170 M M 6 22 260
17 62 48 55 7 10 0 0.02 0.0 0 12.1 29 320 M M 10 45 330
18 54 41 48 0 17 0 T 0.0 0 13.5 23 300 M M 8 34 300
19 43 29 36 -12 29 0 0.00 0.0 M 12.7 26 320 M M 3 38 330
20 53 30 42 -7 23 0 0.00 0.0 M 6.4 13 290 M M 2 20 220
21 64 34 49 0 16 0 0.00 0.0 0 6.9 14 200 M M 5 21 240
22 68 48 58 9 7 0 0.00 0.0 0 11.1 21 200 M M 8 31 210
23 84 50 67 17 0 2 T 0.0 0 11.1 22 200 M M 8 31 180
24 72 43 58 8 7 0 0.72 0.0 0 8.3 20 50 M M 10 1 26 350
25 54 44 49 -1 16 0 0.21 0.0 0 4.9 22 120 M M 10 12 26 120
26 71 47 59 8 6 0 0.00 0.0 0 6.9 21 310 M M 2 12 28 330
27 61 46 54 3 11 0 0.02 0.0 0 5.4 14 360 M M 7 8 20 150
28 61 46 54 2 11 0 T 0.0 0 9.6 20 340 M M 6 26 340
29 61 43 52 0 13 0 0.00 0.0 0 8.0 29 340 M M 5 38 330
30 54 37 46 -6 19 0 0.00 0.0 M 9.7 26 340 M M 1 33 340
31 67 42 55 2 10 0 T 0.0 0 14.0 36 220 M M 8 49 220
================================================================================
SM 1808 1237 487 2 1.60 T 314.4 M 182
================================================================================
AV 58.3 39.9 10.1 FASTST M M 6 MAX(MPH)
MISC ----> 36 220 50 310
================================================================================
NOTES:
# LAST OF SEVERAL OCCURRENCES
COLUMN 17 PEAK WIND IN M.P.H.
PRELIMINARY LOCAL CLIMATOLOGICAL DATA (WS FORM: F-6) , PAGE 2
STATION: WASHINGTON NATIONAL DC
MONTH: MARCH
YEAR: 2023
LATITUDE: 38 50 N
LONGITUDE: 77 2 W
[TEMPERATURE DATA] [PRECIPITATION DATA] SYMBOLS USED IN COLUMN 16
AVERAGE MONTHLY: 49.1 TOTAL FOR MONTH: 1.60 1 = FOG OR MIST
DPTR FM NORMAL: 1.5 DPTR FM NORMAL: -1.90 2 = FOG REDUCING VISIBILITY
HIGHEST: 84 ON 23 GRTST 24HR 0.73 ON 24-25 TO 1/4 MILE OR LESS
LOWEST: 29 ON 19 3 = THUNDER
SNOW, ICE PELLETS, HAIL 4 = ICE PELLETS
TOTAL MONTH: T 5 = HAIL
GRTST 24HR T ON 3- 3 6 = FREEZING RAIN OR DRIZZLE
GRTST DEPTH: 0 7 = DUSTSTORM OR SANDSTORM:
VSBY 1/2 MILE OR LESS
8 = SMOKE OR HAZE
[NO. OF DAYS WITH] [WEATHER - DAYS WITH] 9 = BLOWING SNOW
X = TORNADO
MAX 32 OR BELOW: 0 0.01 INCH OR MORE: 9
MAX 90 OR ABOVE: 0 0.10 INCH OR MORE: 4
MIN 32 OR BELOW: 2 0.50 INCH OR MORE: 1
MIN 0 OR BELOW: 0 1.00 INCH OR MORE: 0
[HDD (BASE 65) ]
TOTAL THIS MO. 487 CLEAR (SCALE 0-3) 6
DPTR FM NORMAL -57 PTCLDY (SCALE 4-7) 16
TOTAL FM JUL 1 2979 CLOUDY (SCALE 8-10) 9
DPTR FM NORMAL -489
[CDD (BASE 65) ]
TOTAL THIS MO. 2
DPTR FM NORMAL -1 [PRESSURE DATA]
TOTAL FM JAN 1 2 HIGHEST SLP 30.46 ON 21
DPTR FM NORMAL -1 LOWEST SLP 29.29 ON 4
[REMARKS]
#FINAL-03-23#