144
CXUS54 KHUN 021724
CF6DCU
PRELIMINARY LOCAL CLIMATOLOGICAL DATA (WS FORM: F-6)
STATION: DECATUR
MONTH: MARCH
YEAR: 2020
LATITUDE: 34 39 N
LONGITUDE: 86 56 W
TEMPERATURE IN F: :PCPN: SNOW: WIND :SUNSHINE: SKY :PK WND
================================================================================
1 2 3 4 5 6A 6B 7 8 9 10 11 12 13 14 15 16 17 18
12Z AVG MX 2MIN
DY MAX MIN AVG DEP HDD CDD WTR SNW DPTH SPD SPD DIR MIN PSBL S-S WX SPD DR
================================================================================
1 65 32 49 1 16 0 0.00 0.0 0 9.6 20 190 M M 0 23 180
2 61 52 57 9 8 0 0.38 0.0 0 11.0 21 170 M M 10 1 24 170
3 69 55 62 13 3 0 0.21 0.0 0 8.7 24 290 M M 5 13 30 290
4 59 51 55 6 10 0 0.03 0.0 0 4.6 20 160 M M 8 23 160
5 59 46 53 4 12 0 0.04 0.0 0 4.3 13 300 M M 3 M M
6 56 37 47 -3 18 0 0.00 0.0 0 12.7 25 340 M M 0 31 300
7 58 29 44 -6 21 0 0.00 0.0 0 5.2 14 10 M M 0 20 40
8 66 34 50 0 15 0 0.00 0.0 0 9.5 21 160 M M 0 26 160
9 69 49 59 9 6 0 T 0.0 0 12.7 25 190 M M 3 31 190
10 72 54 63 12 2 0 0.08 0.0 0 9.8 21 190 M M 9 1 25 170
11 65 49 57 6 8 0 0.13 0.0 0 4.8 28 160 M M 9 123 31 160
12 77 58 68 17 0 3 0.04 0.0 0 10.8 25 200 M M 8 13 31 200
13 68 53 61 9 4 0 0.10 0.0 0 9.1 21 350 M M 9 1 25 340
14 73 50 62 10 3 0 0.52 0.0 0 5.2 23 350 M M 6 1 26 340
15 62 44 53 1 12 0 1.16 0.0 0 9.2 16 360 M M 10 1 20 350
16 60 44 52 0 13 0 0.03 0.0 0 4.5 9 130 M M 9 1 17 200
17 73 56 65 12 0 0 0.13 0.0 0 5.1 15 20 M M 7 1 23 80
18 77 53 65 12 0 0 T 0.0 0 8.2 24 210 M M 7 12 30 210
19 77 65 71 18 0 6 T 0.0 0 11.9 18 170 M M 6 23 200
20 73 57 65 11 0 0 1.07 0.0 0 10.2 24 330 M M 8 13 29 300
21 57 44 51 -3 14 0 T 0.0 0 9.0 18 350 M M 9 1 23 360
22 65 43 54 0 11 0 0.06 0.0 0 6.3 16 160 M M 4 1 19 160
23 64 57 61 7 4 0 1.39 0.0 0 6.0 16 160 M M 10 13 23 180
24 76 57 67 12 0 2 2.38 0.0 0 7.8 28 330 M M 8 13 35 280
25 65 49 57 2 8 0 0.00 0.0 0 4.8 16 340 M M 5 1 20 330
26 81 46 64 9 1 0 0.00 0.0 0 8.1 20 90 M M 0 1 25 190
27 86 63 75 20 0 10 0.00 0.0 0 8.9 15 210 M M 0 21 200
28 83 67 75 19 0 10 0.00 0.0 0 12.6 23 190 M M 4 8 29 180
29 74 54 64 8 1 0 0.57 0.0 0 8.6 28 290 M M 1 13 34 290
30 69 51 60 4 5 0 0.03 0.0 0 3.5 9 360 M M 3 17 20
31 55 41 48 -8 17 0 0.66 0.0 0 9.8 24 350 M M 8 29 350
================================================================================
SM 2114 1540 212 31 9.01 0.0 252.5 M 169
================================================================================
AV 68.2 49.7 8.1 FASTST M M 5 MAX(MPH)
MISC ----> # 28 160 35 280
================================================================================
NOTES:
# LAST OF SEVERAL OCCURRENCES
COLUMN 17 PEAK WIND IN M.P.H.
PRELIMINARY LOCAL CLIMATOLOGICAL DATA (WS FORM: F-6) , PAGE 2
STATION: DECATUR
MONTH: MARCH
YEAR: 2020
LATITUDE: 34 39 N
LONGITUDE: 86 56 W
[TEMPERATURE DATA] [PRECIPITATION DATA] SYMBOLS USED IN COLUMN 16
AVERAGE MONTHLY: 58.9 TOTAL FOR MONTH: 9.01 1 = FOG OR MIST
DPTR FM NORMAL: 6.5 DPTR FM NORMAL: 4.12 2 = FOG REDUCING VISIBILITY
HIGHEST: 86 ON 27 GRTST 24HR 2.38 ON 24-24 TO 1/4 MILE OR LESS
LOWEST: 29 ON 7 3 = THUNDER
SNOW, ICE PELLETS, HAIL 4 = ICE PELLETS
TOTAL MONTH: 0.0 INCH 5 = HAIL
GRTST 24HR 0.0 6 = FREEZING RAIN OR DRIZZLE
GRTST DEPTH: 0 7 = DUSTSTORM OR SANDSTORM:
VSBY 1/2 MILE OR LESS
8 = SMOKE OR HAZE
[NO. OF DAYS WITH] [WEATHER - DAYS WITH] 9 = BLOWING SNOW
X = TORNADO
MAX 32 OR BELOW: 0 0.01 INCH OR MORE: 19
MAX 90 OR ABOVE: 0 0.10 INCH OR MORE: 12
MIN 32 OR BELOW: 2 0.50 INCH OR MORE: 7
MIN 0 OR BELOW: 0 1.00 INCH OR MORE: 4
[HDD (BASE 65) ]
TOTAL THIS MO. 212 CLEAR (SCALE 0-3) 10
DPTR FM NORMAL -186 PTCLDY (SCALE 4-7) 13
TOTAL FM JUL 1 2481 CLOUDY (SCALE 8-10) 8
DPTR FM NORMAL -533
[CDD (BASE 65) ]
TOTAL THIS MO. 31
DPTR FM NORMAL 24 [PRESSURE DATA]
TOTAL FM JAN 1 31 HIGHEST SLP 30.57 ON 7
DPTR FM NORMAL 23 LOWEST SLP 29.68 ON 24
[REMARKS]
#FINAL-03-20#