000
CXUS53 KDDC 011608
CF6DDC
PRELIMINARY LOCAL CLIMATOLOGICAL DATA (WS FORM: F-6)
STATION: DODGE CITY KS
MONTH: JANUARY
YEAR: 2022
LATITUDE: 37 46 N
LONGITUDE: 99 58 W
TEMPERATURE IN F: :PCPN: SNOW: WIND :SUNSHINE: SKY :PK WND
================================================================================
1 2 3 4 5 6A 6B 7 8 9 10 11 12 13 14 15 16 17 18
12Z AVG MX 2MIN
DY MAX MIN AVG DEP HDD CDD WTR SNW DPTH SPD SPD DIR MIN PSBL S-S WX SPD DR
================================================================================
1 19 5 12 -20 53 0 0.13 2.0 T 22.6 32 360 M M 10 18 41 20
2 30 -6 12 -20 53 0 0.01 0.1 2 10.1 17 260 M M 1 1 22 270
3 53 14 34 2 31 0 0.00 0.0 1 12.2 22 180 M M 0 28 170
4 62 25 44 12 21 0 0.00 0.0 T 14.3 25 350 M M 0 33 350
5 38 12 25 -7 40 0 T T 0 11.0 28 20 M M 0 1 35 20
6 13 4 9 -23 56 0 0.04 1.2 1 14.0 28 10 M M 6 18 36 350
7 29 6 18 -14 47 0 0.00 0.0 1 18.1 28 180 M M 0 36 170
8 43 20 32 0 33 0 0.00 0.0 T 12.7 32 20 M M 0 44 20
9 37 18 28 -4 37 0 0.00 0.0 0 12.2 30 10 M M 2 40 20
10 55 20 38 5 27 0 0.00 0.0 0 7.8 14 230 M M 0 19 220
11 57 25 41 8 24 0 0.00 0.0 0 10.2 20 210 M M 0 25 230
12 60 19 40 7 25 0 0.00 0.0 0 9.9 18 330 M M 0 25 320
13 65 33 49 16 16 0 0.00 0.0 0 8.4 15 290 M M 0 19 320
14 56 23 40 7 25 0 T 0.0 0 22.0 48 10 M M 2 8 65 360
15 34 12 23 -10 42 0 T T 0 20.1 39 350 M M 2 53 360
16 61 12 37 4 28 0 0.00 0.0 0 10.9 21 360 M M 0 26 360
17 62 20 41 8 24 0 0.00 0.0 0 11.6 29 220 M M 0 41 230
18 67 26 47 14 18 0 0.00 0.0 0 6.5 22 30 M M 0 8 29 30
19 43 13 28 -5 37 0 0.01 0.1 0 23.9 36 20 M M 7 18 45 20
20 21 1 11 -22 54 0 0.00 0.0 T 6.7 17 20 M M 4 23 170
21 38 7 23 -10 42 0 0.00 0.0 0 13.1 22 170 M M 1 29 170
22 50 21 36 3 29 0 0.00 0.0 0 6.9 13 250 M M 1 1 17 250
23 58 23 41 8 24 0 0.00 0.0 0 10.2 18 270 M M 0 22 280
24 56 27 42 9 23 0 0.00 0.0 0 13.8 32 360 M M 0 41 360
25 31 16 24 -9 41 0 0.32 8.3 0 10.2 16 60 M M 9 128 20 60
26 28 16 22 -12 43 0 0.01 T 8 11.8 22 180 M M 6 1 26 180
27 37 13 25 -9 40 0 0.00 0.0 5 11.3 18 360 M M 1 22 360
28 40 17 29 -5 36 0 0.00 0.0 1 12.3 20 300 M M 0 25 310
29 52 27 40 6 25 0 0.00 0.0 T 13.0 17 310 M M 0 24 260
30 58 20 39 5 26 0 0.00 0.0 0 8.5 15 200 M M 0 20 180
31 66 22 44 10 21 0 0.00 0.0 0 10.9 28 200 M M 0 35 220
================================================================================
SM 1419 511 1041 0 0.52 11.7 387.2 M 52
================================================================================
AV 45.8 16.5 12.5 FASTST M M 2 MAX(MPH)
MISC ----> 48 10 65 360
================================================================================
NOTES:
# LAST OF SEVERAL OCCURRENCES
COLUMN 17 PEAK WIND IN M.P.H.
PRELIMINARY LOCAL CLIMATOLOGICAL DATA (WS FORM: F-6) , PAGE 2
STATION: DODGE CITY KS
MONTH: JANUARY
YEAR: 2022
LATITUDE: 37 46 N
LONGITUDE: 99 58 W
[TEMPERATURE DATA] [PRECIPITATION DATA] SYMBOLS USED IN COLUMN 16
AVERAGE MONTHLY: 31.2 TOTAL FOR MONTH: 0.52 1 = FOG OR MIST
DPTR FM NORMAL: -1.8 DPTR FM NORMAL: -0.08 2 = FOG REDUCING VISIBILITY
HIGHEST: 67 ON 18 GRTST 24HR 0.33 ON 25-26 TO 1/4 MILE OR LESS
LOWEST: -6 ON 2 3 = THUNDER
SNOW, ICE PELLETS, HAIL 4 = ICE PELLETS
TOTAL MONTH: 11.7 INCHES 5 = HAIL
GRTST 24HR 8.3 ON 25-25 6 = FREEZING RAIN OR DRIZZLE
GRTST DEPTH: 8 ON 26 7 = DUSTSTORM OR SANDSTORM:
VSBY 1/2 MILE OR LESS
8 = SMOKE OR HAZE
[NO. OF DAYS WITH] [WEATHER - DAYS WITH] 9 = BLOWING SNOW
X = TORNADO
MAX 32 OR BELOW: 7 0.01 INCH OR MORE: 6
MAX 90 OR ABOVE: 0 0.10 INCH OR MORE: 2
MIN 32 OR BELOW: 30 0.50 INCH OR MORE: 0
MIN 0 OR BELOW: 1 1.00 INCH OR MORE: 0
[HDD (BASE 65) ]
TOTAL THIS MO. 1041 CLEAR (SCALE 0-3) 25
DPTR FM NORMAL 47 PTCLDY (SCALE 4-7) 4
TOTAL FM JUL 1 2517 CLOUDY (SCALE 8-10) 2
DPTR FM NORMAL -420
[CDD (BASE 65) ]
TOTAL THIS MO. 0
DPTR FM NORMAL 0 [PRESSURE DATA]
TOTAL FM JAN 1 0 HIGHEST SLP 30.74 ON 20
DPTR FM NORMAL 0 LOWEST SLP 29.65 ON 31
[REMARKS]
#FINAL-01-22#