000
CXUS55 KALY 010710
CF6DDH
PRELIMINARY LOCAL CLIMATOLOGICAL DATA (WS FORM: F-6)
STATION: BENNINGTON VT
MONTH: AUGUST
YEAR: 2022
LATITUDE: 42 53 N
LONGITUDE: 73 15 W
TEMPERATURE IN F: :PCPN: SNOW: WIND :SUNSHINE: SKY :PK WND
================================================================================
1 2 3 4 5 6A 6B 7 8 9 10 11 12 13 14 15 16 17 18
12Z AVG MX 2MIN
DY MAX MIN AVG DEP HDD CDD WTR SNW DPTH SPD SPD DIR MIN PSBL S-S WX SPD DR
================================================================================
1 86 62 74 5 0 9 0.00 M M 1.5 8 180 M M 2 8 13 210
2 86 63 75 6 0 10 0.00 M M 3.8 13 260 M M 4 19 250
3 86 59 73 4 0 8 0.00 M M 2.0 9 270 M M 2 1 11 240
4 95 60 78 9 0 13 1.40 M M 3.1 26 280 M M 2 123 41 260
5 87 66 77 8 0 12 0.00 M M 1.0 8 340 M M 3 12 11 340
6 92 66 79 11 0 14 T M M 2.2 14 220 M M 3 13 18 210
7 88 70 79 11 0 14 0.17 M M 3.0 12 320 M M 6 1 20 270
8 92 67 80 12 0 15 0.33 M M 3.2 21 260 M M 4 18 32 270
9 82 63 73 5 0 8 0.03 M M 5.5 14 260 M M 6 1 20 250
10 77 59 68 0 0 3 0.00 M M 2.2 8 250 M M 8 1 12 330
11 82 58 70 2 0 5 0.00 M M 2.7 10 320 M M 4 18 15 330
12 76 51 64 -4 1 0 0.00 M M 3.1 13 340 M M 1 1 20 350
13 75 49 62 -6 3 0 0.00 M M 1.8 9 330 M M 5 14 340
14 79 48 64 -4 1 0 0.00 M M 1.2 9 350 M M 2 18 13 350
15 85 50 68 0 0 3 0.00 M M 2.5 10 70 M M 4 15 70
16 83 55 69 1 0 4 T M M 2.3 10 90 M M 3 16 120
17 74 60 67 0 0 2 0.15 M M 1.3 16 150 M M 8 13 22 110
18 75 57 66 -1 0 1 0.13 M M 3.5 13 310 M M 5 1 18 300
19 84 52 68 1 0 3 0.00 M M 1.5 12 230 M M 1 1 18 220
20 90 57 74 7 0 9 0.00 M M 1.3 7 200 M M 2 8 9 360
21 88 63 76 9 0 11 0.00 M M 5.3 16 160 M M 1 21 150
22 78 65 72 5 0 7 T M M 3.9 10 130 M M 5 1 16 170
23 80 64 72 6 0 7 0.03 M M 2.3 14 200 M M 8 38 18 210
24 82 61 72 6 0 7 T M M 2.2 10 320 M M 7 15 310
25 85 54 70 4 0 5 0.03 M M 2.4 10 200 M M 2 12 14 200
26 83 60 72 6 0 7 0.08 M M 1.7 17 310 M M 4 13 28 320
27 79 57 68 2 0 3 0.00 M M 3.4 12 340 M M 4 128 17 310
28 82 52 67 1 0 2 0.00 M M 3.2 13 190 M M 3 16 180
29 90 64 77 12 0 12 0.00 M M 4.5 14 190 M M 3 1 20 200
30 92 65 79 14 0 14 0.49 M M 5.6 15 260 M M 7 13 21 270
31 77 57 67 2 0 2 0.06 M M 4.1 17 280 M M 7 1 25 270
================================================================================
SM 2590 1834 5 210 2.90 M 87.3 M 126
================================================================================
AV 83.5 59.2 2.8 FASTST M M 4 MAX(MPH)
MISC ----> 26 280 41 260
================================================================================
NOTES:
# LAST OF SEVERAL OCCURRENCES
COLUMN 17 PEAK WIND IN M.P.H.
PRELIMINARY LOCAL CLIMATOLOGICAL DATA (WS FORM: F-6) , PAGE 2
STATION: BENNINGTON VT
MONTH: AUGUST
YEAR: 2022
LATITUDE: 42 53 N
LONGITUDE: 73 15 W
[TEMPERATURE DATA] [PRECIPITATION DATA] SYMBOLS USED IN COLUMN 16
AVERAGE MONTHLY: 71.4 TOTAL FOR MONTH: 2.90 1 = FOG OR MIST
DPTR FM NORMAL: 4.1 DPTR FM NORMAL: -0.96 2 = FOG REDUCING VISIBILITY
HIGHEST: 95 ON 4 GRTST 24HR 1.40 ON 4- 4 TO 1/4 MILE OR LESS
LOWEST: 48 ON 14 3 = THUNDER
SNOW, ICE PELLETS, HAIL 4 = ICE PELLETS
TOTAL MONTH: M 5 = HAIL
GRTST 24HR M ON M 6 = FREEZING RAIN OR DRIZZLE
GRTST DEPTH: M ON M 7 = DUSTSTORM OR SANDSTORM:
VSBY 1/2 MILE OR LESS
8 = SMOKE OR HAZE
[NO. OF DAYS WITH] [WEATHER - DAYS WITH] 9 = BLOWING SNOW
X = TORNADO
MAX 32 OR BELOW: 0 0.01 INCH OR MORE: 11
MAX 90 OR ABOVE: 6 0.10 INCH OR MORE: 6
MIN 32 OR BELOW: 0 0.50 INCH OR MORE: 1
MIN 0 OR BELOW: 0 1.00 INCH OR MORE: 1
[HDD (BASE 65) ]
TOTAL THIS MO. 5 CLEAR (SCALE 0-3) 13
DPTR FM NORMAL -32 PTCLDY (SCALE 4-7) 17
TOTAL FM JUL 1 12 CLOUDY (SCALE 8-10) 1
DPTR FM NORMAL -46
[CDD (BASE 65) ]
TOTAL THIS MO. 210
DPTR FM NORMAL 103 [PRESSURE DATA]
TOTAL FM JAN 1 497 HIGHEST SLP M ON M
DPTR FM NORMAL 165 LOWEST SLP 29.71 ON 30
[REMARKS]
#FINAL-08-22#