000
CXUS55 KALY 190710
CF6DDH
PRELIMINARY LOCAL CLIMATOLOGICAL DATA (WS FORM: F-6)
STATION: BENNINGTON VT
MONTH: APRIL
YEAR: 2024
LATITUDE: 42 53 N
LONGITUDE: 73 15 W
TEMPERATURE IN F: :PCPN: SNOW: WIND :SUNSHINE: SKY :PK WND
================================================================================
1 2 3 4 5 6A 6B 7 8 9 10 11 12 13 14 15 16 17 18
12Z AVG MX 2MIN
DY MAX MIN AVG DEP HDD CDD WTR SNW DPTH SPD SPD DIR MIN PSBL S-S WX SPD DR
================================================================================
1 60 28 44 5 21 0 0.00 M M 2.2 12 270 M M 4 17 210
2 50 33 42 2 23 0 0.03 M M 5.2 15 120 M M 8 26 80
3 42 37 40 0 25 0 0.26 M M 15.4 33 110 M M 9 57 100
4 37 32 35 -6 30 0 0.62 M M 6.3 23 120 M M 10 128 37 130
5 40 32 36 -5 29 0 0.12 M M 6.5 14 330 M M 10 1 22 340
6 43 34 39 -3 26 0 T M M 10.0 20 340 M M 10 1 30 340
7 52 29 41 -1 24 0 0.00 M M 6.4 16 360 M M 4 23 350
8 64 25 45 3 20 0 0.00 M M 2.2 10 260 M M 0 16 260
9 72 31 52 9 13 0 0.00 M M 2.6 13 110 M M 0 18 110
10 58 47 53 10 12 0 0.27 M M 7.0 17 120 M M 8 3 29 150
11 62 47 55 11 10 0 0.17 M M 12.0 30 150 M M 6 1 46 140
12 67 52 60 16 5 0 0.56 M M 15.5 30 160 M M 9 1 50 140
13 53 42 48 4 17 0 0.12 M M 10.4 20 270 M M 10 1 34 240
14 50 34 42 -3 23 0 0.20 M M 3.9 15 260 M M 6 12 23 240
15 60 36 48 3 17 0 0.00 M M 5.4 22 280 M M 5 12 34 280
16 65 30 48 2 17 0 0.00 M M 4.7 20 270 M M 2 29 280
17 66 31 49 3 16 0 0.01 M M 3.1 10 220 M M 4 16 230
18 50 43 47 0 18 0 0.15 M M 6.7 22 130 M M 10 1 34 140
================================================================================
SM 991 643 346 0 2.51 M 125.5 M 115
================================================================================
AV 55.1 35.7 7.0 FASTST M M 6 MAX(MPH)
MISC ----> 33 110 57 100
================================================================================
NOTES:
# LAST OF SEVERAL OCCURRENCES
COLUMN 17 PEAK WIND IN M.P.H.
PRELIMINARY LOCAL CLIMATOLOGICAL DATA (WS FORM: F-6) , PAGE 2
STATION: BENNINGTON VT
MONTH: APRIL
YEAR: 2024
LATITUDE: 42 53 N
LONGITUDE: 73 15 W
[TEMPERATURE DATA] [PRECIPITATION DATA] SYMBOLS USED IN COLUMN 16
AVERAGE MONTHLY: 45.4 TOTAL FOR MONTH: 2.51 1 = FOG OR MIST
DPTR FM NORMAL: 2.4 DPTR FM NORMAL: 1.00 2 = FOG REDUCING VISIBILITY
HIGHEST: 72 ON 9 GRTST 24HR 0.73 ON 3- 4 TO 1/4 MILE OR LESS
LOWEST: 25 ON 8 3 = THUNDER
SNOW, ICE PELLETS, HAIL 4 = ICE PELLETS
TOTAL MONTH: M 5 = HAIL
GRTST 24HR M ON M 6 = FREEZING RAIN OR DRIZZLE
GRTST DEPTH: M ON M 7 = DUSTSTORM OR SANDSTORM:
VSBY 1/2 MILE OR LESS
8 = SMOKE OR HAZE
[NO. OF DAYS WITH] [WEATHER - DAYS WITH] 9 = BLOWING SNOW
X = TORNADO
MAX 32 OR BELOW: 0 0.01 INCH OR MORE: 11
MAX 90 OR ABOVE: 0 0.10 INCH OR MORE: 9
MIN 32 OR BELOW: 8 0.50 INCH OR MORE: 2
MIN 0 OR BELOW: 0 1.00 INCH OR MORE: 0
[HDD (BASE 65) ]
TOTAL THIS MO. 346 CLEAR (SCALE 0-3) 3
DPTR FM NORMAL -51 PTCLDY (SCALE 4-7) 8
TOTAL FM JUL 1 5550 CLOUDY (SCALE 8-10) 7
DPTR FM NORMAL -906
[CDD (BASE 65) ]
TOTAL THIS MO. 0
DPTR FM NORMAL 0 [PRESSURE DATA]
TOTAL FM JAN 1 0 HIGHEST SLP M ON M
DPTR FM NORMAL 0 LOWEST SLP 29.17 ON 12
[REMARKS]