000
CXUS53 KILX 010900
CF6DEC
PRELIMINARY LOCAL CLIMATOLOGICAL DATA (WS FORM: F-6)
STATION: DECATUR IL AIRPORT
MONTH: MARCH
YEAR: 2022
LATITUDE: 39 49 N
LONGITUDE: 88 51 W
TEMPERATURE IN F: :PCPN: SNOW: WIND :SUNSHINE: SKY :PK WND
================================================================================
1 2 3 4 5 6A 6B 7 8 9 10 11 12 13 14 15 16 17 18
12Z AVG MX 2MIN
DY MAX MIN AVG DEP HDD CDD WTR SNW DPTH SPD SPD DIR MIN PSBL S-S WX SPD DR
================================================================================
1 66 34 50 13 15 0 0.00 M M 8.5 15 350 M M 0 1 19 210
2 69 29 49 12 16 0 T M M 8.0 22 30 M M 3 18 29 30
3 42 29 36 -1 29 0 0.00 M M 13.3 20 50 M M 2 18 25 40
4 52 28 40 2 25 0 0.00 M M 10.9 18 100 M M 0 27 70
5 73 44 59 21 6 0 0.31 M M 19.8 40 230 M M 4 13 68 240
6 59 37 48 10 17 0 1.00 M M 14.2 30 230 M M 3 13 42 220
7 37 26 32 -7 33 0 0.04 M M 13.7 25 40 M M 10 16 33 40
8 40 22 31 -8 34 0 0.00 M M 3.0 12 130 M M 1 18 170
9 48 30 39 -1 26 0 0.00 M M 8.1 16 300 M M 3 26 310
10 39 26 33 -7 32 0 0.05 M M 9.7 16 360 M M 7 1 20 20
11 31 16 24 -16 41 0 0.05 M M 13.2 24 310 M M 5 1 35 310
12 24 10 17 -24 48 0 0.00 M M 12.4 23 320 M M 0 33 320
13 57 21 39 -2 26 0 0.00 M M 14.9 25 230 M M 3 40 220
14 64 38 51 9 14 0 0.00 M M 15.0 24 210 M M 1 34 210
15 67 40 54 12 11 0 0.00 M M 5.0 12 260 M M 2 8 22 270
16 71 39 55 13 10 0 0.00 M M 8.1 20 220 M M 2 27 210
17 75 41 58 15 7 0 0.00 M M 8.2 17 190 M M 0 25 200
18 59 46 53 10 12 0 0.41 M M 9.2 22 250 M M 7 1 32 260
19 51 38 45 2 20 0 0.11 M M 12.4 22 290 M M 8 1 30 290
20 67 31 49 5 16 0 0.00 M M 8.5 20 230 M M 0 25 220
21 73 47 60 16 5 0 0.05 M M 12.7 23 210 M M 0 1 31 190
22 58 49 54 10 11 0 0.67 M M 14.5 37 110 M M 9 1 48 170
23 59 41 50 5 15 0 0.07 M M 14.5 25 230 M M 10 1 37 190
24 45 37 41 -4 24 0 0.21 M M 12.9 21 220 M M 10 1 29 220
25 53 40 47 2 18 0 T M M 15.7 35 310 M M 8 1 49 290
26 42 31 37 -9 28 0 0.00 M M 16.8 28 300 M M 1 43 300
27 42 27 35 -11 30 0 0.00 M M 9.2 18 350 M M 0 31 330
28 44 23 34 -12 31 0 0.00 M M 7.7 16 70 M M 2 20 30
29 46 33 40 -7 25 0 T M M 19.4 30 120 M M 7 39 120
30 62 40 51 4 14 0 2.04 M M 13.6 26 160 M M 9 13 38 160
31 40 35 38 -10 27 0 0.06 M M 14.1 25 250 M M 10 1 33 250
================================================================================
SM 1655 1028 666 0 5.07 M 367.2 M 127
================================================================================
AV 53.4 33.2 11.8 FASTST M M 4 MAX(MPH)
MISC ----> 40 230 68 240
================================================================================
NOTES:
# LAST OF SEVERAL OCCURRENCES
COLUMN 17 PEAK WIND IN M.P.H.
PRELIMINARY LOCAL CLIMATOLOGICAL DATA (WS FORM: F-6) , PAGE 2
STATION: DECATUR IL AIRPORT
MONTH: MARCH
YEAR: 2022
LATITUDE: 39 49 N
LONGITUDE: 88 51 W
[TEMPERATURE DATA] [PRECIPITATION DATA] SYMBOLS USED IN COLUMN 16
AVERAGE MONTHLY: 43.3 TOTAL FOR MONTH: 5.07 1 = FOG OR MIST
DPTR FM NORMAL: 1.2 DPTR FM NORMAL: 2.56 2 = FOG REDUCING VISIBILITY
HIGHEST: 75 ON 17 GRTST 24HR 2.08 ON 30-31 TO 1/4 MILE OR LESS
LOWEST: 10 ON 12 3 = THUNDER
SNOW, ICE PELLETS, HAIL 4 = ICE PELLETS
TOTAL MONTH: M 5 = HAIL
GRTST 24HR M ON M 6 = FREEZING RAIN OR DRIZZLE
GRTST DEPTH: M ON M 7 = DUSTSTORM OR SANDSTORM:
VSBY 1/2 MILE OR LESS
8 = SMOKE OR HAZE
[NO. OF DAYS WITH] [WEATHER - DAYS WITH] 9 = BLOWING SNOW
X = TORNADO
MAX 32 OR BELOW: 2 0.01 INCH OR MORE: 13
MAX 90 OR ABOVE: 0 0.10 INCH OR MORE: 7
MIN 32 OR BELOW: 14 0.50 INCH OR MORE: 3
MIN 0 OR BELOW: 0 1.00 INCH OR MORE: 2
[HDD (BASE 65) ]
TOTAL THIS MO. 666 CLEAR (SCALE 0-3) 17
DPTR FM NORMAL -45 PTCLDY (SCALE 4-7) 8
TOTAL FM JUL 1 4612 CLOUDY (SCALE 8-10) 6
DPTR FM NORMAL -271
[CDD (BASE 65) ]
TOTAL THIS MO. 0
DPTR FM NORMAL -3 [PRESSURE DATA]
TOTAL FM JAN 1 0 HIGHEST SLP 30.42 ON 3
DPTR FM NORMAL -3 LOWEST SLP 29.16 ON 30
[REMARKS]
#FINAL-03-22#